{"id":10116,"date":"2024-10-28T11:16:27","date_gmt":"2024-10-28T11:16:27","guid":{"rendered":"https:\/\/gigionestrumentimusicali.it\/index.php\/product\/t-rex-ducktail-dt0888-dynamic-delay\/"},"modified":"2026-04-07T21:10:34","modified_gmt":"2026-04-07T21:10:34","slug":"t-rex-ducktail-dt0888-dynamic-delay","status":"publish","type":"product","link":"https:\/\/gigionestrumentimusicali.it\/index.php\/product\/t-rex-ducktail-dt0888-dynamic-delay\/","title":{"rendered":"T-REX DUCKTAIL-DT0888 DYNAMIC DELAY"},"content":{"rendered":"<p>  DUCK TAIL DELAY &#8211; Delay per chitarra &#8211; Il DUCK TAIL \u00e8 il nuovo arrivato nella famiglia  dei pedali della serie Classic. Si tratta di un delay estremamente sofisticato poich\u00e8  grazie alla funzione DUCK riduce automaticamente il segnale delay quando il segnale  clean supera un certo livello. In poche parole questo delay supporta al meglio la  speciale atmosfera che vuoi creare. Appena inizi a suonare pi\u00f9 forte, il delay si  attenua fino a lasciare le tue note pure e senza tagli. Cos\u00ec come il REPLICA prima  ed il REPTILE 2 dopo, ache il DUCK TAIL ha la funzione Tap Tempo. Oltre alla modalit\u00e0  DUCK, questo delay pu\u00f2 essere utilizzato in due altre modalit\u00e0 aggiuntive: CLASSIC  e TAPE. &#8211; Controlli: Delay + Level + Feedback + Time + Sensitivity + Gain Input  &#8211; Switches: Duck\/Tape\/Classic + On\/off + Tap\/Tempo.<\/p>\n","protected":false},"excerpt":{"rendered":"<p>DUCK TAIL DELAY &#8211; Delay per chitarra &#8211; Il DUCK TAIL &egrave; il nuovo arrivato nella famiglia dei pedali della serie Classic. Si tratta di un delay estremamente sofisticato poich&egrave; grazie alla funzione DUCK riduce automaticamente il segnale delay quando il segnale clean supera un certo livello. In poche parole questo delay supporta al meglio la speciale atmosfera che vuoi creare. Appena inizi a suonare pi&ugrave; forte, il delay si attenua fino a lasciare le tue note pure e senza tagli. Cos&igrave; come il REPLICA prima ed il REPTILE 2 dopo, ache il DUCK TAIL ha la funzione Tap Tempo. Oltre alla modalit&agrave; DUCK, questo delay pu&ograve; essere utilizzato in due altre modalit&agrave; aggiuntive: CLASSIC e TAPE. &#8211; Controlli: Delay + Level + Feedback + Time + Sensitivity + Gain Input &#8211; Switches: Duck\/Tape\/Classic + On\/off + Tap\/Tempo.<\/p>\n","protected":false},"featured_media":10108,"template":"","meta":{"site-sidebar-layout":"default","site-content-layout":"","ast-site-content-layout":"default","site-content-style":"default","site-sidebar-style":"default","ast-global-header-display":"","ast-banner-title-visibility":"","ast-main-header-display":"","ast-hfb-above-header-display":"","ast-hfb-below-header-display":"","ast-hfb-mobile-header-display":"","site-post-title":"","ast-breadcrumbs-content":"","ast-featured-img":"","footer-sml-layout":"","theme-transparent-header-meta":"","adv-header-id-meta":"","stick-header-meta":"","header-above-stick-meta":"","header-main-stick-meta":"","header-below-stick-meta":"","astra-migrate-meta-layouts":"default","ast-page-background-enabled":"default","ast-page-background-meta":{"desktop":{"background-color":"var(--ast-global-color-4)","background-image":"","background-repeat":"repeat","background-position":"center center","background-size":"auto","background-attachment":"scroll","background-type":"","background-media":"","overlay-type":"","overlay-color":"","overlay-opacity":"","overlay-gradient":""},"tablet":{"background-color":"","background-image":"","background-repeat":"repeat","background-position":"center center","background-size":"auto","background-attachment":"scroll","background-type":"","background-media":"","overlay-type":"","overlay-color":"","overlay-opacity":"","overlay-gradient":""},"mobile":{"background-color":"","background-image":"","background-repeat":"repeat","background-position":"center center","background-size":"auto","background-attachment":"scroll","background-type":"","background-media":"","overlay-type":"","overlay-color":"","overlay-opacity":"","overlay-gradient":""}},"ast-content-background-meta":{"desktop":{"background-color":"var(--ast-global-color-5)","background-image":"","background-repeat":"repeat","background-position":"center center","background-size":"auto","background-attachment":"scroll","background-type":"","background-media":"","overlay-type":"","overlay-color":"","overlay-opacity":"","overlay-gradient":""},"tablet":{"background-color":"var(--ast-global-color-5)","background-image":"","background-repeat":"repeat","background-position":"center center","background-size":"auto","background-attachment":"scroll","background-type":"","background-media":"","overlay-type":"","overlay-color":"","overlay-opacity":"","overlay-gradient":""},"mobile":{"background-color":"var(--ast-global-color-5)","background-image":"","background-repeat":"repeat","background-position":"center center","background-size":"auto","background-attachment":"scroll","background-type":"","background-media":"","overlay-type":"","overlay-color":"","overlay-opacity":"","overlay-gradient":""}}},"product_brand":[],"product_cat":[427],"product_tag":[773],"class_list":{"0":"post-10116","1":"product","2":"type-product","3":"status-publish","4":"has-post-thumbnail","6":"product_cat-delays-echo-effetti-a-pedale-per-chitarre","7":"product_tag-t-rex","8":"desktop-align-left","9":"tablet-align-left","10":"mobile-align-left","12":"first","13":"outofstock","14":"taxable","15":"shipping-taxable","16":"purchasable","17":"product-type-simple"},"_links":{"self":[{"href":"https:\/\/gigionestrumentimusicali.it\/index.php\/wp-json\/wp\/v2\/product\/10116","targetHints":{"allow":["GET"]}}],"collection":[{"href":"https:\/\/gigionestrumentimusicali.it\/index.php\/wp-json\/wp\/v2\/product"}],"about":[{"href":"https:\/\/gigionestrumentimusicali.it\/index.php\/wp-json\/wp\/v2\/types\/product"}],"wp:featuredmedia":[{"embeddable":true,"href":"https:\/\/gigionestrumentimusicali.it\/index.php\/wp-json\/wp\/v2\/media\/10108"}],"wp:attachment":[{"href":"https:\/\/gigionestrumentimusicali.it\/index.php\/wp-json\/wp\/v2\/media?parent=10116"}],"wp:term":[{"taxonomy":"product_brand","embeddable":true,"href":"https:\/\/gigionestrumentimusicali.it\/index.php\/wp-json\/wp\/v2\/product_brand?post=10116"},{"taxonomy":"product_cat","embeddable":true,"href":"https:\/\/gigionestrumentimusicali.it\/index.php\/wp-json\/wp\/v2\/product_cat?post=10116"},{"taxonomy":"product_tag","embeddable":true,"href":"https:\/\/gigionestrumentimusicali.it\/index.php\/wp-json\/wp\/v2\/product_tag?post=10116"}],"curies":[{"name":"wp","href":"https:\/\/api.w.org\/{rel}","templated":true}]}}