{"id":12030,"date":"2024-10-29T09:13:12","date_gmt":"2024-10-29T09:13:12","guid":{"rendered":"https:\/\/gigionestrumentimusicali.it\/index.php\/product\/m-live-okyfly3-plus\/"},"modified":"2026-04-29T23:32:35","modified_gmt":"2026-04-29T23:32:35","slug":"m-live-okyfly3-plus","status":"publish","type":"product","link":"https:\/\/gigionestrumentimusicali.it\/index.php\/product\/m-live-okyfly3-plus\/","title":{"rendered":"M-LIVE OKYFLY3 PLUS"},"content":{"rendered":"<p>  KARAOKE DIGITALE PER TV E PC CON MICROFONO<\/p>\n<p>OKYFLY 3 \u00e8 un prodotto innovativo, tanto semplice da usare, quanto ricco di  tecnologia. Con OKYFLY 3 puoi divertirti con la tua musica preferita, cantare in  compagnia, allenarti con il tuo gruppo musicale, provare i pezzi per le esibizioni,  organizzare veri e propri tornei di karaoke. Se sei un musicista, OKYFLY 3 diventer\u00e0  il tuo &#8220;sparring partner&#8221;; se ti piace cantare, OKYFLY 3 ti far\u00e0 divertire con tutte  le canzoni che vorrai: potete scegliere tra pi\u00f9 di 10.000 canzoni di ogni genere  musicale, tutte in versione originale. Un catalogo enorme, sempre aggiornato con  le ultime novit\u00e0 musicali e sempre a disposizione, 24 ore su 24, scaricabile da  songservice.it. OKYFLY 3 non finisce mai, ma cresce con te: piccolo ma di qualit\u00e0  professionale, portatile ma affidabile, potente ma facilissimo da usare per chiunque,  Okyfly 3 \u00e8 un amico fedele per cantare, suonare e divertirsi in famiglia, con gli  amici e in pubblico. Dovete solo premere un tasto ed iniziare a cantare.<\/p>\n<p>  \u00a0<\/p>\n<p>  <span style=\"color:#000080\">Caratteristiche principali<\/span><\/p>\n<p>  \u00a0<\/p>\n<p>  OkyFly3 \u00e8 un supporto piacevole e versatile, un vero e proprio strumento digitale  per fare musica<\/p>\n<p>  Legge file MIDI, MF3, MF4 KAR, MP3 ed MP3+G<\/p>\n<p>  Legge tastiere USB per PC<\/p>\n<p>  2x Ingressi per microfoni (microfono incluso)<\/p>\n<p>  Visualizza i testi e gli accordi delle canzoni sul vostro televisore o PC per seguire  le parole che si colorano &#8220;a tempo&#8221; con la melodia<\/p>\n<p>  Con Okyfly 3 puoi adattare le tonalit\u00e0 delle canzoni alle tue caratteristiche vocali  o a quelle di chi si sta divertendo con voi<\/p>\n<p>  Puoi accelerare o rallentare le canzoni anche mentre stanno suonando, e senza cambiare  la tonalit\u00e0<\/p>\n<p>  Okyfly 3 pu\u00f2 escludere o modificare il volume di uno o pi\u00f9 strumenti e suonare il  tuo strumento sulla base musicale che preferisci<\/p>\n<p>  Ha un Software ausiliario che gira su PC e MAC per ottimizzare gli archivi di basi  musicali<\/p>\n<p>  Ingressi Mic: 2x jack sbilanciato, -40dB 1KOhm<\/p>\n<p>  Uscite Audio L-R: 2x RCA sbilanciato, +4dB<\/p>\n<p>  Uscita Phone\/Cuffie: 1x mini JACK stereo 400mW @ 80Ohm \u2013 100mW @ 320Ohm<\/p>\n<p>  Uscita Video: 1x HDMI 400p, audio stereo<\/p>\n<p>  Porta USB per Keyboard : 1x USB tipo A, USB 2.0<\/p>\n<p>  Porta per USB Drive: 1x USB tipo A, USB 2.0<\/p>\n<p>  Accessori inclusi: Alimentatore, 1 cavo HDMI-HDMI a pipa, 2 cavi XLR F &#8211; Jack M  mono, 1 Microfono<\/p>\n<p>  Dimensioni: 144 x 136 x 28mm<\/p>\n<p>  <b>Peso: 0,220kg<\/b><\/p>\n<p>  \u00a0<\/p>\n","protected":false},"excerpt":{"rendered":"<p>KARAOKE DIGITALE PER TV E PC CON MICROFONO<\/p>\n<p>OKYFLY 3 &egrave; un prodotto innovativo, tanto semplice da usare, quanto ricco di tecnologia. Con OKYFLY 3 puoi divertirti con la tua musica preferita, cantare in compagnia, allenarti con il tuo gruppo musicale, provare i pezzi per le esibizioni, organizzare veri e propri tornei di karaoke. Se sei un musicista, OKYFLY 3 diventer&agrave; il tuo &#8220;sparring partner&#8221;; se ti piace cantare, OKYFLY 3 ti far&agrave; divertire con tutte le canzoni che vorrai: potete scegliere tra pi&ugrave; di 10.000 canzoni di ogni genere musicale, tutte in versione originale. Un catalogo enorme, sempre aggiornato con le ultime novit&agrave; musicali e sempre a disposizione, 24 ore su 24, scaricabile da songservice.it. OKYFLY 3 non finisce mai, ma cresce con te: piccolo ma di qualit&agrave; professionale, portatile ma affidabile, potente ma facilissimo da usare per chiunque, Okyfly 3 &egrave; un amico fedele per cantare, suonare e divertirsi in famiglia, con gli amici e in pubblico. Dovete solo premere un tasto ed iniziare a cantare.<br \/>Caratteristiche principali<\/p>\n<p>OkyFly3 &egrave; un supporto piacevole e versatile, un vero e proprio strumento digitale per fare musica<br \/>Legge file MIDI, MF3, MF4 KAR, MP3 ed MP3+G<br \/>Legge tastiere USB per PC<br \/>2x Ingressi per microfoni (microfono incluso)<br \/>Visualizza i testi e gli accordi delle canzoni sul vostro televisore o PC per seguire le parole che si colorano &#8220;a tempo&#8221; con la melodia<br \/>Con Okyfly 3 puoi adattare le tonalit&agrave; delle canzoni alle tue caratteristiche vocali o a quelle di chi si sta divertendo con voi<br \/>Puoi accelerare o rallentare le canzoni anche mentre stanno suonando, e senza cambiare la tonalit&agrave;<br \/>Okyfly 3 pu&ograve; escludere o modificare il volume di uno o pi&ugrave; strumenti e suonare il tuo strumento sulla base musicale che preferisci<br \/>Ha un Software ausiliario che gira su PC e MAC per ottimizzare gli archivi di basi musicali<br \/>Ingressi Mic: 2x jack sbilanciato, -40dB 1KOhm<br \/>Uscite Audio L-R: 2x RCA sbilanciato, +4dB<br \/>Uscita Phone\/Cuffie: 1x mini JACK stereo 400mW @ 80Ohm &ndash; 100mW @ 320Ohm<br \/>Uscita Video: 1x HDMI 400p, audio stereo<br \/>Porta USB per Keyboard : 1x USB tipo A, USB 2.0<br \/>Porta per USB Drive: 1x USB tipo A, USB 2.0<br \/>Accessori inclusi: Alimentatore, 1 cavo HDMI-HDMI a pipa, 2 cavi XLR F &#8211; Jack M mono, 1 Microfono<br \/>Dimensioni: 144 x 136 x 28mm<br \/>Peso: 0,220kg<\/p>\n","protected":false},"featured_media":12027,"template":"","meta":{"site-sidebar-layout":"default","site-content-layout":"","ast-site-content-layout":"default","site-content-style":"default","site-sidebar-style":"default","ast-global-header-display":"","ast-banner-title-visibility":"","ast-main-header-display":"","ast-hfb-above-header-display":"","ast-hfb-below-header-display":"","ast-hfb-mobile-header-display":"","site-post-title":"","ast-breadcrumbs-content":"","ast-featured-img":"","footer-sml-layout":"","theme-transparent-header-meta":"","adv-header-id-meta":"","stick-header-meta":"","header-above-stick-meta":"","header-main-stick-meta":"","header-below-stick-meta":"","astra-migrate-meta-layouts":"default","ast-page-background-enabled":"default","ast-page-background-meta":{"desktop":{"background-color":"var(--ast-global-color-4)","background-image":"","background-repeat":"repeat","background-position":"center center","background-size":"auto","background-attachment":"scroll","background-type":"","background-media":"","overlay-type":"","overlay-color":"","overlay-opacity":"","overlay-gradient":""},"tablet":{"background-color":"","background-image":"","background-repeat":"repeat","background-position":"center center","background-size":"auto","background-attachment":"scroll","background-type":"","background-media":"","overlay-type":"","overlay-color":"","overlay-opacity":"","overlay-gradient":""},"mobile":{"background-color":"","background-image":"","background-repeat":"repeat","background-position":"center center","background-size":"auto","background-attachment":"scroll","background-type":"","background-media":"","overlay-type":"","overlay-color":"","overlay-opacity":"","overlay-gradient":""}},"ast-content-background-meta":{"desktop":{"background-color":"var(--ast-global-color-5)","background-image":"","background-repeat":"repeat","background-position":"center center","background-size":"auto","background-attachment":"scroll","background-type":"","background-media":"","overlay-type":"","overlay-color":"","overlay-opacity":"","overlay-gradient":""},"tablet":{"background-color":"var(--ast-global-color-5)","background-image":"","background-repeat":"repeat","background-position":"center center","background-size":"auto","background-attachment":"scroll","background-type":"","background-media":"","overlay-type":"","overlay-color":"","overlay-opacity":"","overlay-gradient":""},"mobile":{"background-color":"var(--ast-global-color-5)","background-image":"","background-repeat":"repeat","background-position":"center center","background-size":"auto","background-attachment":"scroll","background-type":"","background-media":"","overlay-type":"","overlay-color":"","overlay-opacity":"","overlay-gradient":""}}},"product_brand":[],"product_cat":[672],"product_tag":[],"class_list":{"0":"post-12030","1":"product","2":"type-product","3":"status-publish","4":"has-post-thumbnail","6":"product_cat-moduli-expander","7":"desktop-align-left","8":"tablet-align-left","9":"mobile-align-left","11":"first","12":"outofstock","13":"taxable","14":"shipping-taxable","15":"purchasable","16":"product-type-simple"},"_links":{"self":[{"href":"https:\/\/gigionestrumentimusicali.it\/index.php\/wp-json\/wp\/v2\/product\/12030","targetHints":{"allow":["GET"]}}],"collection":[{"href":"https:\/\/gigionestrumentimusicali.it\/index.php\/wp-json\/wp\/v2\/product"}],"about":[{"href":"https:\/\/gigionestrumentimusicali.it\/index.php\/wp-json\/wp\/v2\/types\/product"}],"wp:featuredmedia":[{"embeddable":true,"href":"https:\/\/gigionestrumentimusicali.it\/index.php\/wp-json\/wp\/v2\/media\/12027"}],"wp:attachment":[{"href":"https:\/\/gigionestrumentimusicali.it\/index.php\/wp-json\/wp\/v2\/media?parent=12030"}],"wp:term":[{"taxonomy":"product_brand","embeddable":true,"href":"https:\/\/gigionestrumentimusicali.it\/index.php\/wp-json\/wp\/v2\/product_brand?post=12030"},{"taxonomy":"product_cat","embeddable":true,"href":"https:\/\/gigionestrumentimusicali.it\/index.php\/wp-json\/wp\/v2\/product_cat?post=12030"},{"taxonomy":"product_tag","embeddable":true,"href":"https:\/\/gigionestrumentimusicali.it\/index.php\/wp-json\/wp\/v2\/product_tag?post=12030"}],"curies":[{"name":"wp","href":"https:\/\/api.w.org\/{rel}","templated":true}]}}