{"id":12756,"date":"2024-10-29T10:36:30","date_gmt":"2024-10-29T10:36:30","guid":{"rendered":"https:\/\/gigionestrumentimusicali.it\/index.php\/product\/audio-technica-atw-3212-c510-radio-microfono-palmare\/"},"modified":"2026-04-18T22:36:34","modified_gmt":"2026-04-18T22:36:34","slug":"audio-technica-atw-3212-c510-radio-microfono-palmare","status":"publish","type":"product","link":"https:\/\/gigionestrumentimusicali.it\/index.php\/product\/audio-technica-atw-3212-c510-radio-microfono-palmare\/","title":{"rendered":"AUDIO-TECHNICA ATW-3212 C510 RADIO MICROFONO PALMARE"},"content":{"rendered":"<p>  <span style=\"font-family: Arial, sans-serif;font-size: 13px;font-style: normal;font-variant: normal;font-weight: normal;letter-spacing: normal;line-height: 18.2000007629395px;text-align: start;text-indent: 0px;text-transform: none;white-space: normal;display: inline !important;float: none\">E&#8217;  particolarmente indicato per applicazioni nel campo musicale e didattico, luoghi  di culto, scuole, palestre, hotel ed altri luoghi dove sia richiesta semplicit\u00e0  e praticit\u00e0 di utilizzo per tutti gli utenti. Settaggio &#8220;plug and play&#8221;, facile,  veloce ed intuitivo anche per utenti non esperti, tecnologia HDAP (High Definition  Audio Performance) che garantisce alta definizione e suono brillante. Ricevitore  SR 40 dotato di LED indicatore di stato ON\/OFF, stato collegamento OK (RF OK), clip  segnale distorto (AF CLIP). Trasmettitore HT 40 con capsula dinamica cardioide (non  intercambiabile) dotato di interruttore ON\/OFF\/MUTE. Trasmettitore bodypack PT 40  dotato di interruttore ON\/OFF\/MUTE con regolazione gain\/volume, piccolo e confortevole  \u00e8 il pi\u00f9 leggero della sua categoria, con ingresso microfonico mini XLR \u00e8 compatibile  con diversi microfoni AKG, entrambi i trasmettitori utilizzano una singola batteria  formato AA di lunga durata: fino a 30 ore di utilizzo continuo.<\/span><\/p>\n","protected":false},"excerpt":{"rendered":"<p>SISTEMA: TRASMETTITORE A MANO CON CAPSULA ATW-C510 + RICEVITORE<br \/>Arrivati alla quarta generazione, i sistemi wireless della serie 3000 di Audio-Technica offrono ora tutta la potenza e la flessibilit&agrave; necessarie per operare all&rsquo;interno del sempre pi&ugrave; congestionato spettro UHF. I sistemi della serie di 3000 hanno un raggio di azione fino a 100m e quattro differenti bande disponibili: DE2 (470-530 MHz), EE1 (530-590 MHz), EF1 (590-650 MHz) e FG1 (650-700 MHz). L&rsquo;ampiezza di banda fino a 60 MHz rappresenta una grande evoluzione rispetto alla precedente versione e, unita alla scansione automatica e la sincronizzazione IR fra trasmettitore e ricevitore, consentono all&rsquo;utilizzatore (anche meno esperto) di trovare sempre la giusta frequenza di lavoro e concludere la messa a punto il sistema in tempo brevissimo.<\/p>\n<p>La Nuova Serie 3000 consente inoltre, in caso di interferenze impreviste, di impostare una frequenza di backup a cui &egrave; possibile accedere rapidamente premendo un apposito pulsante sul trasmettitore.<\/p>\n<p>Interruttore ground-lift e alimentazione delle antenne attivabile\/disattivabile consentono l&rsquo;utilizzo in ogni circostanza.<\/p>\n<p>I trasmettitori a mano ATW-T3212\/C510 garantiscono un rumore di maneggiamento estremamente ridotto. Hanno l&rsquo;attacco filettato standard che consente l&rsquo;utilizzo, oltre alla capsula ATW-C510, anche di varie capsule Audio-Technica (disponibili separatamente) e altre capsule compatibili.<\/p>\n<p>Ampia larghezza di banda di regolazione UHF a 60 MHz per avere la massima versatilit&agrave; in un ambiente RF sempre pi&ugrave; congestionato.<br \/>Banda di frequenza: DE2 (470-530 MHz). <br \/>Disponibili su richiesta anche le seguenti bande di frequenza EE1 (530-590 MHz), EF1 (590-650 MHz) e FG1 (650-700 MHz)<br \/>Tasto multifunzione: I trasmettitori a mano e i body-pack hanno un tasto multifunzione per impostare una frequenza di backup a cui &egrave; possibile accedere rapidamente premendo il tasto in caso di interferenze impreviste<br \/>Tecnologia True Diversity<br \/>La funzione Auto Squelch regola lo squelch per massimizzare la portata e minimizzare le potenziali interferenze<br \/>Funzione di scansione di frequenza e sincronizzazione IR per una facile configurazione<br \/>Il display del ricevitore Dual Mode: pu&ograve; passare dalla visualizzazione &ldquo;standard&rdquo; o una visualizzazione &ldquo;performance&rdquo; per visualizzare tutti i parametri<br \/>I trasmettitori e i ricevitori hanno il display OLED retroilluminato per un ottimale lettura<br \/>Capsula ATW-C510 dinamica cardioide<br \/>Il trasmettitore a mano ha l&#8217;attacco filettato standard per le capsule intercambiabili<br \/>I terminali di ricarica intelligente opzionale per ricaricare batterie NiMH. Sono disponibili due tipi di stazioni di ricarica ATW-CHG3 con alimentatore e ATW-CH3N con alimentazione rete Networked<br \/>Alimentazione trasmettitore a mano a batterie 2 x 1.5V AA, non incluse<br \/>Alimentazione per antenne alimentate e altri dispositivi in linea RF<br \/>Alimentazione 12V DC con alimentatore AC.<br \/>Connessioni nel pannello posteriore: XLR bilanciati e uscite &frac14; &#8220;sbilanciate, 2 antenne BNC &frac14;&#8221; smontabili, interruttore ground-lift.<br \/>Dimensioni 1\/2 U rack<br \/>Accessorio per trasmettitore a mano morsetto AT8456a per supporto silenzioso Silent-Flex &trade;.<br \/>Accessorio per il montaggio a rack<\/p>\n","protected":false},"featured_media":12754,"template":"","meta":{"site-sidebar-layout":"default","site-content-layout":"","ast-site-content-layout":"default","site-content-style":"default","site-sidebar-style":"default","ast-global-header-display":"","ast-banner-title-visibility":"","ast-main-header-display":"","ast-hfb-above-header-display":"","ast-hfb-below-header-display":"","ast-hfb-mobile-header-display":"","site-post-title":"","ast-breadcrumbs-content":"","ast-featured-img":"","footer-sml-layout":"","theme-transparent-header-meta":"","adv-header-id-meta":"","stick-header-meta":"","header-above-stick-meta":"","header-main-stick-meta":"","header-below-stick-meta":"","astra-migrate-meta-layouts":"default","ast-page-background-enabled":"default","ast-page-background-meta":{"desktop":{"background-color":"var(--ast-global-color-4)","background-image":"","background-repeat":"repeat","background-position":"center center","background-size":"auto","background-attachment":"scroll","background-type":"","background-media":"","overlay-type":"","overlay-color":"","overlay-opacity":"","overlay-gradient":""},"tablet":{"background-color":"","background-image":"","background-repeat":"repeat","background-position":"center center","background-size":"auto","background-attachment":"scroll","background-type":"","background-media":"","overlay-type":"","overlay-color":"","overlay-opacity":"","overlay-gradient":""},"mobile":{"background-color":"","background-image":"","background-repeat":"repeat","background-position":"center center","background-size":"auto","background-attachment":"scroll","background-type":"","background-media":"","overlay-type":"","overlay-color":"","overlay-opacity":"","overlay-gradient":""}},"ast-content-background-meta":{"desktop":{"background-color":"var(--ast-global-color-5)","background-image":"","background-repeat":"repeat","background-position":"center center","background-size":"auto","background-attachment":"scroll","background-type":"","background-media":"","overlay-type":"","overlay-color":"","overlay-opacity":"","overlay-gradient":""},"tablet":{"background-color":"var(--ast-global-color-5)","background-image":"","background-repeat":"repeat","background-position":"center center","background-size":"auto","background-attachment":"scroll","background-type":"","background-media":"","overlay-type":"","overlay-color":"","overlay-opacity":"","overlay-gradient":""},"mobile":{"background-color":"var(--ast-global-color-5)","background-image":"","background-repeat":"repeat","background-position":"center center","background-size":"auto","background-attachment":"scroll","background-type":"","background-media":"","overlay-type":"","overlay-color":"","overlay-opacity":"","overlay-gradient":""}}},"product_brand":[],"product_cat":[632],"product_tag":[708],"class_list":{"0":"post-12756","1":"product","2":"type-product","3":"status-publish","4":"has-post-thumbnail","6":"product_cat-gelato","7":"product_tag-audio-technica","8":"desktop-align-left","9":"tablet-align-left","10":"mobile-align-left","12":"first","13":"instock","14":"taxable","15":"shipping-taxable","16":"purchasable","17":"product-type-simple"},"_links":{"self":[{"href":"https:\/\/gigionestrumentimusicali.it\/index.php\/wp-json\/wp\/v2\/product\/12756","targetHints":{"allow":["GET"]}}],"collection":[{"href":"https:\/\/gigionestrumentimusicali.it\/index.php\/wp-json\/wp\/v2\/product"}],"about":[{"href":"https:\/\/gigionestrumentimusicali.it\/index.php\/wp-json\/wp\/v2\/types\/product"}],"wp:featuredmedia":[{"embeddable":true,"href":"https:\/\/gigionestrumentimusicali.it\/index.php\/wp-json\/wp\/v2\/media\/12754"}],"wp:attachment":[{"href":"https:\/\/gigionestrumentimusicali.it\/index.php\/wp-json\/wp\/v2\/media?parent=12756"}],"wp:term":[{"taxonomy":"product_brand","embeddable":true,"href":"https:\/\/gigionestrumentimusicali.it\/index.php\/wp-json\/wp\/v2\/product_brand?post=12756"},{"taxonomy":"product_cat","embeddable":true,"href":"https:\/\/gigionestrumentimusicali.it\/index.php\/wp-json\/wp\/v2\/product_cat?post=12756"},{"taxonomy":"product_tag","embeddable":true,"href":"https:\/\/gigionestrumentimusicali.it\/index.php\/wp-json\/wp\/v2\/product_tag?post=12756"}],"curies":[{"name":"wp","href":"https:\/\/api.w.org\/{rel}","templated":true}]}}