{"id":12875,"date":"2024-10-29T11:55:44","date_gmt":"2024-10-29T11:55:44","guid":{"rendered":"https:\/\/gigionestrumentimusicali.it\/index.php\/product\/pioneer-cdj-200-usato\/"},"modified":"2026-05-06T22:39:15","modified_gmt":"2026-05-06T22:39:15","slug":"pioneer-cdj-200-usato","status":"publish","type":"product","link":"https:\/\/gigionestrumentimusicali.it\/index.php\/product\/pioneer-cdj-200-usato\/","title":{"rendered":"PIONEER CDJ-200 ( USATO )"},"content":{"rendered":"<p>  Questo compatto lettore comprende caratteristiche innovative, quali playback MP3  a funzioni complete, looping ed un unico Beat Cutter con un solo pulsante.<\/p>\n<p>  Ma la bellezza di CDJ-200 emana anche all\u2019esterno. Il design del prodotto  \u00e8 magnifico, l\u2019unit\u00e0 robusta e portatile. Pertanto, questo deck piacer\u00e0 sicuramente  ai DJ che si spostano come a quelli che operano in casa, ai bar e a tutte le strutture  in cui lo spazio \u00e8 limitato.<\/p>\n<p>  \u00a0<\/p>\n<p>  \u00a0<\/p>\n<p>  \u00a0<\/p>\n<p>  \u00a0<\/p>\n<p>  \u00a0<\/p>\n<p>  Caratteristiche<\/p>\n<p>  Caratteristiche principali\u00a0CDJ-200<\/p>\n<p>  Antivibrazioni\u00a0Si<\/p>\n<p>  Accessori in dotazione\u00a0Cavo di almentazione, manuale, cavo phono stereo, cavo  di controllo, chiave di espulsione forzata<\/p>\n<p>  Video dimostrativo\u00a0Guarda<\/p>\n<p>  Ingresso\/Uscita\u00a0CDJ-200<\/p>\n<p>  Slot per dischi\u00a0Si<\/p>\n<p>  Uscita analogica\u00a0Si<\/p>\n<p>  Uscita digitale\u00a0Si<\/p>\n<p>  Display\u00a0CDJ-200<\/p>\n<p>  Display\u00a0Si<\/p>\n<p>  Controllo prestazioni\u00a0CDJ-200<\/p>\n<p>  Hot Loop\u00a0Si<\/p>\n<p>  Quick Start\u00a0Si<\/p>\n<p>  Auto Beat Loop \/ Emergenza\u00a0Si<\/p>\n<p>  Caratteristiche principali\u00a0CDJ-200<\/p>\n<p>  Formati riproducibili\u00a0\u2022 CD (compresi CD-R\/-RW)<\/p>\n<p>  \u2022 MP3 su CD<\/p>\n<p>  MP3\u00a0MPEG-1 32 &#8211; 320 Kbps \/ MPEG-2 16 &#8211; 160 Kbps<\/p>\n<p>  Ingresso\/Uscita\u00a0CDJ-200<\/p>\n<p>  Headphone Output\u00a0Si<\/p>\n<p>  Display\u00a0CDJ-200<\/p>\n<p>  Playing Address\u00a0Si<\/p>\n<p>  Controllo prestazioni\u00a0CDJ-200<\/p>\n<p>  Formato manopola Jog Dial\u00a0100,0 mm<\/p>\n<p>  Tipo di manopola Jog Dial\u00a0Jog Dial<\/p>\n<p>  Beat \/ Loop Cutter\u00a0Si<\/p>\n<p>  Real Time Seamless Loop\u00a0Si<\/p>\n<p>  Regolazione ingresso\/uscita\u00a0Adjust uscita<\/p>\n<p>  Reloop\u00a0Si<\/p>\n<p>  Digital Jog Break\u00a0Jet, Zip &amp; Wah<\/p>\n<p>  Modalit\u00e0 Jog\u00a0Modalit\u00e0 CDJ<\/p>\n<p>  Pitch Bend\u00a0Si<\/p>\n<p>  Fader Start \/ Back Cue start\u00a0Si<\/p>\n<p>  Relay Play\u00a0Si<\/p>\n<p>  Frame Search\u00a01\/75 Sec<\/p>\n<p>  Tempo\u00a0CDJ-200<\/p>\n<p>  Master Tempo\u00a0Si<\/p>\n<p>  Incrementi Tempo Control\u00a00.02% at +\/-6%, 0.05 at +\/- 10% &amp; 16%<\/p>\n<p>  Tempo Control Ranges (CD)\u00a0+\/- 6%, +\/- 10%, +\/- 16%<\/p>\n<p>  Contatore BPM\u00a0Si<\/p>\n<p>  Slot di caricamento frontale per CD\u00a0Si<\/p>\n<p>  Funzioni Cue\u00a0CDJ-200<\/p>\n<p>  Cue automatico\u00a0Si<\/p>\n<p>  Cue manuale\u00a0Si<\/p>\n<p>  Real Time Cue\u00a0Si<\/p>\n<p>  Campionatore di punti cue\u00a0Si<\/p>\n<p>  Cue \/ Loop Memory\u00a0Si<\/p>\n<p>  Specifiche tecniche\u00a0CDJ-200<\/p>\n<p>  Risposta in frequenza\u00a04 Hz ~ 20 kHz<\/p>\n<p>  Rapporto Segnale\/Rumore\u00a0maggiore di 110 dB (EIAJ)<\/p>\n<p>  Distorsione armonica totale\u00a00.006% (EIAJ)<\/p>\n<p>  Power Consumption\u00a016 W<\/p>\n<p>  Alimentazione\u00a0220 &#8211; 240 V, 50\/60 Hz<\/p>\n<p>  Dimensioni (L x A x P)\u00a0216 x 292 x 99.5 mm<\/p>\n<p>  Peso netto\u00a03.2 kg<\/p>\n","protected":false},"excerpt":{"rendered":"<p>Questo compatto lettore comprende caratteristiche innovative, quali playback MP3 a funzioni complete, looping ed un unico Beat Cutter con un solo pulsante.<br \/>Ma la bellezza di CDJ-200 emana anche all&rsquo;esterno. Il design del prodotto &egrave; magnifico, l&rsquo;unit&agrave; robusta e portatile. Pertanto, questo deck piacer&agrave; sicuramente ai DJ che si spostano come a quelli che operano in casa, ai bar e a tutte le strutture in cui lo spazio &egrave; limitato.<\/p>\n<p>Caratteristiche<br \/>Caratteristiche principali\tCDJ-200<br \/>Antivibrazioni\tSi<br \/>Accessori in dotazione\tCavo di almentazione, manuale, cavo phono stereo, cavo di controllo, chiave di espulsione forzata<br \/>Video dimostrativo\tGuarda<br \/>Ingresso\/Uscita\tCDJ-200<br \/>Slot per dischi\tSi<br \/>Uscita analogica\tSi<br \/>Uscita digitale\tSi<br \/>Display\tCDJ-200<br \/>Display\tSi<br \/>Controllo prestazioni\tCDJ-200<br \/>Hot Loop\tSi<br \/>Quick Start\tSi<br \/>Auto Beat Loop \/ Emergenza\tSi<br \/>Caratteristiche principali\tCDJ-200<br \/>Formati riproducibili\t&bull; CD (compresi CD-R\/-RW) <br \/>&bull; MP3 su CD<br \/>MP3\tMPEG-1 32 &#8211; 320 Kbps \/ MPEG-2 16 &#8211; 160 Kbps<br \/>Ingresso\/Uscita\tCDJ-200<br \/>Headphone Output\tSi<br \/>Display\tCDJ-200<br \/>Playing Address\tSi<br \/>Controllo prestazioni\tCDJ-200<br \/>Formato manopola Jog Dial\t100,0 mm<br \/>Tipo di manopola Jog Dial\tJog Dial<br \/>Beat \/ Loop Cutter\tSi<br \/>Real Time Seamless Loop\tSi<br \/>Regolazione ingresso\/uscita\tAdjust uscita<br \/>Reloop\tSi<br \/>Digital Jog Break\tJet, Zip &amp; Wah<br \/>Modalit&agrave; Jog\tModalit&agrave; CDJ<br \/>Pitch Bend\tSi<br \/>Fader Start \/ Back Cue start\tSi<br \/>Relay Play\tSi<br \/>Frame Search\t1\/75 Sec<br \/>Tempo\tCDJ-200<br \/>Master Tempo\tSi<br \/>Incrementi Tempo Control\t0.02% at +\/-6%, 0.05 at +\/- 10% &amp; 16%<br \/>Tempo Control Ranges (CD)\t+\/- 6%, +\/- 10%, +\/- 16%<br \/>Contatore BPM\tSi<br \/>Slot di caricamento frontale per CD\tSi<br \/>Funzioni Cue\tCDJ-200<br \/>Cue automatico\tSi<br \/>Cue manuale\tSi<br \/>Real Time Cue\tSi<br \/>Campionatore di punti cue\tSi<br \/>Cue \/ Loop Memory\tSi<br \/>Specifiche tecniche\tCDJ-200<br \/>Risposta in frequenza\t4 Hz ~ 20 kHz<br \/>Rapporto Segnale\/Rumore\tmaggiore di 110 dB (EIAJ)<br \/>Distorsione armonica totale\t0.006% (EIAJ)<br \/>Power Consumption\t16 W<br \/>Alimentazione\t220 &#8211; 240 V, 50\/60 Hz<br \/>Dimensioni (L x A x P)\t216 x 292 x 99.5 mm<br \/>Peso netto\t3.2 kg<\/p>\n","protected":false},"featured_media":12874,"template":"","meta":{"site-sidebar-layout":"default","site-content-layout":"","ast-site-content-layout":"default","site-content-style":"default","site-sidebar-style":"default","ast-global-header-display":"","ast-banner-title-visibility":"","ast-main-header-display":"","ast-hfb-above-header-display":"","ast-hfb-below-header-display":"","ast-hfb-mobile-header-display":"","site-post-title":"","ast-breadcrumbs-content":"","ast-featured-img":"","footer-sml-layout":"","theme-transparent-header-meta":"","adv-header-id-meta":"","stick-header-meta":"","header-above-stick-meta":"","header-main-stick-meta":"","header-below-stick-meta":"","astra-migrate-meta-layouts":"default","ast-page-background-enabled":"default","ast-page-background-meta":{"desktop":{"background-color":"var(--ast-global-color-4)","background-image":"","background-repeat":"repeat","background-position":"center center","background-size":"auto","background-attachment":"scroll","background-type":"","background-media":"","overlay-type":"","overlay-color":"","overlay-opacity":"","overlay-gradient":""},"tablet":{"background-color":"","background-image":"","background-repeat":"repeat","background-position":"center center","background-size":"auto","background-attachment":"scroll","background-type":"","background-media":"","overlay-type":"","overlay-color":"","overlay-opacity":"","overlay-gradient":""},"mobile":{"background-color":"","background-image":"","background-repeat":"repeat","background-position":"center center","background-size":"auto","background-attachment":"scroll","background-type":"","background-media":"","overlay-type":"","overlay-color":"","overlay-opacity":"","overlay-gradient":""}},"ast-content-background-meta":{"desktop":{"background-color":"var(--ast-global-color-5)","background-image":"","background-repeat":"repeat","background-position":"center center","background-size":"auto","background-attachment":"scroll","background-type":"","background-media":"","overlay-type":"","overlay-color":"","overlay-opacity":"","overlay-gradient":""},"tablet":{"background-color":"var(--ast-global-color-5)","background-image":"","background-repeat":"repeat","background-position":"center center","background-size":"auto","background-attachment":"scroll","background-type":"","background-media":"","overlay-type":"","overlay-color":"","overlay-opacity":"","overlay-gradient":""},"mobile":{"background-color":"var(--ast-global-color-5)","background-image":"","background-repeat":"repeat","background-position":"center center","background-size":"auto","background-attachment":"scroll","background-type":"","background-media":"","overlay-type":"","overlay-color":"","overlay-opacity":"","overlay-gradient":""}}},"product_brand":[],"product_cat":[684],"product_tag":[755],"class_list":{"0":"post-12875","1":"product","2":"type-product","3":"status-publish","4":"has-post-thumbnail","6":"product_cat-cdj-ex-demo-usato","7":"product_tag-pioneer","8":"desktop-align-left","9":"tablet-align-left","10":"mobile-align-left","12":"first","13":"outofstock","14":"taxable","15":"shipping-taxable","16":"purchasable","17":"product-type-simple"},"_links":{"self":[{"href":"https:\/\/gigionestrumentimusicali.it\/index.php\/wp-json\/wp\/v2\/product\/12875","targetHints":{"allow":["GET"]}}],"collection":[{"href":"https:\/\/gigionestrumentimusicali.it\/index.php\/wp-json\/wp\/v2\/product"}],"about":[{"href":"https:\/\/gigionestrumentimusicali.it\/index.php\/wp-json\/wp\/v2\/types\/product"}],"wp:featuredmedia":[{"embeddable":true,"href":"https:\/\/gigionestrumentimusicali.it\/index.php\/wp-json\/wp\/v2\/media\/12874"}],"wp:attachment":[{"href":"https:\/\/gigionestrumentimusicali.it\/index.php\/wp-json\/wp\/v2\/media?parent=12875"}],"wp:term":[{"taxonomy":"product_brand","embeddable":true,"href":"https:\/\/gigionestrumentimusicali.it\/index.php\/wp-json\/wp\/v2\/product_brand?post=12875"},{"taxonomy":"product_cat","embeddable":true,"href":"https:\/\/gigionestrumentimusicali.it\/index.php\/wp-json\/wp\/v2\/product_cat?post=12875"},{"taxonomy":"product_tag","embeddable":true,"href":"https:\/\/gigionestrumentimusicali.it\/index.php\/wp-json\/wp\/v2\/product_tag?post=12875"}],"curies":[{"name":"wp","href":"https:\/\/api.w.org\/{rel}","templated":true}]}}