{"id":22321,"date":"2024-11-08T09:13:46","date_gmt":"2024-11-08T09:13:46","guid":{"rendered":"https:\/\/gigionestrumentimusicali.it\/index.php\/product\/yamaha-psr-e283\/"},"modified":"2026-04-07T09:37:16","modified_gmt":"2026-04-07T09:37:16","slug":"yamaha-psr-e283","status":"publish","type":"product","link":"https:\/\/gigionestrumentimusicali.it\/index.php\/product\/yamaha-psr-e283\/","title":{"rendered":"YAMAHA PSR E283"},"content":{"rendered":"<p>TASTIERA ARRANGER PORTATILE 61 TASTI<\/p>\n<p>Partecipa all&#8217;emozione ed al divertimento! La tastiera entry-level Yamaha per principianti ti motiva e ti intrattiene allo stesso tempo, portando il tuo modo di suonare ad un livello superiore. L&#8217;YPT-280 ti offre tutti gli strumenti per divertirti ed esercitarti, anche per la prima volta, con 401 voci strumentali autentiche, effetti sonori divertenti e stimolanti funzioni didattiche inclusa una modalit\u00e0 Quiz. Oltre a molti bellissimi suoni di pianoforte, questa tastiera dispone di una variet\u00e0 di voci strumentali realistiche, tra cui chitarra e basso, percussioni e batteria, e persino effetti sonori divertenti, tra cui cani che abbaiano e gatti che miagolano. Scegli le tue voci preferite quando suoni o ti eserciti. Ed assapora la meravigliosa espressivit\u00e0 della voce del pianoforte a coda Yamaha, integrata nella tastiera! Dotata di una variet\u00e0 di quiz per indovinare la nota in modo tale da aiutarti ad allenare le tue orecchie mentre suoni, oltre a varie song integrate con utili funzioni di didattica, questa tastiera pu\u00f2 guidarti nel tuo viaggio musicale, qualunque sia il tuo livello personale. C&#8217;\u00e8 anche una funzione che valuta le tue prestazioni, cos\u00ec puoi migliorare in modo efficiente le tue abilit\u00e0 e divertirti a farlo! La tastiera include anche una funzione Smart Chord che ti consente di suonare facilmente accordi musicalmente perfetti, semplicemente con un dito, e dispone di style che forniscono automaticamente un accompagnamento musicale (accompagnamento di ritmo e basso) che puoi attivare semplicemente suonando la nota fondamentale dell&#8217;accordo. Anche se sei da solo, puoi divertirti ad esibirti come se suonassi con un&#8217;intera band!<br \/>Caratteristiche<br \/>Numero di tasti: 61<br \/>Display LCD<br \/>Generazione sonora: Campionamento stereo AWM<br \/>Numero di polifonia 32, 392 voci + 18 kit di batteria\/SFX<br \/>Effetti, stili di accompagnamento,<br \/>Numero di brani preimpostati: 122 (inclusi 10 tutor di ritmo e 12 brani di studio degli accordi)<br \/>Connessioni: ingresso CC 12V, Uscita Cuffie, Pedale<br \/>Presa AUX IN per il collegamento di una sorgente audio esterna<br \/>Funzione didattica (3 passi)<br \/>Funzioni di registrazione e modalit\u00e0 Quiz<br \/>Stereo Speakers (12cm x 2\/2.5W x 2)<br \/>Funzionamento a batteria (AAx6)<br \/>Dimensioni (LxPxA): 940 x 104 x 317mm<br \/>Peso: 4 Kg<\/p>\n","protected":false},"excerpt":{"rendered":"<p>TASTIERA ARRANGER PORTATILE 61 TASTI Partecipa all&#8217;emozione ed al divertimento! La tastiera entry-level Yamaha per principianti ti motiva e ti intrattiene allo stesso tempo, portando il tuo modo di suonare ad un livello superiore. L&#8217;YPT-280 ti offre tutti gli strumenti per divertirti ed esercitarti, anche per la prima volta, con 401 voci strumentali autentiche, effetti [&hellip;]<\/p>\n","protected":false},"featured_media":23722,"template":"","meta":{"site-sidebar-layout":"default","site-content-layout":"","ast-site-content-layout":"default","site-content-style":"default","site-sidebar-style":"default","ast-global-header-display":"","ast-banner-title-visibility":"","ast-main-header-display":"","ast-hfb-above-header-display":"","ast-hfb-below-header-display":"","ast-hfb-mobile-header-display":"","site-post-title":"","ast-breadcrumbs-content":"","ast-featured-img":"","footer-sml-layout":"","theme-transparent-header-meta":"","adv-header-id-meta":"","stick-header-meta":"","header-above-stick-meta":"","header-main-stick-meta":"","header-below-stick-meta":"","astra-migrate-meta-layouts":"default","ast-page-background-enabled":"default","ast-page-background-meta":{"desktop":{"background-color":"var(--ast-global-color-4)","background-image":"","background-repeat":"repeat","background-position":"center center","background-size":"auto","background-attachment":"scroll","background-type":"","background-media":"","overlay-type":"","overlay-color":"","overlay-opacity":"","overlay-gradient":""},"tablet":{"background-color":"","background-image":"","background-repeat":"repeat","background-position":"center center","background-size":"auto","background-attachment":"scroll","background-type":"","background-media":"","overlay-type":"","overlay-color":"","overlay-opacity":"","overlay-gradient":""},"mobile":{"background-color":"","background-image":"","background-repeat":"repeat","background-position":"center center","background-size":"auto","background-attachment":"scroll","background-type":"","background-media":"","overlay-type":"","overlay-color":"","overlay-opacity":"","overlay-gradient":""}},"ast-content-background-meta":{"desktop":{"background-color":"var(--ast-global-color-5)","background-image":"","background-repeat":"repeat","background-position":"center center","background-size":"auto","background-attachment":"scroll","background-type":"","background-media":"","overlay-type":"","overlay-color":"","overlay-opacity":"","overlay-gradient":""},"tablet":{"background-color":"var(--ast-global-color-5)","background-image":"","background-repeat":"repeat","background-position":"center center","background-size":"auto","background-attachment":"scroll","background-type":"","background-media":"","overlay-type":"","overlay-color":"","overlay-opacity":"","overlay-gradient":""},"mobile":{"background-color":"var(--ast-global-color-5)","background-image":"","background-repeat":"repeat","background-position":"center center","background-size":"auto","background-attachment":"scroll","background-type":"","background-media":"","overlay-type":"","overlay-color":"","overlay-opacity":"","overlay-gradient":""}}},"product_brand":[],"product_cat":[667],"product_tag":[],"class_list":{"0":"post-22321","1":"product","2":"type-product","3":"status-publish","4":"has-post-thumbnail","6":"product_cat-arranger","7":"desktop-align-left","8":"tablet-align-left","9":"mobile-align-left","11":"first","12":"instock","13":"taxable","14":"shipping-taxable","15":"purchasable","16":"product-type-simple"},"_links":{"self":[{"href":"https:\/\/gigionestrumentimusicali.it\/index.php\/wp-json\/wp\/v2\/product\/22321","targetHints":{"allow":["GET"]}}],"collection":[{"href":"https:\/\/gigionestrumentimusicali.it\/index.php\/wp-json\/wp\/v2\/product"}],"about":[{"href":"https:\/\/gigionestrumentimusicali.it\/index.php\/wp-json\/wp\/v2\/types\/product"}],"wp:featuredmedia":[{"embeddable":true,"href":"https:\/\/gigionestrumentimusicali.it\/index.php\/wp-json\/wp\/v2\/media\/23722"}],"wp:attachment":[{"href":"https:\/\/gigionestrumentimusicali.it\/index.php\/wp-json\/wp\/v2\/media?parent=22321"}],"wp:term":[{"taxonomy":"product_brand","embeddable":true,"href":"https:\/\/gigionestrumentimusicali.it\/index.php\/wp-json\/wp\/v2\/product_brand?post=22321"},{"taxonomy":"product_cat","embeddable":true,"href":"https:\/\/gigionestrumentimusicali.it\/index.php\/wp-json\/wp\/v2\/product_cat?post=22321"},{"taxonomy":"product_tag","embeddable":true,"href":"https:\/\/gigionestrumentimusicali.it\/index.php\/wp-json\/wp\/v2\/product_tag?post=22321"}],"curies":[{"name":"wp","href":"https:\/\/api.w.org\/{rel}","templated":true}]}}