{"id":23185,"date":"2024-11-12T09:32:34","date_gmt":"2024-11-12T09:32:34","guid":{"rendered":"https:\/\/gigionestrumentimusicali.it\/index.php\/product\/fender-american-ultra-ii-precision-bass-mp-ultraburst\/"},"modified":"2026-04-18T20:00:33","modified_gmt":"2026-04-18T20:00:33","slug":"fender-american-ultra-ii-precision-bass-mp-ultraburst","status":"publish","type":"product","link":"https:\/\/gigionestrumentimusicali.it\/index.php\/product\/fender-american-ultra-ii-precision-bass-mp-ultraburst\/","title":{"rendered":"FENDER AMERICAN ULTRA II PRECISION BASS MP ULTRABURST"},"content":{"rendered":"<p>Costruita per i musicisti che cercano coraggiosamente il meglio, American Ultra II \u00e8 la nostra serie di strumenti pi\u00f9 avanzata. Le chitarre e i bassi American Ultra II sono caratterizzati da materiali di prima qualit\u00e0, lavorazione di precisione e design all&#8217;avanguardia per strumenti che avanzano lo stato dell&#8217;arte e resistono alla prova del tempo.<br \/>Il Fender\u00ae American Ultra II Precision Bass\u00ae presenta un corpo in ontano selezionato con contorni del corpo scolpiti. Per una suonabilit\u00e0 senza sforzo, il manico in acero quartersawn presenta il nostro profilo Modern D e una finitura liscia Ultra Satin. Le tastiere con raggio composto da 10&#8243;-14&#8243; in ebano o acero quartersawn presentano bordi ultra arrotondati, tasti medium-jumbo, punti laterali Luminlay\u00ae e dadi Graph Tech\u00ae TUSQ\u00ae. Il tallone affusolato del manico e i contorni del corpo scolpiti consentono un accesso senza precedenti al registro pi\u00f9 alto, mentre l&#8217;accesso al truss rod sulla paletta fornisce una configurazione e una regolazione comode e facili.<br \/>Dotato di un set di pickup Ultra II Noiseless\u2122 Vintage appositamente progettati, questo basso offre un&#8217;enorme gamma tonale, dal calore vintage allo scatto moderno, il tutto senza un accenno di ronzio. Il preamplificatore riprogettato offre un controllo senza precedenti per sbloccare infinite possibilit\u00e0 tonali. Le caratteristiche principali includono la commutazione S-1\u2122 per il funzionamento attivo\/passivo, il controllo passivo del tono e l&#8217;equalizzatore attivo a 3 bande con frequenza media commutabile. Ulteriori caratteristiche pronte per la strada, tra cui un ponte HiMass\u2122 regolabile con carico dall&#8217;alto o string-through-body, meccaniche Fender leggere con aste affusolate, manopole in alluminio zigrinato e battipenna in alluminio anodizzato a 1 strato.<br \/>L&#8217;American Ultra II Precision Bass infonde uno stile iconico con caratteristiche avanzate per portare il tuo modo di suonare a nuovi livelli stratosferici. Per i musicisti che richiedono un tono impeccabile, una versatilit\u00e0 infinita e prestazioni illimitate, American Ultra II offre.<\/p>\n<p>Finitura corpo: Select Alder<br \/>Top del Corpo: Gloss Urethane<br \/>Retro del Corpo: Precision Bass\u00ae<br \/>Tastiera: Heavy Knurled Flat-Top<br \/>Finitura hardware: Quartersawn Maple<br \/>Battipenna: Nickel\/Chrome<br \/>Segnatasti: 1-Ply Gold Anodized Aluminum<br \/>Finitura manico: Black Pearloid Dot &#8211; 7 mm<br \/>Costruzione Manico: Ultra Satin Urethane<br \/>Forma del manico: 5-Bolt<br \/>Paletta: Luminlay\u00ae<br \/>Binding della Paletta: Precision Bass\u00ae<br \/>Coperchio Ponte\/Attaccacorde: S-1\u2122 Switch on Volume Selects Active Mode (Up Position) or Passive Mode (Down Position); 2-Way Mini-Toggle Midrange Frequency Selector (325 Hz or 750 Hz)<br \/>Configurazione: Right-Hand<br \/>Rifinitura Pickup: SS<br \/>Catenatura: Modern<br \/>Larghezza capotasto: Graph Tech\u00ae TUSQ\u00ae<br \/>Pickup al ponte: 1\/8&#8243; Hex (Allen)<br \/>Pickup centrale: Ultra II Noiseless\u2122 Vintage Jazz Bass\u00ae<br \/>Controlli: Ultra II Noiseless\u2122 Vintage Precision Bass\u00ae<br \/>Configurazione del pickup: Pan Pot<br \/>Ponte: SS<br \/>Strumenti per l&#8217;accordatura: 4-Saddle Adjustable HiMass\u2122 (String-Through-Body or Top-Load)<br \/>Corde: Fender\u00ae &#8220;F&#8221; Light-Weight Vintage-Paddle Keys with Tapered Shafts<br \/>Caratteristiche uniche: Fender\u00ae 7250M Nickel Plated Steel Roundwound, Long Scale, (.045-.105 Gauges), PN 0737250406<br \/>Custodia Consigliata: Deluxe Molded Case (Included)<br \/>Rifinitura Raggio Tastiera: 10&#8243; to 14&#8243; Compound Radius (254 mm to 355.6 mm)<br \/>Dimensione del tasto: Compound<br \/>Materiale del manico: Medium Jumbo<br \/>Rifinitura Materiale del Manico: Quartersawn Maple<br \/>Forma del manico: Maple<br \/>Rifinitura Forma del Manico: Modern &#8220;D&#8221;<br \/>Numero di tasti: D Shape<br \/>Materiale del Capotasto: 21<br \/>Larghezza capotasto: Graph Tech\u00ae TUSQ\u00ae<br \/>Ampiezza misura: 1.625&#8243; (41.3 mm)<br \/>Truss Rod: 34&#8243; (86.36 cm)<br \/>Dado del Truss Rod: Bi-Flex\u2122<br \/>Gambe Inclinabili: Master Volume (with S-1\u2122 Switch), Pan Pot (Pickup Selector), Stacked Concentric Midrange Boost\/Cut + Passive Tone Control, Stacked Concentric Treble Boost\/Cut + Bass Boost\/Cut, Mini-Toggle Midrange Frequency Selector<br \/>Product: 0199102712<\/p>\n","protected":false},"excerpt":{"rendered":"<p>Costruita per i musicisti che cercano coraggiosamente il meglio, American Ultra II \u00e8 la nostra serie di strumenti pi\u00f9 avanzata. Le chitarre e i bassi American Ultra II sono caratterizzati da materiali di prima qualit\u00e0, lavorazione di precisione e design all&#8217;avanguardia per strumenti che avanzano lo stato dell&#8217;arte e resistono alla prova del tempo.Il Fender\u00ae [&hellip;]<\/p>\n","protected":false},"featured_media":23193,"template":"","meta":{"site-sidebar-layout":"default","site-content-layout":"","ast-site-content-layout":"default","site-content-style":"default","site-sidebar-style":"default","ast-global-header-display":"","ast-banner-title-visibility":"","ast-main-header-display":"","ast-hfb-above-header-display":"","ast-hfb-below-header-display":"","ast-hfb-mobile-header-display":"","site-post-title":"","ast-breadcrumbs-content":"","ast-featured-img":"","footer-sml-layout":"","theme-transparent-header-meta":"","adv-header-id-meta":"","stick-header-meta":"","header-above-stick-meta":"","header-main-stick-meta":"","header-below-stick-meta":"","astra-migrate-meta-layouts":"default","ast-page-background-enabled":"default","ast-page-background-meta":{"desktop":{"background-color":"var(--ast-global-color-4)","background-image":"","background-repeat":"repeat","background-position":"center center","background-size":"auto","background-attachment":"scroll","background-type":"","background-media":"","overlay-type":"","overlay-color":"","overlay-opacity":"","overlay-gradient":""},"tablet":{"background-color":"","background-image":"","background-repeat":"repeat","background-position":"center center","background-size":"auto","background-attachment":"scroll","background-type":"","background-media":"","overlay-type":"","overlay-color":"","overlay-opacity":"","overlay-gradient":""},"mobile":{"background-color":"","background-image":"","background-repeat":"repeat","background-position":"center center","background-size":"auto","background-attachment":"scroll","background-type":"","background-media":"","overlay-type":"","overlay-color":"","overlay-opacity":"","overlay-gradient":""}},"ast-content-background-meta":{"desktop":{"background-color":"var(--ast-global-color-5)","background-image":"","background-repeat":"repeat","background-position":"center center","background-size":"auto","background-attachment":"scroll","background-type":"","background-media":"","overlay-type":"","overlay-color":"","overlay-opacity":"","overlay-gradient":""},"tablet":{"background-color":"var(--ast-global-color-5)","background-image":"","background-repeat":"repeat","background-position":"center center","background-size":"auto","background-attachment":"scroll","background-type":"","background-media":"","overlay-type":"","overlay-color":"","overlay-opacity":"","overlay-gradient":""},"mobile":{"background-color":"var(--ast-global-color-5)","background-image":"","background-repeat":"repeat","background-position":"center center","background-size":"auto","background-attachment":"scroll","background-type":"","background-media":"","overlay-type":"","overlay-color":"","overlay-opacity":"","overlay-gradient":""}}},"product_brand":[],"product_cat":[161],"product_tag":[],"class_list":{"0":"post-23185","1":"product","2":"type-product","3":"status-publish","4":"has-post-thumbnail","6":"product_cat-bassi-elettrici-a-4-corde","7":"desktop-align-left","8":"tablet-align-left","9":"mobile-align-left","11":"first","12":"instock","13":"taxable","14":"shipping-taxable","15":"purchasable","16":"product-type-simple"},"_links":{"self":[{"href":"https:\/\/gigionestrumentimusicali.it\/index.php\/wp-json\/wp\/v2\/product\/23185","targetHints":{"allow":["GET"]}}],"collection":[{"href":"https:\/\/gigionestrumentimusicali.it\/index.php\/wp-json\/wp\/v2\/product"}],"about":[{"href":"https:\/\/gigionestrumentimusicali.it\/index.php\/wp-json\/wp\/v2\/types\/product"}],"wp:featuredmedia":[{"embeddable":true,"href":"https:\/\/gigionestrumentimusicali.it\/index.php\/wp-json\/wp\/v2\/media\/23193"}],"wp:attachment":[{"href":"https:\/\/gigionestrumentimusicali.it\/index.php\/wp-json\/wp\/v2\/media?parent=23185"}],"wp:term":[{"taxonomy":"product_brand","embeddable":true,"href":"https:\/\/gigionestrumentimusicali.it\/index.php\/wp-json\/wp\/v2\/product_brand?post=23185"},{"taxonomy":"product_cat","embeddable":true,"href":"https:\/\/gigionestrumentimusicali.it\/index.php\/wp-json\/wp\/v2\/product_cat?post=23185"},{"taxonomy":"product_tag","embeddable":true,"href":"https:\/\/gigionestrumentimusicali.it\/index.php\/wp-json\/wp\/v2\/product_tag?post=23185"}],"curies":[{"name":"wp","href":"https:\/\/api.w.org\/{rel}","templated":true}]}}