{"id":23363,"date":"2024-11-13T15:18:03","date_gmt":"2024-11-13T15:18:03","guid":{"rendered":"https:\/\/gigionestrumentimusicali.it\/index.php\/product\/fender-pickguard-standard-jazz-bass-black-battipenna-per-jazz-bass-nero\/"},"modified":"2026-04-18T00:58:44","modified_gmt":"2026-04-18T00:58:44","slug":"fender-pickguard-standard-jazz-bass-black-battipenna-per-jazz-bass-nero","status":"publish","type":"product","link":"https:\/\/gigionestrumentimusicali.it\/index.php\/product\/fender-pickguard-standard-jazz-bass-black-battipenna-per-jazz-bass-nero\/","title":{"rendered":"FENDER PICKGUARD STANDARD JAZZ BASS BLACK &#8211;  BATTIPENNA PER JAZZ BASS NERO"},"content":{"rendered":"<p>Uno dei modi pi\u00f9 semplici per cambiare l&#8217;aspetto di uno strumento Fender \u00e8 quello di sostituire il battipenna. Questo \u00e8 compatibile con i modelli Jazz Bass American, American Standard, American Vintage, Standard e Deluxe (non \u00e8 adatto per i modelli a cinque corde).<\/p>\n<p>Caratteristiche<br \/>Battipenna multistrato<br \/>10 fori di fissaggio<br \/>Incavo truss-rod<br \/>Nessun foro per viti per poggia-pollice in stile vintage o copertura del pickup<br \/>Per diversi modelli Jazz Bass a quattro corde<\/p>\n","protected":false},"excerpt":{"rendered":"<p>Uno dei modi pi\u00f9 semplici per cambiare l&#8217;aspetto di uno strumento Fender \u00e8 quello di sostituire il battipenna. Questo \u00e8 compatibile con i modelli Jazz Bass American, American Standard, American Vintage, Standard e Deluxe (non \u00e8 adatto per i modelli a cinque corde). CaratteristicheBattipenna multistrato10 fori di fissaggioIncavo truss-rodNessun foro per viti per poggia-pollice in [&hellip;]<\/p>\n","protected":false},"featured_media":23364,"template":"","meta":{"site-sidebar-layout":"default","site-content-layout":"","ast-site-content-layout":"default","site-content-style":"default","site-sidebar-style":"default","ast-global-header-display":"","ast-banner-title-visibility":"","ast-main-header-display":"","ast-hfb-above-header-display":"","ast-hfb-below-header-display":"","ast-hfb-mobile-header-display":"","site-post-title":"","ast-breadcrumbs-content":"","ast-featured-img":"","footer-sml-layout":"","theme-transparent-header-meta":"","adv-header-id-meta":"","stick-header-meta":"","header-above-stick-meta":"","header-main-stick-meta":"","header-below-stick-meta":"","astra-migrate-meta-layouts":"default","ast-page-background-enabled":"default","ast-page-background-meta":{"desktop":{"background-color":"var(--ast-global-color-4)","background-image":"","background-repeat":"repeat","background-position":"center center","background-size":"auto","background-attachment":"scroll","background-type":"","background-media":"","overlay-type":"","overlay-color":"","overlay-opacity":"","overlay-gradient":""},"tablet":{"background-color":"","background-image":"","background-repeat":"repeat","background-position":"center center","background-size":"auto","background-attachment":"scroll","background-type":"","background-media":"","overlay-type":"","overlay-color":"","overlay-opacity":"","overlay-gradient":""},"mobile":{"background-color":"","background-image":"","background-repeat":"repeat","background-position":"center center","background-size":"auto","background-attachment":"scroll","background-type":"","background-media":"","overlay-type":"","overlay-color":"","overlay-opacity":"","overlay-gradient":""}},"ast-content-background-meta":{"desktop":{"background-color":"var(--ast-global-color-5)","background-image":"","background-repeat":"repeat","background-position":"center center","background-size":"auto","background-attachment":"scroll","background-type":"","background-media":"","overlay-type":"","overlay-color":"","overlay-opacity":"","overlay-gradient":""},"tablet":{"background-color":"var(--ast-global-color-5)","background-image":"","background-repeat":"repeat","background-position":"center center","background-size":"auto","background-attachment":"scroll","background-type":"","background-media":"","overlay-type":"","overlay-color":"","overlay-opacity":"","overlay-gradient":""},"mobile":{"background-color":"var(--ast-global-color-5)","background-image":"","background-repeat":"repeat","background-position":"center center","background-size":"auto","background-attachment":"scroll","background-type":"","background-media":"","overlay-type":"","overlay-color":"","overlay-opacity":"","overlay-gradient":""}}},"product_brand":[],"product_cat":[207],"product_tag":[],"class_list":{"0":"post-23363","1":"product","2":"type-product","3":"status-publish","4":"has-post-thumbnail","6":"product_cat-battipenna","7":"desktop-align-left","8":"tablet-align-left","9":"mobile-align-left","11":"first","12":"instock","13":"taxable","14":"shipping-taxable","15":"purchasable","16":"product-type-simple"},"_links":{"self":[{"href":"https:\/\/gigionestrumentimusicali.it\/index.php\/wp-json\/wp\/v2\/product\/23363","targetHints":{"allow":["GET"]}}],"collection":[{"href":"https:\/\/gigionestrumentimusicali.it\/index.php\/wp-json\/wp\/v2\/product"}],"about":[{"href":"https:\/\/gigionestrumentimusicali.it\/index.php\/wp-json\/wp\/v2\/types\/product"}],"wp:featuredmedia":[{"embeddable":true,"href":"https:\/\/gigionestrumentimusicali.it\/index.php\/wp-json\/wp\/v2\/media\/23364"}],"wp:attachment":[{"href":"https:\/\/gigionestrumentimusicali.it\/index.php\/wp-json\/wp\/v2\/media?parent=23363"}],"wp:term":[{"taxonomy":"product_brand","embeddable":true,"href":"https:\/\/gigionestrumentimusicali.it\/index.php\/wp-json\/wp\/v2\/product_brand?post=23363"},{"taxonomy":"product_cat","embeddable":true,"href":"https:\/\/gigionestrumentimusicali.it\/index.php\/wp-json\/wp\/v2\/product_cat?post=23363"},{"taxonomy":"product_tag","embeddable":true,"href":"https:\/\/gigionestrumentimusicali.it\/index.php\/wp-json\/wp\/v2\/product_tag?post=23363"}],"curies":[{"name":"wp","href":"https:\/\/api.w.org\/{rel}","templated":true}]}}