{"id":24114,"date":"2024-11-22T18:27:19","date_gmt":"2024-11-22T18:27:19","guid":{"rendered":"https:\/\/gigionestrumentimusicali.it\/index.php\/product\/vandoren-ancia-sax-alto-2-1-2-vda-25-sr2125\/"},"modified":"2026-04-22T21:06:58","modified_gmt":"2026-04-22T21:06:58","slug":"vandoren-ancia-sax-alto-2-1-2-vda-25-sr2125","status":"publish","type":"product","link":"https:\/\/gigionestrumentimusicali.it\/index.php\/product\/vandoren-ancia-sax-alto-2-1-2-vda-25-sr2125\/","title":{"rendered":"VANDOREN ANCIA SAX ALTO 2 1\/2 VDA-25 SR2125"},"content":{"rendered":"<p>  <span class=\"lgcat\" lang=\"fr\" style=\"font-weight: normal;margin: 0px\">L&#8217;anche<b><span class=\"Apple-converted-space\">\u00a0<\/span>Vandoren  Traditionnelle<\/b><span class=\"Apple-converted-space\">\u00a0<\/span>pour Saxophone  Alto Mib\/Eb force 2,5 est un v\u00e9ritable best-seller et l&#8217;anche la plus utilis\u00e9e par  les saxophonistes qu&#8217;ils soient d\u00e9butants, semi professionnels, professionnels ou  amateurs parce qu&#8217;elle fonctionne parfaitement pour tous les styles de musique.<span class=\"Apple-converted-space\">\u00a0<\/span><\/p>\n<p>L&#8217;anche<b><span class=\"Apple-converted-space\">\u00a0<\/span>Vandoren  Traditionnelle<\/b><span class=\"Apple-converted-space\">\u00a0<\/span>pour Saxophone  Alto Mib\/Eb est l&#8217;accessoire indispensable des saxophonistes,<span class=\"Apple-converted-space\">\u00a0<\/span><\/p>\n<p>Acheter  L&#8217;anche<b><span class=\"Apple-converted-space\">\u00a0<\/span>Vandoren Traditionnelle<\/b><span class=\"Apple-converted-space\">\u00a0<\/span>pour  Saxophone Alto Mib\/Eb dans notre magasin de musique en ligne di-arezzo, c&#8217;est \u00eatre  certain d&#8217;obtenir un produit de qualit\u00e9 et d&#8217;une dur\u00e9e de vie exceptionnelle.<span class=\"Apple-converted-space\">\u00a0<\/span><\/p>\n<p>Les  anches<b><span class=\"Apple-converted-space\">\u00a0<\/span>Vandoren Traditionnelle<\/b><span class=\"Apple-converted-space\">\u00a0<\/span>sont  Livr\u00e9es en dix exemplaires dans une bo\u00eete \u00e9l\u00e9gante. Ces anches sont identifiables  par un un trait horizontal qui d\u00e9limite la zone de grattage de l&#8217;\u00e9corce.<span class=\"Apple-converted-space\">\u00a0<\/span><\/p>\n<p>Un  excellent rapport qualit\u00e9 prix !<\/span><\/p>\n<p>  <span style=\"font-weight: bold;margin: 0px\">Contenuto  :<\/span><\/p>\n<p>  Bo\u00eete de 10 Anches pour Saxophone Alto<\/p>\n<p>  \u00a0<\/p>\n","protected":false},"excerpt":{"rendered":"<p>L&#8217;anche Vandoren Traditionnelle pour Saxophone Alto Mib\/Eb force 2,5 est un v&eacute;ritable best-seller et l&#8217;anche la plus utilis&eacute;e par les saxophonistes qu&#8217;ils soient d&eacute;butants, semi professionnels, professionnels ou amateurs parce qu&#8217;elle fonctionne parfaitement pour tous les styles de musique.<\/p>\n","protected":false},"featured_media":24111,"template":"","meta":{"site-sidebar-layout":"default","site-content-layout":"","ast-site-content-layout":"default","site-content-style":"default","site-sidebar-style":"default","ast-global-header-display":"","ast-banner-title-visibility":"","ast-main-header-display":"","ast-hfb-above-header-display":"","ast-hfb-below-header-display":"","ast-hfb-mobile-header-display":"","site-post-title":"","ast-breadcrumbs-content":"","ast-featured-img":"","footer-sml-layout":"","theme-transparent-header-meta":"","adv-header-id-meta":"","stick-header-meta":"","header-above-stick-meta":"","header-main-stick-meta":"","header-below-stick-meta":"","astra-migrate-meta-layouts":"default","ast-page-background-enabled":"default","ast-page-background-meta":{"desktop":{"background-color":"var(--ast-global-color-4)","background-image":"","background-repeat":"repeat","background-position":"center center","background-size":"auto","background-attachment":"scroll","background-type":"","background-media":"","overlay-type":"","overlay-color":"","overlay-opacity":"","overlay-gradient":""},"tablet":{"background-color":"","background-image":"","background-repeat":"repeat","background-position":"center center","background-size":"auto","background-attachment":"scroll","background-type":"","background-media":"","overlay-type":"","overlay-color":"","overlay-opacity":"","overlay-gradient":""},"mobile":{"background-color":"","background-image":"","background-repeat":"repeat","background-position":"center center","background-size":"auto","background-attachment":"scroll","background-type":"","background-media":"","overlay-type":"","overlay-color":"","overlay-opacity":"","overlay-gradient":""}},"ast-content-background-meta":{"desktop":{"background-color":"var(--ast-global-color-5)","background-image":"","background-repeat":"repeat","background-position":"center center","background-size":"auto","background-attachment":"scroll","background-type":"","background-media":"","overlay-type":"","overlay-color":"","overlay-opacity":"","overlay-gradient":""},"tablet":{"background-color":"var(--ast-global-color-5)","background-image":"","background-repeat":"repeat","background-position":"center center","background-size":"auto","background-attachment":"scroll","background-type":"","background-media":"","overlay-type":"","overlay-color":"","overlay-opacity":"","overlay-gradient":""},"mobile":{"background-color":"var(--ast-global-color-5)","background-image":"","background-repeat":"repeat","background-position":"center center","background-size":"auto","background-attachment":"scroll","background-type":"","background-media":"","overlay-type":"","overlay-color":"","overlay-opacity":"","overlay-gradient":""}}},"product_brand":[],"product_cat":[520],"product_tag":[],"class_list":{"0":"post-24114","1":"product","2":"type-product","3":"status-publish","4":"has-post-thumbnail","6":"product_cat-ance-per-sax-alto","7":"desktop-align-left","8":"tablet-align-left","9":"mobile-align-left","11":"first","12":"instock","13":"taxable","14":"shipping-taxable","15":"purchasable","16":"product-type-simple"},"_links":{"self":[{"href":"https:\/\/gigionestrumentimusicali.it\/index.php\/wp-json\/wp\/v2\/product\/24114","targetHints":{"allow":["GET"]}}],"collection":[{"href":"https:\/\/gigionestrumentimusicali.it\/index.php\/wp-json\/wp\/v2\/product"}],"about":[{"href":"https:\/\/gigionestrumentimusicali.it\/index.php\/wp-json\/wp\/v2\/types\/product"}],"wp:featuredmedia":[{"embeddable":true,"href":"https:\/\/gigionestrumentimusicali.it\/index.php\/wp-json\/wp\/v2\/media\/24111"}],"wp:attachment":[{"href":"https:\/\/gigionestrumentimusicali.it\/index.php\/wp-json\/wp\/v2\/media?parent=24114"}],"wp:term":[{"taxonomy":"product_brand","embeddable":true,"href":"https:\/\/gigionestrumentimusicali.it\/index.php\/wp-json\/wp\/v2\/product_brand?post=24114"},{"taxonomy":"product_cat","embeddable":true,"href":"https:\/\/gigionestrumentimusicali.it\/index.php\/wp-json\/wp\/v2\/product_cat?post=24114"},{"taxonomy":"product_tag","embeddable":true,"href":"https:\/\/gigionestrumentimusicali.it\/index.php\/wp-json\/wp\/v2\/product_tag?post=24114"}],"curies":[{"name":"wp","href":"https:\/\/api.w.org\/{rel}","templated":true}]}}