{"id":26028,"date":"2025-04-01T14:49:08","date_gmt":"2025-04-01T14:49:08","guid":{"rendered":"https:\/\/gigionestrumentimusicali.it\/index.php\/product\/yamaha-clavinova-clp-430-colore-rosenwood\/"},"modified":"2026-04-07T17:17:28","modified_gmt":"2026-04-07T17:17:28","slug":"yamaha-clavinova-clp-430-colore-rosenwood","status":"publish","type":"product","link":"https:\/\/gigionestrumentimusicali.it\/index.php\/product\/yamaha-clavinova-clp-430-colore-rosenwood\/","title":{"rendered":"YAMAHA CLAVINOVA CLP-430 COLORE ROSENWOOD"},"content":{"rendered":"<p>Real Grand Expression: Questa frase definisce la capacit\u00e0 espressiva del Clavinova. Non \u00e8 solo la piena realizzazione del suono, del tocco e della pedaliera, ma l&#8217;applicazione di tecnologie alimentata dalla lavorazione artigianale di pianoforti acustici per integrare perfettamente questi tre elementi in un unico piano.<br \/>&#8220;RGE Sound Engine&#8221;: Il suono si sente cos\u00ec come \u00e8 stato suonato. &#8220;RGE Sound Engine&#8221; fornisce risposta al suono e capacit\u00e0 espressiva.<br \/>Variazione dinamica del suono in base al tocco<br \/>I suoni di pianoforte incarnano l&#8217;attenzione che solo un costruttore di pianoforti pu\u00f2 dare<br \/>La polifonia a 128 note ti permette di suonare senza perdita di note, soprattutto nei passaggi musicali pi\u00f9 densi<br \/>Numerosi suoni di pianoforte da abbinare al pezzo che si desidera suonare<br \/>La tastiera &#8220;GH3 (Graded Hammer 3) &#8221; riproduce fedelmente il tocco di un pianoforte a coda<br \/>Gli &#8220;Stabilizzatori della Tastiera&#8221; aumentano la durata della tastiera.<br \/>&#8220;Intelligent Acoustic Control&#8221;: offre un suono pieno e bilanciato, con bassi ricchi e alti cristallini anche a volumi bassi<br \/>Ampia selezione di suoni di strumento musicali che aggiunge variet\u00e0 alla vostra performance<br \/>Le porte USB consentono una facile memorizzazione e trasferimento di dati<br \/>Specifiche tecniche<br \/>Number of Keys: 88<br \/>GH3 (Graded Hammer 3) Keyboard<br \/>Touch Sensitivity: Hard, Medium, Soft, Fixed<br \/>Number of Pedals: 3<br \/>Half Pedal: Yes<br \/>Damper with half pedal effect, Sostenuto, Soft<br \/>Display Type: 7-segment LED<br \/>Panel Language: English<br \/>Key Cover Style: Sliding, Panel Reveal Key Cover<br \/>Music Rest: Yes<br \/>Tone Generating Technology: RGE (Real Grand Expression) Sound Engine<br \/>Smooth Release: Yes<br \/>Damper Resonance: Yes<br \/>Number of Polyphony: 128<br \/>Preset Number of Voices: 14 (Voice Demo), 50 (Piano)<br \/>Types of Reverb: 4<br \/>Brilliance: 5<br \/>Intelligent Acoustic Control (IAC): Yes<br \/>Dual\/Layers: Yes<br \/>Number of Preset Songs: 14 (Voice Demo), 50 (Piano)<br \/>Recording Number of Songs: 10<br \/>Number of Tracks: 2<br \/>USB Audio Recorder playback&amp;recording: WAV<br \/>Metronome Tempo Range: Yes<br \/>Overall Controls: Transpose<br \/>Other Control: Tuning, Scale Type, etc.<br \/>Storage Internal Memory: about 1.5MB (Flash Memory)<br \/>External Drives: USB Flash Memory, Memory Card (SmartMedia, etc.) with External Adapter<br \/>Connectivity: Headphones x2; MIDI IN, OUT, THRU; AUX IN L \/ L+R, R; AUX OUT L \/ L+R, R<br \/>1xUSB TO DEVICE; 1xUSB TO HOST<br \/>Amplifiers: 30W x 2<br \/>Speakers: 16cm x 2 [6 5\/16&#8243; x 2]<br \/>Power Consumption: 25W<br \/>Dimensions: 1420mm (55 7\/16&#8243;)xH907mm (35 11\/16&#8243;)x513mm (20 3\/16&#8243;)<br \/>Weight: 60.5kg<\/p>\n","protected":false},"excerpt":{"rendered":"<p>Real Grand Expression: Questa frase definisce la capacit\u00e0 espressiva del Clavinova. Non \u00e8 solo la piena realizzazione del suono, del tocco e della pedaliera, ma l&#8217;applicazione di tecnologie alimentata dalla lavorazione artigianale di pianoforti acustici per integrare perfettamente questi tre elementi in un unico piano.&#8220;RGE Sound Engine&#8221;: Il suono si sente cos\u00ec come \u00e8 stato [&hellip;]<\/p>\n","protected":false},"featured_media":26029,"template":"","meta":{"site-sidebar-layout":"default","site-content-layout":"","ast-site-content-layout":"default","site-content-style":"default","site-sidebar-style":"default","ast-global-header-display":"","ast-banner-title-visibility":"","ast-main-header-display":"","ast-hfb-above-header-display":"","ast-hfb-below-header-display":"","ast-hfb-mobile-header-display":"","site-post-title":"","ast-breadcrumbs-content":"","ast-featured-img":"","footer-sml-layout":"","theme-transparent-header-meta":"","adv-header-id-meta":"","stick-header-meta":"","header-above-stick-meta":"","header-main-stick-meta":"","header-below-stick-meta":"","astra-migrate-meta-layouts":"default","ast-page-background-enabled":"default","ast-page-background-meta":{"desktop":{"background-color":"var(--ast-global-color-4)","background-image":"","background-repeat":"repeat","background-position":"center center","background-size":"auto","background-attachment":"scroll","background-type":"","background-media":"","overlay-type":"","overlay-color":"","overlay-opacity":"","overlay-gradient":""},"tablet":{"background-color":"","background-image":"","background-repeat":"repeat","background-position":"center center","background-size":"auto","background-attachment":"scroll","background-type":"","background-media":"","overlay-type":"","overlay-color":"","overlay-opacity":"","overlay-gradient":""},"mobile":{"background-color":"","background-image":"","background-repeat":"repeat","background-position":"center center","background-size":"auto","background-attachment":"scroll","background-type":"","background-media":"","overlay-type":"","overlay-color":"","overlay-opacity":"","overlay-gradient":""}},"ast-content-background-meta":{"desktop":{"background-color":"var(--ast-global-color-5)","background-image":"","background-repeat":"repeat","background-position":"center center","background-size":"auto","background-attachment":"scroll","background-type":"","background-media":"","overlay-type":"","overlay-color":"","overlay-opacity":"","overlay-gradient":""},"tablet":{"background-color":"var(--ast-global-color-5)","background-image":"","background-repeat":"repeat","background-position":"center center","background-size":"auto","background-attachment":"scroll","background-type":"","background-media":"","overlay-type":"","overlay-color":"","overlay-opacity":"","overlay-gradient":""},"mobile":{"background-color":"var(--ast-global-color-5)","background-image":"","background-repeat":"repeat","background-position":"center center","background-size":"auto","background-attachment":"scroll","background-type":"","background-media":"","overlay-type":"","overlay-color":"","overlay-opacity":"","overlay-gradient":""}}},"product_brand":[],"product_cat":[675],"product_tag":[],"class_list":{"0":"post-26028","1":"product","2":"type-product","3":"status-publish","4":"has-post-thumbnail","6":"product_cat-pianoforti-digitali","7":"desktop-align-left","8":"tablet-align-left","9":"mobile-align-left","11":"first","12":"instock","13":"taxable","14":"shipping-taxable","15":"purchasable","16":"product-type-simple"},"_links":{"self":[{"href":"https:\/\/gigionestrumentimusicali.it\/index.php\/wp-json\/wp\/v2\/product\/26028","targetHints":{"allow":["GET"]}}],"collection":[{"href":"https:\/\/gigionestrumentimusicali.it\/index.php\/wp-json\/wp\/v2\/product"}],"about":[{"href":"https:\/\/gigionestrumentimusicali.it\/index.php\/wp-json\/wp\/v2\/types\/product"}],"wp:featuredmedia":[{"embeddable":true,"href":"https:\/\/gigionestrumentimusicali.it\/index.php\/wp-json\/wp\/v2\/media\/26029"}],"wp:attachment":[{"href":"https:\/\/gigionestrumentimusicali.it\/index.php\/wp-json\/wp\/v2\/media?parent=26028"}],"wp:term":[{"taxonomy":"product_brand","embeddable":true,"href":"https:\/\/gigionestrumentimusicali.it\/index.php\/wp-json\/wp\/v2\/product_brand?post=26028"},{"taxonomy":"product_cat","embeddable":true,"href":"https:\/\/gigionestrumentimusicali.it\/index.php\/wp-json\/wp\/v2\/product_cat?post=26028"},{"taxonomy":"product_tag","embeddable":true,"href":"https:\/\/gigionestrumentimusicali.it\/index.php\/wp-json\/wp\/v2\/product_tag?post=26028"}],"curies":[{"name":"wp","href":"https:\/\/api.w.org\/{rel}","templated":true}]}}