{"id":26059,"date":"2025-04-12T07:45:17","date_gmt":"2025-04-12T07:45:17","guid":{"rendered":"https:\/\/gigionestrumentimusicali.it\/index.php\/product\/gretsch-g2655t-streamliner-centerblock-jr-with-bigsby-lrl-coral\/"},"modified":"2026-04-07T11:45:14","modified_gmt":"2026-04-07T11:45:14","slug":"gretsch-g2655t-streamliner-centerblock-jr-with-bigsby-lrl-coral","status":"publish","type":"product","link":"https:\/\/gigionestrumentimusicali.it\/index.php\/product\/gretsch-g2655t-streamliner-centerblock-jr-with-bigsby-lrl-coral\/","title":{"rendered":"GRETSCH G2655T STREAMLINER CENTERBLOCK JR WITH BIGSBY LRL CORAL"},"content":{"rendered":"<p>L&#8217;entusiasmante G2655T Streamliner Center Block Jr. Double-Cut con Bigsby \u00e8 progettate per tre semplici cose: prestazioni high-gain ottimali, scorrevole e facile da suonare con uno stile spettacolare. Un&#8217;elegante macchina musicale, la G2655T porta funzionalit\u00e0 aggiornate pur rimanendo fedele al grande suono Gretsch. Quella \u00e8 stata una componente vitale del rock&#8217;n&#8217;roll sin dal suo inizio. Il segreto del suono della Streamliner \u00e8 duplice: il pickup humbucking Broad&#8217;Tron BT-3S e il blocco centrale in abete. Progettata appositamente per la Collezione Streamliner, il pickup Broad&#8217;Tron ad high-gain genera una definizione migliorata con una risposta dei bassi pi\u00f9 stretta per bassi robusti, alti incontaminati ed una gamma media gutturale. Un blocco centrale in abete percorre la lunghezza del body, rinforzando il top ed eliminando al contempo il feedback indesiderato. La potenza sonora della Streamliner \u00e8 sfruttata e modellata dai tradizionali controlli del volume del pickup al manico e al ponte, un controllo del tono e del volume, un controllo del volume principale ed un selettore dei pickup a tre vie. Una tastiera in Alloro con raggio di 12&#8243; veloce con eleganti intarsi Big Block madreperlati e 22 tasti jumbo medi si trova sul manico Nato con binding bianco ed un profilo ad &#8220;U&#8221; sottile &#8211; ideale per accordi o riff infuocati. Goditi un&#8217;accordatura stabile come una roccia grazie all&#8217;elegante ponte Adjusto-Matic ed al capotasto in osso sintetico.<\/p>\n<p>Caratteristiche<br \/>Cutaway: Doppio<br \/>Costruzione: Streamliner Center Block Jr.<br \/>Body: Acero laminato<br \/>Top: Acero laminato<br \/>Fondo: Acero laminato<br \/>Binding: Bianco invecchiato con filetto B\/AW\/B<br \/>Profondit\u00e0 del body: 1,75&#8243; (44,45mm)<br \/>Manico: Nato<br \/>Finitura: Uretano lucido<br \/>Profilo: Thin &#8220;U&#8221;<br \/>Binding: Bianco invecchiato<br \/>Raggio: 12&#8243; (305mm)<br \/>Tastiera: Alloro<br \/>Tasti: 22, Medium Jumbo<br \/>Capotasto: 1.6875&#8243; (42,86mm)<br \/>Intarsi: Thumbnail Neo-Classic medreperlati<br \/>Pickup: 2x Broad&#8217;Tron BT-3S (humbucker)<br \/>Controlli: Volume 1 (manico), Volume 2 (ponte), Master Volume , Tono, Selettore 3-Vie<br \/>Ponte: Adjusto-Matic<br \/>Cordiera: Bigsby B50<br \/>Finitura: Nichel<br \/>Meccaniche: Die-Cast, Nickel<br \/>Battipenna: Crema 1-strato<br \/>Pickup Cover: Nickel<br \/>Manopole: Crema stile vintage<br \/>Finitura: Coral<\/p>\n","protected":false},"excerpt":{"rendered":"<p>L&#8217;entusiasmante G2655T Streamliner Center Block Jr. Double-Cut con Bigsby \u00e8 progettate per tre semplici cose: prestazioni high-gain ottimali, scorrevole e facile da suonare con uno stile spettacolare. Un&#8217;elegante macchina musicale, la G2655T porta funzionalit\u00e0 aggiornate pur rimanendo fedele al grande suono Gretsch. Quella \u00e8 stata una componente vitale del rock&#8217;n&#8217;roll sin dal suo inizio. Il [&hellip;]<\/p>\n","protected":false},"featured_media":26060,"template":"","meta":{"site-sidebar-layout":"default","site-content-layout":"","ast-site-content-layout":"default","site-content-style":"default","site-sidebar-style":"default","ast-global-header-display":"","ast-banner-title-visibility":"","ast-main-header-display":"","ast-hfb-above-header-display":"","ast-hfb-below-header-display":"","ast-hfb-mobile-header-display":"","site-post-title":"","ast-breadcrumbs-content":"","ast-featured-img":"","footer-sml-layout":"","theme-transparent-header-meta":"","adv-header-id-meta":"","stick-header-meta":"","header-above-stick-meta":"","header-main-stick-meta":"","header-below-stick-meta":"","astra-migrate-meta-layouts":"default","ast-page-background-enabled":"default","ast-page-background-meta":{"desktop":{"background-color":"var(--ast-global-color-4)","background-image":"","background-repeat":"repeat","background-position":"center center","background-size":"auto","background-attachment":"scroll","background-type":"","background-media":"","overlay-type":"","overlay-color":"","overlay-opacity":"","overlay-gradient":""},"tablet":{"background-color":"","background-image":"","background-repeat":"repeat","background-position":"center center","background-size":"auto","background-attachment":"scroll","background-type":"","background-media":"","overlay-type":"","overlay-color":"","overlay-opacity":"","overlay-gradient":""},"mobile":{"background-color":"","background-image":"","background-repeat":"repeat","background-position":"center center","background-size":"auto","background-attachment":"scroll","background-type":"","background-media":"","overlay-type":"","overlay-color":"","overlay-opacity":"","overlay-gradient":""}},"ast-content-background-meta":{"desktop":{"background-color":"var(--ast-global-color-5)","background-image":"","background-repeat":"repeat","background-position":"center center","background-size":"auto","background-attachment":"scroll","background-type":"","background-media":"","overlay-type":"","overlay-color":"","overlay-opacity":"","overlay-gradient":""},"tablet":{"background-color":"var(--ast-global-color-5)","background-image":"","background-repeat":"repeat","background-position":"center center","background-size":"auto","background-attachment":"scroll","background-type":"","background-media":"","overlay-type":"","overlay-color":"","overlay-opacity":"","overlay-gradient":""},"mobile":{"background-color":"var(--ast-global-color-5)","background-image":"","background-repeat":"repeat","background-position":"center center","background-size":"auto","background-attachment":"scroll","background-type":"","background-media":"","overlay-type":"","overlay-color":"","overlay-opacity":"","overlay-gradient":""}}},"product_brand":[],"product_cat":[398],"product_tag":[],"class_list":{"0":"post-26059","1":"product","2":"type-product","3":"status-publish","4":"has-post-thumbnail","6":"product_cat-chitarre-semi-acustiche","7":"desktop-align-left","8":"tablet-align-left","9":"mobile-align-left","11":"first","12":"instock","13":"taxable","14":"shipping-taxable","15":"purchasable","16":"product-type-simple"},"_links":{"self":[{"href":"https:\/\/gigionestrumentimusicali.it\/index.php\/wp-json\/wp\/v2\/product\/26059","targetHints":{"allow":["GET"]}}],"collection":[{"href":"https:\/\/gigionestrumentimusicali.it\/index.php\/wp-json\/wp\/v2\/product"}],"about":[{"href":"https:\/\/gigionestrumentimusicali.it\/index.php\/wp-json\/wp\/v2\/types\/product"}],"wp:featuredmedia":[{"embeddable":true,"href":"https:\/\/gigionestrumentimusicali.it\/index.php\/wp-json\/wp\/v2\/media\/26060"}],"wp:attachment":[{"href":"https:\/\/gigionestrumentimusicali.it\/index.php\/wp-json\/wp\/v2\/media?parent=26059"}],"wp:term":[{"taxonomy":"product_brand","embeddable":true,"href":"https:\/\/gigionestrumentimusicali.it\/index.php\/wp-json\/wp\/v2\/product_brand?post=26059"},{"taxonomy":"product_cat","embeddable":true,"href":"https:\/\/gigionestrumentimusicali.it\/index.php\/wp-json\/wp\/v2\/product_cat?post=26059"},{"taxonomy":"product_tag","embeddable":true,"href":"https:\/\/gigionestrumentimusicali.it\/index.php\/wp-json\/wp\/v2\/product_tag?post=26059"}],"curies":[{"name":"wp","href":"https:\/\/api.w.org\/{rel}","templated":true}]}}