{"id":26067,"date":"2025-04-17T07:20:20","date_gmt":"2025-04-17T07:20:20","guid":{"rendered":"https:\/\/gigionestrumentimusicali.it\/index.php\/product\/alvarez-age95ceshb-chitarra-acustica-grand-auditorium-elettrificata\/"},"modified":"2026-04-18T18:57:29","modified_gmt":"2026-04-18T18:57:29","slug":"alvarez-age95ceshb-chitarra-acustica-grand-auditorium-elettrificata","status":"publish","type":"product","link":"https:\/\/gigionestrumentimusicali.it\/index.php\/product\/alvarez-age95ceshb-chitarra-acustica-grand-auditorium-elettrificata\/","title":{"rendered":"ALVAREZ AGE95CESHB CHITARRA ACUSTICA GRAND AUDITORIUM ELETTRIFICATA"},"content":{"rendered":"<p>Artist Elite, Grand Auditorium<br \/>L&#8217;AGE95CESHB \u00e8 una Grand Auditorium splendidamente sviluppata con un raro e ispirato abbinamento di legni tonali.<br \/>Il suo top in cedro rosso nord-occidentale AA e il corpo in ebano Macassar conferiscono a questa chitarra una sonorit\u00e0 calda e aperta con acuti pi\u00f9 scuri e bassi chiari.<br \/>Esteticamente la chitarra \u00e8 sbalorditiva con una tonalit\u00e0 pi\u00f9 chiara del nostro Shadowburst standard, realizzata con cura per lasciare che la grana del legno resti visibile fino al bordo, dove incontra la rilegatura in ebano.<br \/>Questa \u00e8 una chitarra eccezionale con un carattere fedele al suo suono.<br \/>L&#8217;AGE95CESHB \u00e8 dotata del fantastico equalizzatore LR Baggs StagePro e del pickup Element.<br \/>Informazioni su Artist Elite<br \/>Nel concettualizzare Artist Elite, il nostro obiettivo era quello di produrre una collezione di chitarre senza paragoni.<br \/>Questa incredibile linea di chitarre \u00e8 il culmine di anni di ricerca e sviluppo che ci consentono di sviluppare strumenti di stile personalizzati da legni tonali straordinari con un&#8217;atmosfera davvero radiosa.<br \/>Le chitarre Artist Elite hanno un aspetto fantastico, un suono ricco e offrono un livello di vestibilit\u00e0 e finitura raramente ottenibile a questi prezzi.<br \/>I maestri liutai di tutto il mondo realizzano da molti anni chitarre con braccioli smussati.<br \/>Questa caratteristica rende la chitarra pi\u00f9 comoda da suonare, aggiungendo al contempo una certa finezza allo strumento, consentendo al liutaio di mettere a frutto la propria abilit\u00e0 e maestria.<br \/>Dopo 55 anni di produzione di chitarre, il miglioramento continuo attraverso l&#8217;uso di tecnologie, processi e materiali emergenti \u00e8 ancora al centro della nostra cultura.<br \/>Le chitarre Alvarez sono costruite correttamente in ogni senso, dalla preparazione delle materie prime ai processi di costruzione e produzione.<br \/>I nostri legni sono accuratamente trattati; i nostri componenti come i blocchi del manico e i giunti in legno sono progettati con cura.<br \/>Le tecniche di verniciatura, levigatura e lucidatura che utilizziamo sono costantemente ricercate e sviluppate e il nostro suono \u00e8 realizzato in modo impeccabile e abbinato a una cassa armonica stabile, coerente e vivace.<br \/>Il termine &#8220;tavola solida&#8221; si riferisce alla tavola armonica della chitarra realizzata in legno massello anzich\u00e9 in laminati.<br \/>Tuttavia, anche quando la tavola armonica \u00e8 realizzata in legno massello, il tono dello strumento migliora in modo significativo solo quando l&#8217;intera chitarra \u00e8 costruita correttamente per ottimizzare l&#8217;energia che una tavola armonica solida pu\u00f2 generare.<br \/>La serie Artist \u00e8 costruita per fare esattamente questo.<br \/>Ogni modello \u00e8 progettato per ottenere il meglio dai suoi componenti e per farli lavorare insieme per produrre equilibrio, proiezione vivace e grande risposta.<br \/>Questi componenti includono il nostro design di rinforzo FS6, che consente alla cassa armonica di cantare e porta uniformit\u00e0 tra le dimensioni del corpo Dreadnought, Grand Auditorium, OM e Parlor.<br \/>Ci\u00f2 significa che la sonorizzazione ha un carattere simile, ma il tono individuale \u00e8 pi\u00f9 puramente influenzato dalle dimensioni e dalla forma della chitarra.<br \/>Il nostro ponte a due livelli \u00e8 progettato per aumentare la tensione delle corde e migliorare il sustain e la risposta.<br \/>Capotasto e sella in vero osso, legni pregiati e la nostra finitura attenuata artigianale aumentano la qualit\u00e0 della costruzione e hanno un impatto positivo sulle prestazioni dello strumento.<br \/>La personalit\u00e0 e la sonorizzazione della serie Artist sono aperte, dinamiche e immediatamente reattive.<br \/>Questo approccio attento allo sviluppo nasce da un obiettivo semplice: offrire le migliori chitarre sul mercato a ogni fascia di prezzo, strumenti che abbiano un rapporto qualit\u00e0-prezzo davvero straordinario e offrano un&#8217;esperienza fantastica al musicista.<\/p>\n<p>Caratteristiche:<br \/>Serie: Alvarez Artist Elite<\/p>\n<p>\u2022 Costruzione: Dovetail Neck Joint<br \/>\u2022 Scala: 25 1\/2&#8243; (648 mm)<br \/>\u2022 Cassa Armonica: Grand Auditorium spalla mancante<br \/>\u2022 Catenatura: MST1 \u2013 Tapered X Bracing w\/Asymmetric Tone Bars<br \/>\u2022 Fondo e Fasce: Ebano Macassar laminato<br \/>\u2022 Binding: Ebano<br \/>\u2022 Top: Cedro Rosso AA massello<br \/>\u2022 Finitura Top: Shadowburst\/Gloss<br \/>\u2022 Manico: Mogano, finitura Semi Gloss 50\/50<br \/>\u2022 Tastiera: Lauro Indiano\/Palissandro<br \/>\u2022 Capotasto: Osso \u2013 44.45 mm (1 3\/4&#8243;)<br \/>\u2022 Inlay tastiera: Abalone Paua e madreperla, speciale intarsio al 12\u00b0 tasto<br \/>\u2022 Tasti: 21<br \/>\u2022 Meccaniche: Alvarez Premium<br \/>\u2022 Ponte: Bi-Level Lauro Indiano\/Palissandro, con selletta in osso e piroli in PPS<br \/>\u2022 Elettronica: LR Baggs StagePro EQ \/ Element Pick Up<br \/>\u2022 Corde: D&#8217;Addario EXP16<\/p>\n","protected":false},"excerpt":{"rendered":"<p>Artist Elite, Grand AuditoriumL&#8217;AGE95CESHB \u00e8 una Grand Auditorium splendidamente sviluppata con un raro e ispirato abbinamento di legni tonali.Il suo top in cedro rosso nord-occidentale AA e il corpo in ebano Macassar conferiscono a questa chitarra una sonorit\u00e0 calda e aperta con acuti pi\u00f9 scuri e bassi chiari.Esteticamente la chitarra \u00e8 sbalorditiva con una tonalit\u00e0 [&hellip;]<\/p>\n","protected":false},"featured_media":26069,"template":"","meta":{"site-sidebar-layout":"default","site-content-layout":"","ast-site-content-layout":"default","site-content-style":"default","site-sidebar-style":"default","ast-global-header-display":"","ast-banner-title-visibility":"","ast-main-header-display":"","ast-hfb-above-header-display":"","ast-hfb-below-header-display":"","ast-hfb-mobile-header-display":"","site-post-title":"","ast-breadcrumbs-content":"","ast-featured-img":"","footer-sml-layout":"","theme-transparent-header-meta":"","adv-header-id-meta":"","stick-header-meta":"","header-above-stick-meta":"","header-main-stick-meta":"","header-below-stick-meta":"","astra-migrate-meta-layouts":"default","ast-page-background-enabled":"default","ast-page-background-meta":{"desktop":{"background-color":"var(--ast-global-color-4)","background-image":"","background-repeat":"repeat","background-position":"center center","background-size":"auto","background-attachment":"scroll","background-type":"","background-media":"","overlay-type":"","overlay-color":"","overlay-opacity":"","overlay-gradient":""},"tablet":{"background-color":"","background-image":"","background-repeat":"repeat","background-position":"center center","background-size":"auto","background-attachment":"scroll","background-type":"","background-media":"","overlay-type":"","overlay-color":"","overlay-opacity":"","overlay-gradient":""},"mobile":{"background-color":"","background-image":"","background-repeat":"repeat","background-position":"center center","background-size":"auto","background-attachment":"scroll","background-type":"","background-media":"","overlay-type":"","overlay-color":"","overlay-opacity":"","overlay-gradient":""}},"ast-content-background-meta":{"desktop":{"background-color":"var(--ast-global-color-5)","background-image":"","background-repeat":"repeat","background-position":"center center","background-size":"auto","background-attachment":"scroll","background-type":"","background-media":"","overlay-type":"","overlay-color":"","overlay-opacity":"","overlay-gradient":""},"tablet":{"background-color":"var(--ast-global-color-5)","background-image":"","background-repeat":"repeat","background-position":"center center","background-size":"auto","background-attachment":"scroll","background-type":"","background-media":"","overlay-type":"","overlay-color":"","overlay-opacity":"","overlay-gradient":""},"mobile":{"background-color":"var(--ast-global-color-5)","background-image":"","background-repeat":"repeat","background-position":"center center","background-size":"auto","background-attachment":"scroll","background-type":"","background-media":"","overlay-type":"","overlay-color":"","overlay-opacity":"","overlay-gradient":""}}},"product_brand":[],"product_cat":[381],"product_tag":[],"class_list":{"0":"post-26067","1":"product","2":"type-product","3":"status-publish","4":"has-post-thumbnail","6":"product_cat-chitarre-acustiche-elettrificate","7":"desktop-align-left","8":"tablet-align-left","9":"mobile-align-left","11":"first","12":"instock","13":"taxable","14":"shipping-taxable","15":"purchasable","16":"product-type-simple"},"_links":{"self":[{"href":"https:\/\/gigionestrumentimusicali.it\/index.php\/wp-json\/wp\/v2\/product\/26067","targetHints":{"allow":["GET"]}}],"collection":[{"href":"https:\/\/gigionestrumentimusicali.it\/index.php\/wp-json\/wp\/v2\/product"}],"about":[{"href":"https:\/\/gigionestrumentimusicali.it\/index.php\/wp-json\/wp\/v2\/types\/product"}],"wp:featuredmedia":[{"embeddable":true,"href":"https:\/\/gigionestrumentimusicali.it\/index.php\/wp-json\/wp\/v2\/media\/26069"}],"wp:attachment":[{"href":"https:\/\/gigionestrumentimusicali.it\/index.php\/wp-json\/wp\/v2\/media?parent=26067"}],"wp:term":[{"taxonomy":"product_brand","embeddable":true,"href":"https:\/\/gigionestrumentimusicali.it\/index.php\/wp-json\/wp\/v2\/product_brand?post=26067"},{"taxonomy":"product_cat","embeddable":true,"href":"https:\/\/gigionestrumentimusicali.it\/index.php\/wp-json\/wp\/v2\/product_cat?post=26067"},{"taxonomy":"product_tag","embeddable":true,"href":"https:\/\/gigionestrumentimusicali.it\/index.php\/wp-json\/wp\/v2\/product_tag?post=26067"}],"curies":[{"name":"wp","href":"https:\/\/api.w.org\/{rel}","templated":true}]}}