{"id":26130,"date":"2025-04-19T09:19:19","date_gmt":"2025-04-19T09:19:19","guid":{"rendered":"https:\/\/gigionestrumentimusicali.it\/index.php\/product\/salvador-cortez-vnp-custom-vito-nicola-paradiso-chitarra-classica-preamplificata-spalla-piena\/"},"modified":"2026-04-09T21:27:23","modified_gmt":"2026-04-09T21:27:23","slug":"salvador-cortez-vnp-custom-vito-nicola-paradiso-chitarra-classica-preamplificata-spalla-piena","status":"publish","type":"product","link":"https:\/\/gigionestrumentimusicali.it\/index.php\/product\/salvador-cortez-vnp-custom-vito-nicola-paradiso-chitarra-classica-preamplificata-spalla-piena\/","title":{"rendered":"SALVADOR CORTEZ VNP CUSTOM VITO NICOLA PARADISO CHITARRA CLASSICA PREAMPLIFICATA SPALLA PIENA"},"content":{"rendered":"<p>La Salvador Cortez VNP-CUSTOM \u00e8 una chitarra classica amplificata a spalla piena costruita in collaborazione con Vito Nicola Paradiso. Pensata per concertisti come lui, che viaggiano molto e a cui serve uno strumento di alta qualit\u00e0 e affidabile al tempo stesso. Elettrificata con un sistema di preamplificazione piezoelettrico con microfono Fishman PSY-301 restituisce un suono naturale offrendo numerose regolazioni. La VNP-CUSTOM presenta un top cedro massello, fasce e fondo in palissandro massello indiano di alta qualit\u00e0 e un attacco del manico di tipo spagnolo. L\u2019ampio volume sonoro pi\u00f9 la risposta immediata, la nitida separazione dei registri, le numerose nuance calde e avvolgenti la rendono lo strumento perfetto per il concertista in trasferta che ha bisogno di uno strumento di alto livello e sempre affidabile. Il preamplificatore Fishman Presys 301 consente di riprodurre in modo semplice e immediato il suono naturale dello strumento offrendo numerose regolazioni. L&#8217;attacco tra il manico e corpo della chitarra \u00e8 di tipo spagnolo. Questo particolare sistema \u00e8 ritenuto il migliore per via della forma prolungata dello zocchetto, che aumenta la superficie di incollaggio e favorisce la trasmissione delle vibrazioni tra il manico e il corpo. Il manico presenta un profilo sottile e leggero pensato per agevolare la mano sinistra nei passaggi pi\u00f9 complicati. a tastiera ha una larghezza di 52mm sul capotasto e di 61mm al 12\u00b0 tasto. La VNP-CUSTOM \u00e8 dotata di truss-rod a doppia azione. Il truss-rod \u00e8 un\u2019anima metallica leggera posta all\u2019interno del manico per consentire di regolare l\u2019action della chitarra in modo semplice e veloce attraverso l\u2019impiego di una semplice chiave a brugola. Ci\u00f2 permette di ridurre al minimo i costi periodici di manutenzione e settaggio. Il Fishman Presys Blend \u00e8 un sistema di preamplifcazione con piezo e microfono che miscela la definizione del piezo elettrico con la corposit\u00e0 del microfono. Presenta tre controlli per le frequenze pi\u00f9 notch, mic-blend e phase. L\u2019accordatore digitale retroilluminato permette di accordare velocemente la chitarra, anche al buio.<\/p>\n","protected":false},"excerpt":{"rendered":"<p>La Salvador Cortez VNP-CUSTOM \u00e8 una chitarra classica amplificata a spalla piena costruita in collaborazione con Vito Nicola Paradiso. Pensata per concertisti come lui, che viaggiano molto e a cui serve uno strumento di alta qualit\u00e0 e affidabile al tempo stesso. Elettrificata con un sistema di preamplificazione piezoelettrico con microfono Fishman PSY-301 restituisce un suono [&hellip;]<\/p>\n","protected":false},"featured_media":26125,"template":"","meta":{"site-sidebar-layout":"default","site-content-layout":"","ast-site-content-layout":"default","site-content-style":"default","site-sidebar-style":"default","ast-global-header-display":"","ast-banner-title-visibility":"","ast-main-header-display":"","ast-hfb-above-header-display":"","ast-hfb-below-header-display":"","ast-hfb-mobile-header-display":"","site-post-title":"","ast-breadcrumbs-content":"","ast-featured-img":"","footer-sml-layout":"","theme-transparent-header-meta":"","adv-header-id-meta":"","stick-header-meta":"","header-above-stick-meta":"","header-main-stick-meta":"","header-below-stick-meta":"","astra-migrate-meta-layouts":"default","ast-page-background-enabled":"default","ast-page-background-meta":{"desktop":{"background-color":"var(--ast-global-color-4)","background-image":"","background-repeat":"repeat","background-position":"center center","background-size":"auto","background-attachment":"scroll","background-type":"","background-media":"","overlay-type":"","overlay-color":"","overlay-opacity":"","overlay-gradient":""},"tablet":{"background-color":"","background-image":"","background-repeat":"repeat","background-position":"center center","background-size":"auto","background-attachment":"scroll","background-type":"","background-media":"","overlay-type":"","overlay-color":"","overlay-opacity":"","overlay-gradient":""},"mobile":{"background-color":"","background-image":"","background-repeat":"repeat","background-position":"center center","background-size":"auto","background-attachment":"scroll","background-type":"","background-media":"","overlay-type":"","overlay-color":"","overlay-opacity":"","overlay-gradient":""}},"ast-content-background-meta":{"desktop":{"background-color":"var(--ast-global-color-5)","background-image":"","background-repeat":"repeat","background-position":"center center","background-size":"auto","background-attachment":"scroll","background-type":"","background-media":"","overlay-type":"","overlay-color":"","overlay-opacity":"","overlay-gradient":""},"tablet":{"background-color":"var(--ast-global-color-5)","background-image":"","background-repeat":"repeat","background-position":"center center","background-size":"auto","background-attachment":"scroll","background-type":"","background-media":"","overlay-type":"","overlay-color":"","overlay-opacity":"","overlay-gradient":""},"mobile":{"background-color":"var(--ast-global-color-5)","background-image":"","background-repeat":"repeat","background-position":"center center","background-size":"auto","background-attachment":"scroll","background-type":"","background-media":"","overlay-type":"","overlay-color":"","overlay-opacity":"","overlay-gradient":""}}},"product_brand":[],"product_cat":[386],"product_tag":[],"class_list":{"0":"post-26130","1":"product","2":"type-product","3":"status-publish","4":"has-post-thumbnail","6":"product_cat-chitarre-classiche-elettrificate","7":"desktop-align-left","8":"tablet-align-left","9":"mobile-align-left","11":"first","12":"instock","13":"taxable","14":"shipping-taxable","15":"purchasable","16":"product-type-simple"},"_links":{"self":[{"href":"https:\/\/gigionestrumentimusicali.it\/index.php\/wp-json\/wp\/v2\/product\/26130","targetHints":{"allow":["GET"]}}],"collection":[{"href":"https:\/\/gigionestrumentimusicali.it\/index.php\/wp-json\/wp\/v2\/product"}],"about":[{"href":"https:\/\/gigionestrumentimusicali.it\/index.php\/wp-json\/wp\/v2\/types\/product"}],"wp:featuredmedia":[{"embeddable":true,"href":"https:\/\/gigionestrumentimusicali.it\/index.php\/wp-json\/wp\/v2\/media\/26125"}],"wp:attachment":[{"href":"https:\/\/gigionestrumentimusicali.it\/index.php\/wp-json\/wp\/v2\/media?parent=26130"}],"wp:term":[{"taxonomy":"product_brand","embeddable":true,"href":"https:\/\/gigionestrumentimusicali.it\/index.php\/wp-json\/wp\/v2\/product_brand?post=26130"},{"taxonomy":"product_cat","embeddable":true,"href":"https:\/\/gigionestrumentimusicali.it\/index.php\/wp-json\/wp\/v2\/product_cat?post=26130"},{"taxonomy":"product_tag","embeddable":true,"href":"https:\/\/gigionestrumentimusicali.it\/index.php\/wp-json\/wp\/v2\/product_tag?post=26130"}],"curies":[{"name":"wp","href":"https:\/\/api.w.org\/{rel}","templated":true}]}}