{"id":26845,"date":"2025-10-15T17:05:20","date_gmt":"2025-10-15T17:05:20","guid":{"rendered":"https:\/\/gigionestrumentimusicali.it\/index.php\/product\/fisarmonica-estrella-37-80-rossa\/"},"modified":"2026-04-20T23:34:58","modified_gmt":"2026-04-20T23:34:58","slug":"fisarmonica-estrella-37-80-rossa","status":"publish","type":"product","link":"https:\/\/gigionestrumentimusicali.it\/index.php\/product\/fisarmonica-estrella-37-80-rossa\/","title":{"rendered":"FISARMONICA ESTRELLA 37\/80 ROSSA"},"content":{"rendered":"<p>La fisarmonica Estrella 37\/80 rossa \u00e8 un modello con 37 tasti al canto e 80 bassi, ideale per studenti e musicisti che cercano uno strumento leggero e compatto. \u00c8 un modello popolare tra chi si avvicina allo strumento, ma anche tra i musicisti pi\u00f9 esperti che desiderano una fisarmonica pi\u00f9 maneggevole. <br \/>Caratteristiche principali<br \/>Secondo le informazioni disponibili online, queste sono le specifiche del modello Estrella 37\/80: <br \/>Tasti: 37<br \/>Bassi: 80<br \/>Voci: 3 voci<br \/>Registri al canto: 7<br \/>Registri ai bassi: 2<br \/>Colore: Rosso<br \/>Accessori: Di solito viene fornita con una custodia imbottita e spallacci per un comodo trasporto.<\/p>\n","protected":false},"excerpt":{"rendered":"<p>La fisarmonica Estrella 37\/80 rossa \u00e8 un modello con 37 tasti al canto e 80 bassi, ideale per studenti e musicisti che cercano uno strumento leggero e compatto. \u00c8 un modello popolare tra chi si avvicina allo strumento, ma anche tra i musicisti pi\u00f9 esperti che desiderano una fisarmonica pi\u00f9 maneggevole. Caratteristiche principaliSecondo le informazioni [&hellip;]<\/p>\n","protected":false},"featured_media":26861,"template":"","meta":{"site-sidebar-layout":"default","site-content-layout":"","ast-site-content-layout":"default","site-content-style":"default","site-sidebar-style":"default","ast-global-header-display":"","ast-banner-title-visibility":"","ast-main-header-display":"","ast-hfb-above-header-display":"","ast-hfb-below-header-display":"","ast-hfb-mobile-header-display":"","site-post-title":"","ast-breadcrumbs-content":"","ast-featured-img":"","footer-sml-layout":"","theme-transparent-header-meta":"","adv-header-id-meta":"","stick-header-meta":"","header-above-stick-meta":"","header-main-stick-meta":"","header-below-stick-meta":"","astra-migrate-meta-layouts":"default","ast-page-background-enabled":"default","ast-page-background-meta":{"desktop":{"background-color":"var(--ast-global-color-4)","background-image":"","background-repeat":"repeat","background-position":"center center","background-size":"auto","background-attachment":"scroll","background-type":"","background-media":"","overlay-type":"","overlay-color":"","overlay-opacity":"","overlay-gradient":""},"tablet":{"background-color":"","background-image":"","background-repeat":"repeat","background-position":"center center","background-size":"auto","background-attachment":"scroll","background-type":"","background-media":"","overlay-type":"","overlay-color":"","overlay-opacity":"","overlay-gradient":""},"mobile":{"background-color":"","background-image":"","background-repeat":"repeat","background-position":"center center","background-size":"auto","background-attachment":"scroll","background-type":"","background-media":"","overlay-type":"","overlay-color":"","overlay-opacity":"","overlay-gradient":""}},"ast-content-background-meta":{"desktop":{"background-color":"var(--ast-global-color-5)","background-image":"","background-repeat":"repeat","background-position":"center center","background-size":"auto","background-attachment":"scroll","background-type":"","background-media":"","overlay-type":"","overlay-color":"","overlay-opacity":"","overlay-gradient":""},"tablet":{"background-color":"var(--ast-global-color-5)","background-image":"","background-repeat":"repeat","background-position":"center center","background-size":"auto","background-attachment":"scroll","background-type":"","background-media":"","overlay-type":"","overlay-color":"","overlay-opacity":"","overlay-gradient":""},"mobile":{"background-color":"var(--ast-global-color-5)","background-image":"","background-repeat":"repeat","background-position":"center center","background-size":"auto","background-attachment":"scroll","background-type":"","background-media":"","overlay-type":"","overlay-color":"","overlay-opacity":"","overlay-gradient":""}}},"product_brand":[],"product_cat":[670],"product_tag":[],"class_list":{"0":"post-26845","1":"product","2":"type-product","3":"status-publish","4":"has-post-thumbnail","6":"product_cat-fisarmoniche","7":"desktop-align-left","8":"tablet-align-left","9":"mobile-align-left","11":"first","12":"instock","13":"taxable","14":"shipping-taxable","15":"purchasable","16":"product-type-simple"},"_links":{"self":[{"href":"https:\/\/gigionestrumentimusicali.it\/index.php\/wp-json\/wp\/v2\/product\/26845","targetHints":{"allow":["GET"]}}],"collection":[{"href":"https:\/\/gigionestrumentimusicali.it\/index.php\/wp-json\/wp\/v2\/product"}],"about":[{"href":"https:\/\/gigionestrumentimusicali.it\/index.php\/wp-json\/wp\/v2\/types\/product"}],"wp:featuredmedia":[{"embeddable":true,"href":"https:\/\/gigionestrumentimusicali.it\/index.php\/wp-json\/wp\/v2\/media\/26861"}],"wp:attachment":[{"href":"https:\/\/gigionestrumentimusicali.it\/index.php\/wp-json\/wp\/v2\/media?parent=26845"}],"wp:term":[{"taxonomy":"product_brand","embeddable":true,"href":"https:\/\/gigionestrumentimusicali.it\/index.php\/wp-json\/wp\/v2\/product_brand?post=26845"},{"taxonomy":"product_cat","embeddable":true,"href":"https:\/\/gigionestrumentimusicali.it\/index.php\/wp-json\/wp\/v2\/product_cat?post=26845"},{"taxonomy":"product_tag","embeddable":true,"href":"https:\/\/gigionestrumentimusicali.it\/index.php\/wp-json\/wp\/v2\/product_tag?post=26845"}],"curies":[{"name":"wp","href":"https:\/\/api.w.org\/{rel}","templated":true}]}}