{"id":27040,"date":"2025-11-04T16:36:35","date_gmt":"2025-11-04T16:36:35","guid":{"rendered":"https:\/\/gigionestrumentimusicali.it\/index.php\/product\/cort-action-bass-plus-lh-left-mancino-black\/"},"modified":"2026-04-13T23:54:27","modified_gmt":"2026-04-13T23:54:27","slug":"cort-action-bass-plus-lh-left-mancino-black","status":"publish","type":"product","link":"https:\/\/gigionestrumentimusicali.it\/index.php\/product\/cort-action-bass-plus-lh-left-mancino-black\/","title":{"rendered":"CORT ACTION BASS PLUS LH LEFT MANCINO BLACK"},"content":{"rendered":"<p>Il Cort Action Bass Plus LH \u00e8 costruito per affrontare con facilit\u00e0 bassline su bassline. Grazie al corpo ergonomico e al manico sottile in acero, \u00e8 possibile affrontare senza problemi bassline complesse: slap, ritmo e funk non sono mai stati cos\u00ec fluidi! E con un set di pickup Cort PJ che danno voce ad una serie di toni ricchi e caldi, potrete modellare l&#8217;Action Plus per adattarlo praticamente a qualsiasi genere o stile.<\/p>\n<p>L&#8217;equalizzatore attivo a due bande offre funzioni di boost e cut per le frequenze alte e basse accuratamente selezionate, rendendo semplicissimo comporre il suono preferito. Il risultato \u00e8 un&#8217;ampia gamma tonale, con una gamma bassa incisiva e definita e un&#8217;alta frequenza omogenea. Grazie alle testine pressofuse e al ponte EB6 di Cort, l&#8217;intonazione e la stabilit\u00e0 dell&#8217;accordatura sono a dir poco eccezionali. Con l&#8217;Action Bass Plus avete trovato il vostro prossimo cavallo di battaglia per i concerti e lo studio!<\/p>\n<p>Codice di riferimento: 284225<\/p>\n<p>Descrizione completa<br \/>La combinazione magica<br \/>Sono eccezionali. Grazie all&#8217;eccellente versatilit\u00e0 tonale, l&#8217;accoppiata di pickup PSEB PJ vi offrir\u00e0 una gamma di suoni classici del basso con cui suonare. Sia che vogliate un suono teso, incisivo e medio-pesante, sia che vogliate un tono basso e morbido, potete essere certi che questi pickup vi aiuteranno a creare basslines potenti e scintillanti. Inoltre, la sezione EQ attiva a 2 bande consente di regolare le frequenze basse e alte per un controllo ancora maggiore sul suono. Grazie a queste caratteristiche impeccabili, sarete in grado di ottenere la vostra voce di basso perfetta.<\/p>\n<p>Ottima suonabilit\u00e0<br \/>Super scorrevole. Con un manico in acero tra le mani, il vostro basso avr\u00e0 un suono spettacolare. Questo perch\u00e9 l&#8217;acero ha una risonanza brillante e incisiva, che aiuta a spingere le note attraverso il mix e a enfatizzarle. Inoltre, \u00e8 comodo da suonare, in quanto consente alla mano di manovrare tastiera ebonizzata jatoba con la massima libert\u00e0. Dato che la suonabilit\u00e0 \u00e8 cos\u00ec importante in un basso, questo garantisce che sarete soddisfatti ogni volta che suonerete.<\/p>\n<p>Pi\u00f9 che equipaggiato<br \/>Una ricchezza di qualit\u00e0. Che siate principianti o esperti, questo basso resiste a qualsiasi tipo di trattamento. La forma ergonomica del corpo contribuisce a massimizzare il comfort e la resistenza del suono, mentre il ponte EB6 offre un supporto e un sustain eccezionali. Gli accordatori pressofusi rendono l&#8217;accordatura facile e veloce. Questo \u00e8 un basso ricco di opportunit\u00e0 per migliorare il vostro modo di suonare e portarlo a un livello superiore.<\/p>\n<p>Caratteristiche tecniche<br \/>Corpo<br \/>Costruzione:Imbullonato<br \/>Cutaway: Doppio Cutaway<br \/>Corpo: Pioppo<br \/>Manico e Tastiera<br \/>Manico: Acero duro canadese<br \/>Tastiera: Jatoba (raggio di 400 mm)<br \/>Tasti: 24<br \/>Scala: 864 mm (34&#8243;)<br \/>Intarsio: Puntini bianchi<br \/>Hardware ed elettronica<br \/>Accordatori: Accordatori pressofusi<br \/>Ponte: Ponte EB6(4)<br \/>pickup: pickup PSEB4-4\/F e PSEB1-4\/R<br \/>Elettronica: EQ attivo a 2 bande<br \/>Hardware: Hardware cromato<\/p>\n","protected":false},"excerpt":{"rendered":"<p>Il Cort Action Bass Plus LH \u00e8 costruito per affrontare con facilit\u00e0 bassline su bassline. Grazie al corpo ergonomico e al manico sottile in acero, \u00e8 possibile affrontare senza problemi bassline complesse: slap, ritmo e funk non sono mai stati cos\u00ec fluidi! E con un set di pickup Cort PJ che danno voce ad una [&hellip;]<\/p>\n","protected":false},"featured_media":27041,"template":"","meta":{"site-sidebar-layout":"default","site-content-layout":"","ast-site-content-layout":"default","site-content-style":"default","site-sidebar-style":"default","ast-global-header-display":"","ast-banner-title-visibility":"","ast-main-header-display":"","ast-hfb-above-header-display":"","ast-hfb-below-header-display":"","ast-hfb-mobile-header-display":"","site-post-title":"","ast-breadcrumbs-content":"","ast-featured-img":"","footer-sml-layout":"","theme-transparent-header-meta":"","adv-header-id-meta":"","stick-header-meta":"","header-above-stick-meta":"","header-main-stick-meta":"","header-below-stick-meta":"","astra-migrate-meta-layouts":"default","ast-page-background-enabled":"default","ast-page-background-meta":{"desktop":{"background-color":"var(--ast-global-color-4)","background-image":"","background-repeat":"repeat","background-position":"center center","background-size":"auto","background-attachment":"scroll","background-type":"","background-media":"","overlay-type":"","overlay-color":"","overlay-opacity":"","overlay-gradient":""},"tablet":{"background-color":"","background-image":"","background-repeat":"repeat","background-position":"center center","background-size":"auto","background-attachment":"scroll","background-type":"","background-media":"","overlay-type":"","overlay-color":"","overlay-opacity":"","overlay-gradient":""},"mobile":{"background-color":"","background-image":"","background-repeat":"repeat","background-position":"center center","background-size":"auto","background-attachment":"scroll","background-type":"","background-media":"","overlay-type":"","overlay-color":"","overlay-opacity":"","overlay-gradient":""}},"ast-content-background-meta":{"desktop":{"background-color":"var(--ast-global-color-5)","background-image":"","background-repeat":"repeat","background-position":"center center","background-size":"auto","background-attachment":"scroll","background-type":"","background-media":"","overlay-type":"","overlay-color":"","overlay-opacity":"","overlay-gradient":""},"tablet":{"background-color":"var(--ast-global-color-5)","background-image":"","background-repeat":"repeat","background-position":"center center","background-size":"auto","background-attachment":"scroll","background-type":"","background-media":"","overlay-type":"","overlay-color":"","overlay-opacity":"","overlay-gradient":""},"mobile":{"background-color":"var(--ast-global-color-5)","background-image":"","background-repeat":"repeat","background-position":"center center","background-size":"auto","background-attachment":"scroll","background-type":"","background-media":"","overlay-type":"","overlay-color":"","overlay-opacity":"","overlay-gradient":""}}},"product_brand":[],"product_cat":[164],"product_tag":[],"class_list":{"0":"post-27040","1":"product","2":"type-product","3":"status-publish","4":"has-post-thumbnail","6":"product_cat-bassi-mancini","7":"desktop-align-left","8":"tablet-align-left","9":"mobile-align-left","11":"first","12":"instock","13":"taxable","14":"shipping-taxable","15":"purchasable","16":"product-type-simple"},"_links":{"self":[{"href":"https:\/\/gigionestrumentimusicali.it\/index.php\/wp-json\/wp\/v2\/product\/27040","targetHints":{"allow":["GET"]}}],"collection":[{"href":"https:\/\/gigionestrumentimusicali.it\/index.php\/wp-json\/wp\/v2\/product"}],"about":[{"href":"https:\/\/gigionestrumentimusicali.it\/index.php\/wp-json\/wp\/v2\/types\/product"}],"wp:featuredmedia":[{"embeddable":true,"href":"https:\/\/gigionestrumentimusicali.it\/index.php\/wp-json\/wp\/v2\/media\/27041"}],"wp:attachment":[{"href":"https:\/\/gigionestrumentimusicali.it\/index.php\/wp-json\/wp\/v2\/media?parent=27040"}],"wp:term":[{"taxonomy":"product_brand","embeddable":true,"href":"https:\/\/gigionestrumentimusicali.it\/index.php\/wp-json\/wp\/v2\/product_brand?post=27040"},{"taxonomy":"product_cat","embeddable":true,"href":"https:\/\/gigionestrumentimusicali.it\/index.php\/wp-json\/wp\/v2\/product_cat?post=27040"},{"taxonomy":"product_tag","embeddable":true,"href":"https:\/\/gigionestrumentimusicali.it\/index.php\/wp-json\/wp\/v2\/product_tag?post=27040"}],"curies":[{"name":"wp","href":"https:\/\/api.w.org\/{rel}","templated":true}]}}