{"id":27300,"date":"2025-12-11T18:00:21","date_gmt":"2025-12-11T18:00:21","guid":{"rendered":"https:\/\/gigionestrumentimusicali.it\/index.php\/product\/audizio-rp114bl-giradischi-valigetta-altoparlanti-10w-rms-e-usb-blue\/"},"modified":"2026-04-13T18:07:13","modified_gmt":"2026-04-13T18:07:13","slug":"audizio-rp114bl-giradischi-valigetta-altoparlanti-10w-rms-e-usb-blue","status":"publish","type":"product","link":"https:\/\/gigionestrumentimusicali.it\/index.php\/product\/audizio-rp114bl-giradischi-valigetta-altoparlanti-10w-rms-e-usb-blue\/","title":{"rendered":"AUDIZIO RP114BL GIRADISCHI valigetta altoparlanti 10W RMS e USB, Blue"},"content":{"rendered":"<p>Descrizione<br \/>AUDIZIO RP114BL Record Player Briefcase Blue (102.040)<\/p>\n<p>Giradischi a valigetta con altoparlanti stereo integrati con potenza di 10 W RMS e USB, Blue.<\/p>\n<p>NUOVO &#8211; ORIGINALE &#8211; GARANZIA ITALIANA<\/p>\n<p>Descrizione:<\/p>\n<p>Il giradischi RP114 in design a valigia \u00e8 la perfetta combinazione di stile trendy e retr\u00f2. Questo giradischi dal design elegante presenta una finitura effetto pelle nostalgica, \u00e8 leggero e permette di ascoltare musica senza doverlo collegare a un sistema di altoparlanti grazie al sistema di altoparlanti stereo integrato. Il design portatile e la maniglia per il trasporto consentono di ascoltare musica ovunque.<\/p>\n<p>Caratteristiche Principali:<\/p>\n<p>Giradischi elegante in design a valigia<br \/>Altoparlanti stereo full-range integrati<br \/>3 velocit\u00e0 per dischi a 33 1\/3, 45 e 78 giri, adattatore incluso<br \/>Braccio con arresto manuale o automatico (interruttore on\/off)<br \/>Riproduce dischi da 7&#8221;, 10&#8221; e 12&#8221;<br \/>Codifica PC tramite USB (converte i vinili in MP3), software e cavo USB inclusi<br \/>Ingresso AUX da 3,5 mm<br \/>Meccanismo giradischi a cinghia<br \/>Testina stereo in ceramica con puntina<br \/>Uscita cuffie<br \/>Uscita di linea RCA per il collegamento all&#8217;impianto stereo<br \/>Mobile in legno con finitura in similpelle<br \/>Colore: blu.<\/p>\n<p>Specifiche Tecniche:<\/p>\n<p>Marca Audizio<br \/>Colore prodotto Blu<br \/>Opzioni di riproduzione Vinile, Ingresso di linea<br \/>Connessioni di ingresso Jack da 3,5 mm<br \/>Connessioni di uscita Jack da 3,5 mm, USB<br \/>Impostazioni di velocit\u00e0 (RPM) 33, 45, 78<br \/>Alimentazione 100-240 V CA 50\/60 Hz (adattatore 5 V)<br \/>Dimensioni (L x P x A) 265 x 352 x 125 mm<br \/>Peso (kg) 2,45<br \/>Accessori inclusi Adattatore di alimentazione, cavo USB.<\/p>\n","protected":false},"excerpt":{"rendered":"<p>DescrizioneAUDIZIO RP114BL Record Player Briefcase Blue (102.040) Giradischi a valigetta con altoparlanti stereo integrati con potenza di 10 W RMS e USB, Blue. NUOVO &#8211; ORIGINALE &#8211; GARANZIA ITALIANA Descrizione: Il giradischi RP114 in design a valigia \u00e8 la perfetta combinazione di stile trendy e retr\u00f2. Questo giradischi dal design elegante presenta una finitura effetto [&hellip;]<\/p>\n","protected":false},"featured_media":27301,"template":"","meta":{"site-sidebar-layout":"default","site-content-layout":"","ast-site-content-layout":"default","site-content-style":"default","site-sidebar-style":"default","ast-global-header-display":"","ast-banner-title-visibility":"","ast-main-header-display":"","ast-hfb-above-header-display":"","ast-hfb-below-header-display":"","ast-hfb-mobile-header-display":"","site-post-title":"","ast-breadcrumbs-content":"","ast-featured-img":"","footer-sml-layout":"","theme-transparent-header-meta":"","adv-header-id-meta":"","stick-header-meta":"","header-above-stick-meta":"","header-main-stick-meta":"","header-below-stick-meta":"","astra-migrate-meta-layouts":"default","ast-page-background-enabled":"default","ast-page-background-meta":{"desktop":{"background-color":"var(--ast-global-color-4)","background-image":"","background-repeat":"repeat","background-position":"center center","background-size":"auto","background-attachment":"scroll","background-type":"","background-media":"","overlay-type":"","overlay-color":"","overlay-opacity":"","overlay-gradient":""},"tablet":{"background-color":"","background-image":"","background-repeat":"repeat","background-position":"center center","background-size":"auto","background-attachment":"scroll","background-type":"","background-media":"","overlay-type":"","overlay-color":"","overlay-opacity":"","overlay-gradient":""},"mobile":{"background-color":"","background-image":"","background-repeat":"repeat","background-position":"center center","background-size":"auto","background-attachment":"scroll","background-type":"","background-media":"","overlay-type":"","overlay-color":"","overlay-opacity":"","overlay-gradient":""}},"ast-content-background-meta":{"desktop":{"background-color":"var(--ast-global-color-5)","background-image":"","background-repeat":"repeat","background-position":"center center","background-size":"auto","background-attachment":"scroll","background-type":"","background-media":"","overlay-type":"","overlay-color":"","overlay-opacity":"","overlay-gradient":""},"tablet":{"background-color":"var(--ast-global-color-5)","background-image":"","background-repeat":"repeat","background-position":"center center","background-size":"auto","background-attachment":"scroll","background-type":"","background-media":"","overlay-type":"","overlay-color":"","overlay-opacity":"","overlay-gradient":""},"mobile":{"background-color":"var(--ast-global-color-5)","background-image":"","background-repeat":"repeat","background-position":"center center","background-size":"auto","background-attachment":"scroll","background-type":"","background-media":"","overlay-type":"","overlay-color":"","overlay-opacity":"","overlay-gradient":""}}},"product_brand":[],"product_cat":[497],"product_tag":[],"class_list":{"0":"post-27300","1":"product","2":"type-product","3":"status-publish","4":"has-post-thumbnail","6":"product_cat-giradischi-giradischi","7":"desktop-align-left","8":"tablet-align-left","9":"mobile-align-left","11":"first","12":"instock","13":"taxable","14":"shipping-taxable","15":"purchasable","16":"product-type-simple"},"_links":{"self":[{"href":"https:\/\/gigionestrumentimusicali.it\/index.php\/wp-json\/wp\/v2\/product\/27300","targetHints":{"allow":["GET"]}}],"collection":[{"href":"https:\/\/gigionestrumentimusicali.it\/index.php\/wp-json\/wp\/v2\/product"}],"about":[{"href":"https:\/\/gigionestrumentimusicali.it\/index.php\/wp-json\/wp\/v2\/types\/product"}],"wp:featuredmedia":[{"embeddable":true,"href":"https:\/\/gigionestrumentimusicali.it\/index.php\/wp-json\/wp\/v2\/media\/27301"}],"wp:attachment":[{"href":"https:\/\/gigionestrumentimusicali.it\/index.php\/wp-json\/wp\/v2\/media?parent=27300"}],"wp:term":[{"taxonomy":"product_brand","embeddable":true,"href":"https:\/\/gigionestrumentimusicali.it\/index.php\/wp-json\/wp\/v2\/product_brand?post=27300"},{"taxonomy":"product_cat","embeddable":true,"href":"https:\/\/gigionestrumentimusicali.it\/index.php\/wp-json\/wp\/v2\/product_cat?post=27300"},{"taxonomy":"product_tag","embeddable":true,"href":"https:\/\/gigionestrumentimusicali.it\/index.php\/wp-json\/wp\/v2\/product_tag?post=27300"}],"curies":[{"name":"wp","href":"https:\/\/api.w.org\/{rel}","templated":true}]}}