{"id":27310,"date":"2025-12-11T18:22:49","date_gmt":"2025-12-11T18:22:49","guid":{"rendered":"https:\/\/gigionestrumentimusicali.it\/index.php\/product\/yamaha-clavinova-clp-845-b\/"},"modified":"2026-04-07T11:18:27","modified_gmt":"2026-04-07T11:18:27","slug":"yamaha-clavinova-clp-845-b","status":"publish","type":"product","link":"https:\/\/gigionestrumentimusicali.it\/index.php\/product\/yamaha-clavinova-clp-845-b\/","title":{"rendered":"YAMAHA CLAVINOVA CLP-845 B"},"content":{"rendered":"<p>PIANOFORTE DIGITALE 88 TASTI CLAVINOVA NERO<\/p>\n<p>La tastiera GrandTouch e i diffusori a 3 vie accuratamente bilanciati con trombe bidirezionali e speakers, ti regalano il tocco e il feeling di un vero pianoforte a coda. La serie Clavinova CLP punta a replicare il feeling e l&#8217;esperienza di suonare un pianoforte a coda acustico su strumenti digitali, combinando la pi\u00f9 recente tecnologia digitale all&#8217;artigianato della costruzione di pianoforti acustici coltivato in oltre 120 anni. La musica classica \u00e8 uno dei generi musicali pi\u00f9 esigenti in termini di espressione. I pianoforti a coda possiedono una gamma pressoch\u00e9 illimitata di capacit\u00e0 espressive e per questo sono lo strumento preferito dai maestri della musica classica. La serie CLP offre una qualit\u00e0 che soddisfa le esigenze sia di una pratica, che di un\u2019esecuzione di alto livello, insieme a numerose funzioni che rendono l\u2019esercizio divertente ed efficace. Goditi una serie di funzioni pratiche e comode possibili solo con un pianoforte digitale, tra cui la registrazione, il collegamento con le app e il piacevole suono in cuffia fornito dal campionamento binaurale.<br \/>Caratteristiche<br \/>Numero di tasti: 88<br \/>Keyboard: Hammer action, GrandTouch-S tasti di legno (solo bianchi), tasti in ebano e avorio sintetico<br \/>Sensibile a tocco<br \/>Funzioni: Dual, Split, Duo<br \/>Song: 23 demo delle voci + 50 classiche + 303 song per lezione<br \/>Registrazione audio (unit\u00e0 flash USB)<br \/>Tempo massimo di registrazione 80 minuti\/song<br \/>Bluetooth<br \/>Memorizzazione: Memoria interna Circa 1,4 MB, Unit\u00e0 esterne Unit\u00e0 flash USB<br \/>Connessioni: Jack 3,5&#8243; Phone, Jack 3,5&#8243; Aux In, Jack 3,5&#8243; , Usb to device, Usb from device, Jack 3,5&#8243; Aux Out<br \/>Amplificatori: 45 W + 45 W \u00d7 2<br \/>Altoparlanti: 16 cm con diffusore + 8 cm con diffuso<br \/>Effetti<br \/>Colore: Nero<br \/>Accessori in dotazione: Manuale di istruzioni, 50 partiture, card registrazione prodotto membro online, alimentatore<br \/>Dimensioni (LxPxA): 1450 x x 460 x 927 mm<br \/>Peso: 60 Kg<\/p>\n","protected":false},"excerpt":{"rendered":"<p>PIANOFORTE DIGITALE 88 TASTI CLAVINOVA NERO La tastiera GrandTouch e i diffusori a 3 vie accuratamente bilanciati con trombe bidirezionali e speakers, ti regalano il tocco e il feeling di un vero pianoforte a coda. La serie Clavinova CLP punta a replicare il feeling e l&#8217;esperienza di suonare un pianoforte a coda acustico su strumenti [&hellip;]<\/p>\n","protected":false},"featured_media":27311,"template":"","meta":{"site-sidebar-layout":"default","site-content-layout":"","ast-site-content-layout":"default","site-content-style":"default","site-sidebar-style":"default","ast-global-header-display":"","ast-banner-title-visibility":"","ast-main-header-display":"","ast-hfb-above-header-display":"","ast-hfb-below-header-display":"","ast-hfb-mobile-header-display":"","site-post-title":"","ast-breadcrumbs-content":"","ast-featured-img":"","footer-sml-layout":"","theme-transparent-header-meta":"","adv-header-id-meta":"","stick-header-meta":"","header-above-stick-meta":"","header-main-stick-meta":"","header-below-stick-meta":"","astra-migrate-meta-layouts":"default","ast-page-background-enabled":"default","ast-page-background-meta":{"desktop":{"background-color":"var(--ast-global-color-4)","background-image":"","background-repeat":"repeat","background-position":"center center","background-size":"auto","background-attachment":"scroll","background-type":"","background-media":"","overlay-type":"","overlay-color":"","overlay-opacity":"","overlay-gradient":""},"tablet":{"background-color":"","background-image":"","background-repeat":"repeat","background-position":"center center","background-size":"auto","background-attachment":"scroll","background-type":"","background-media":"","overlay-type":"","overlay-color":"","overlay-opacity":"","overlay-gradient":""},"mobile":{"background-color":"","background-image":"","background-repeat":"repeat","background-position":"center center","background-size":"auto","background-attachment":"scroll","background-type":"","background-media":"","overlay-type":"","overlay-color":"","overlay-opacity":"","overlay-gradient":""}},"ast-content-background-meta":{"desktop":{"background-color":"var(--ast-global-color-5)","background-image":"","background-repeat":"repeat","background-position":"center center","background-size":"auto","background-attachment":"scroll","background-type":"","background-media":"","overlay-type":"","overlay-color":"","overlay-opacity":"","overlay-gradient":""},"tablet":{"background-color":"var(--ast-global-color-5)","background-image":"","background-repeat":"repeat","background-position":"center center","background-size":"auto","background-attachment":"scroll","background-type":"","background-media":"","overlay-type":"","overlay-color":"","overlay-opacity":"","overlay-gradient":""},"mobile":{"background-color":"var(--ast-global-color-5)","background-image":"","background-repeat":"repeat","background-position":"center center","background-size":"auto","background-attachment":"scroll","background-type":"","background-media":"","overlay-type":"","overlay-color":"","overlay-opacity":"","overlay-gradient":""}}},"product_brand":[],"product_cat":[675],"product_tag":[],"class_list":{"0":"post-27310","1":"product","2":"type-product","3":"status-publish","4":"has-post-thumbnail","6":"product_cat-pianoforti-digitali","7":"desktop-align-left","8":"tablet-align-left","9":"mobile-align-left","11":"first","12":"instock","13":"taxable","14":"shipping-taxable","15":"purchasable","16":"product-type-simple"},"_links":{"self":[{"href":"https:\/\/gigionestrumentimusicali.it\/index.php\/wp-json\/wp\/v2\/product\/27310","targetHints":{"allow":["GET"]}}],"collection":[{"href":"https:\/\/gigionestrumentimusicali.it\/index.php\/wp-json\/wp\/v2\/product"}],"about":[{"href":"https:\/\/gigionestrumentimusicali.it\/index.php\/wp-json\/wp\/v2\/types\/product"}],"wp:featuredmedia":[{"embeddable":true,"href":"https:\/\/gigionestrumentimusicali.it\/index.php\/wp-json\/wp\/v2\/media\/27311"}],"wp:attachment":[{"href":"https:\/\/gigionestrumentimusicali.it\/index.php\/wp-json\/wp\/v2\/media?parent=27310"}],"wp:term":[{"taxonomy":"product_brand","embeddable":true,"href":"https:\/\/gigionestrumentimusicali.it\/index.php\/wp-json\/wp\/v2\/product_brand?post=27310"},{"taxonomy":"product_cat","embeddable":true,"href":"https:\/\/gigionestrumentimusicali.it\/index.php\/wp-json\/wp\/v2\/product_cat?post=27310"},{"taxonomy":"product_tag","embeddable":true,"href":"https:\/\/gigionestrumentimusicali.it\/index.php\/wp-json\/wp\/v2\/product_tag?post=27310"}],"curies":[{"name":"wp","href":"https:\/\/api.w.org\/{rel}","templated":true}]}}