{"id":27390,"date":"2025-12-12T10:19:30","date_gmt":"2025-12-12T10:19:30","guid":{"rendered":"https:\/\/gigionestrumentimusicali.it\/index.php\/product\/electro-voice-rain-cover-everse-8\/"},"modified":"2026-04-22T20:13:27","modified_gmt":"2026-04-22T20:13:27","slug":"electro-voice-rain-cover-everse-8","status":"publish","type":"product","link":"https:\/\/gigionestrumentimusicali.it\/index.php\/product\/electro-voice-rain-cover-everse-8\/","title":{"rendered":"ELECTRO VOICE RAIN COVER EVERSE 8"},"content":{"rendered":"<p>Copertura protettiva su misura per i diffusori EVERSE 8<br \/>Protezione dalla pioggia fino a IP44.<br \/>Include una staffa di base per il montaggio su un supporto con la copertura.<br \/>I diffusori possono essere trasportati con la copertura<br \/>Electro Voice Everse 8 Raincover in sintesi<br \/>Il parapioggia Electro Voice Everse 8 \u00e8 una copertura protettiva su misura per il diffusore EVERSE 8 di Electro Voice e protegge efficacemente il diffusore da sporco o danni durante il trasporto o lo stoccaggio. Quando la copertura antipioggia \u00e8 installata, il diffusore EVERSE 8 \u00e8 resistente alle intemperie secondo lo standard IP44, ma non \u00e8 impermeabile. La resistenza alle intemperie pu\u00f2 essere compromessa da danni, riparazioni, smontaggio improprio e normale usura.<\/p>\n<p>Controllare il diffusore EVERSE 8 e gli accessori prima e dopo ogni utilizzo. Lasciare asciugare il diffusore e i componenti prima di riporli o tra un uso e l&#8217;altro.<br \/>Il diffusore EVERSE 8 con la copertura antipioggia montata \u00e8 destinato esclusivamente all&#8217;uso temporaneo in ambienti umidi o bagnati. Il diffusore non deve essere esposto all&#8217;umidit\u00e0 per periodi prolungati. Non esporlo ad acqua salata o a spruzzi d&#8217;acqua, non esporlo al cloro e non utilizzarlo in ambienti con un elevato contenuto di cloro.<\/p>\n","protected":false},"excerpt":{"rendered":"<p>Copertura protettiva su misura per i diffusori EVERSE 8Protezione dalla pioggia fino a IP44.Include una staffa di base per il montaggio su un supporto con la copertura.I diffusori possono essere trasportati con la coperturaElectro Voice Everse 8 Raincover in sintesiIl parapioggia Electro Voice Everse 8 \u00e8 una copertura protettiva su misura per il diffusore EVERSE [&hellip;]<\/p>\n","protected":false},"featured_media":27391,"template":"","meta":{"site-sidebar-layout":"default","site-content-layout":"","ast-site-content-layout":"default","site-content-style":"default","site-sidebar-style":"default","ast-global-header-display":"","ast-banner-title-visibility":"","ast-main-header-display":"","ast-hfb-above-header-display":"","ast-hfb-below-header-display":"","ast-hfb-mobile-header-display":"","site-post-title":"","ast-breadcrumbs-content":"","ast-featured-img":"","footer-sml-layout":"","theme-transparent-header-meta":"","adv-header-id-meta":"","stick-header-meta":"","header-above-stick-meta":"","header-main-stick-meta":"","header-below-stick-meta":"","astra-migrate-meta-layouts":"default","ast-page-background-enabled":"default","ast-page-background-meta":{"desktop":{"background-color":"var(--ast-global-color-4)","background-image":"","background-repeat":"repeat","background-position":"center center","background-size":"auto","background-attachment":"scroll","background-type":"","background-media":"","overlay-type":"","overlay-color":"","overlay-opacity":"","overlay-gradient":""},"tablet":{"background-color":"","background-image":"","background-repeat":"repeat","background-position":"center center","background-size":"auto","background-attachment":"scroll","background-type":"","background-media":"","overlay-type":"","overlay-color":"","overlay-opacity":"","overlay-gradient":""},"mobile":{"background-color":"","background-image":"","background-repeat":"repeat","background-position":"center center","background-size":"auto","background-attachment":"scroll","background-type":"","background-media":"","overlay-type":"","overlay-color":"","overlay-opacity":"","overlay-gradient":""}},"ast-content-background-meta":{"desktop":{"background-color":"var(--ast-global-color-5)","background-image":"","background-repeat":"repeat","background-position":"center center","background-size":"auto","background-attachment":"scroll","background-type":"","background-media":"","overlay-type":"","overlay-color":"","overlay-opacity":"","overlay-gradient":""},"tablet":{"background-color":"var(--ast-global-color-5)","background-image":"","background-repeat":"repeat","background-position":"center center","background-size":"auto","background-attachment":"scroll","background-type":"","background-media":"","overlay-type":"","overlay-color":"","overlay-opacity":"","overlay-gradient":""},"mobile":{"background-color":"var(--ast-global-color-5)","background-image":"","background-repeat":"repeat","background-position":"center center","background-size":"auto","background-attachment":"scroll","background-type":"","background-media":"","overlay-type":"","overlay-color":"","overlay-opacity":"","overlay-gradient":""}}},"product_brand":[],"product_cat":[663],"product_tag":[],"class_list":{"0":"post-27390","1":"product","2":"type-product","3":"status-publish","4":"has-post-thumbnail","6":"product_cat-studio-monitor","7":"desktop-align-left","8":"tablet-align-left","9":"mobile-align-left","11":"first","12":"instock","13":"taxable","14":"shipping-taxable","15":"purchasable","16":"product-type-simple"},"_links":{"self":[{"href":"https:\/\/gigionestrumentimusicali.it\/index.php\/wp-json\/wp\/v2\/product\/27390","targetHints":{"allow":["GET"]}}],"collection":[{"href":"https:\/\/gigionestrumentimusicali.it\/index.php\/wp-json\/wp\/v2\/product"}],"about":[{"href":"https:\/\/gigionestrumentimusicali.it\/index.php\/wp-json\/wp\/v2\/types\/product"}],"wp:featuredmedia":[{"embeddable":true,"href":"https:\/\/gigionestrumentimusicali.it\/index.php\/wp-json\/wp\/v2\/media\/27391"}],"wp:attachment":[{"href":"https:\/\/gigionestrumentimusicali.it\/index.php\/wp-json\/wp\/v2\/media?parent=27390"}],"wp:term":[{"taxonomy":"product_brand","embeddable":true,"href":"https:\/\/gigionestrumentimusicali.it\/index.php\/wp-json\/wp\/v2\/product_brand?post=27390"},{"taxonomy":"product_cat","embeddable":true,"href":"https:\/\/gigionestrumentimusicali.it\/index.php\/wp-json\/wp\/v2\/product_cat?post=27390"},{"taxonomy":"product_tag","embeddable":true,"href":"https:\/\/gigionestrumentimusicali.it\/index.php\/wp-json\/wp\/v2\/product_tag?post=27390"}],"curies":[{"name":"wp","href":"https:\/\/api.w.org\/{rel}","templated":true}]}}