{"id":27706,"date":"2026-01-30T15:23:57","date_gmt":"2026-01-30T15:23:57","guid":{"rendered":"https:\/\/gigionestrumentimusicali.it\/index.php\/product\/fender-american-professional-ii-jazzmaster-rw-3-tone-sunburst\/"},"modified":"2026-04-22T20:06:34","modified_gmt":"2026-04-22T20:06:34","slug":"fender-american-professional-ii-jazzmaster-rw-3-tone-sunburst","status":"publish","type":"product","link":"https:\/\/gigionestrumentimusicali.it\/index.php\/product\/fender-american-professional-ii-jazzmaster-rw-3-tone-sunburst\/","title":{"rendered":"FENDER AMERICAN PROFESSIONAL II JAZZMASTER RW 3-TONE SUNBURST"},"content":{"rendered":"<p>La American Professional II Jazzmaster\u00ae attinge a pi\u00f9 di sessant\u2019anni d\u2019innovazione, ispirazione ed evoluzione per soddisfare le esigenze del musicista professionista di oggi. Il nostro popolare manico \u201cDeep C\u201d, sfoggia ora bordi lisci e arrotondati della tastiera, una finitura satinata \u201cSuper-Natural\u201d e un tacco del manico scolpito ex-novo per una sensazione estremamente confortevole e un facile accesso al registro superiore. I nuovi pickup V-Mod II Jazzmaster single-coil sono pi\u00f9 articolati che mai, pur offrendo la melodiosit\u00e0 e la brillantezza per cui la Jazzmaster \u00e8 famosa. Il pickup al ponte ha una funzione tap che permette sia un suono potente e gutturale sia un suono vintage a bassa uscita. Al tocco di un selettore, il circuito ritmico mette entrambi i pickup in serie per un timbro pi\u00f9 spesso con un\u2019uscita maggiore, controllato da potenziometri a rulli indipendenti per volume e timbro. Il nuovo sistema Panorama\u2122 Tremolo con braccio tremolo rientrante aumenta drasticamente la gamma di vibrato disponibile, consentendo profonde immersioni in stile Strat, oltre al classico gorgheggio Jazzmaster. La American Pro II Jazzmaster offre una familiarit\u00e0 immediata e una versatilit\u00e0 sonora che percepirete e sentirete subito, con miglioramenti ad ampio raggio che si aggiungono a niente meno che un nuovo standard per gli strumenti professionali.<\/p>\n<p>Corpo : Ontano<br \/>Finitura corpo : Gloss Urethane<br \/>Forma corpo : Jazzmaster\u00ae<br \/>Materiale del manico : Palissandro<br \/>Finitura manico : &#8220;Super-Natural&#8221; Satin Urethane Finish on Back of Neck with Gloss Urethane Headstock Face<br \/>Forma del manico : Deep &#8220;C&#8221;<br \/>Scala : 25.5&#8243; (648 mm)<br \/>Tastiera : Acero<br \/>Raggio tastiera : 9.5&#8243; (241 mm)<br \/>Numero di tasti : 22 Narrow Tall<br \/>Capotasto : Osso<br \/>Larghezza capotasto : 1.685&#8243; (42.8 mm)<br \/>Pickup al ponte : V-Mod II Single-Coil Jazzmaster\u00ae<br \/>Pickup al manico : V-Mod II Single-Coil Jazzmaster\u00ae<br \/>Controlli : Lead Circuit Controls (Slide Switch Down): Master Volume, Master Tone; Rhythm Circuit Controls (Slide Switch Up): Thumbwheel Volume and Tone Controls for Series Rhythm Mode<br \/>Selezione pickup : 3-Position Toggle: Position 1. Bridge Pickup, Position 2. Bridge and Neck Pickups, Position 3. Neck Pickup<br \/>Ponte : 9.5&#8243; Radius Jazzmaster\u00ae\/Jaguar\u00ae Bridge with Panorama\u2122 Tremolo System<br \/>Meccaniche : Fender\u00ae Standard Cast\/Sealed Staggered<br \/>Battipenna : 3-Ply Mint Green<br \/>Manopole di controllo : Aged White &#8220;Witch Hat&#8221;<br \/>Corde : Fender\u00ae USA 250L Nickel Plated Steel (.009-.042 Gauges), PN 0730250403<\/p>\n","protected":false},"excerpt":{"rendered":"<p>La American Professional II Jazzmaster\u00ae attinge a pi\u00f9 di sessant\u2019anni d\u2019innovazione, ispirazione ed evoluzione per soddisfare le esigenze del musicista professionista di oggi. Il nostro popolare manico \u201cDeep C\u201d, sfoggia ora bordi lisci e arrotondati della tastiera, una finitura satinata \u201cSuper-Natural\u201d e un tacco del manico scolpito ex-novo per una sensazione estremamente confortevole e un [&hellip;]<\/p>\n","protected":false},"featured_media":27707,"template":"","meta":{"site-sidebar-layout":"default","site-content-layout":"","ast-site-content-layout":"default","site-content-style":"default","site-sidebar-style":"default","ast-global-header-display":"","ast-banner-title-visibility":"","ast-main-header-display":"","ast-hfb-above-header-display":"","ast-hfb-below-header-display":"","ast-hfb-mobile-header-display":"","site-post-title":"","ast-breadcrumbs-content":"","ast-featured-img":"","footer-sml-layout":"","theme-transparent-header-meta":"","adv-header-id-meta":"","stick-header-meta":"","header-above-stick-meta":"","header-main-stick-meta":"","header-below-stick-meta":"","astra-migrate-meta-layouts":"default","ast-page-background-enabled":"default","ast-page-background-meta":{"desktop":{"background-color":"var(--ast-global-color-4)","background-image":"","background-repeat":"repeat","background-position":"center center","background-size":"auto","background-attachment":"scroll","background-type":"","background-media":"","overlay-type":"","overlay-color":"","overlay-opacity":"","overlay-gradient":""},"tablet":{"background-color":"","background-image":"","background-repeat":"repeat","background-position":"center center","background-size":"auto","background-attachment":"scroll","background-type":"","background-media":"","overlay-type":"","overlay-color":"","overlay-opacity":"","overlay-gradient":""},"mobile":{"background-color":"","background-image":"","background-repeat":"repeat","background-position":"center center","background-size":"auto","background-attachment":"scroll","background-type":"","background-media":"","overlay-type":"","overlay-color":"","overlay-opacity":"","overlay-gradient":""}},"ast-content-background-meta":{"desktop":{"background-color":"var(--ast-global-color-5)","background-image":"","background-repeat":"repeat","background-position":"center center","background-size":"auto","background-attachment":"scroll","background-type":"","background-media":"","overlay-type":"","overlay-color":"","overlay-opacity":"","overlay-gradient":""},"tablet":{"background-color":"var(--ast-global-color-5)","background-image":"","background-repeat":"repeat","background-position":"center center","background-size":"auto","background-attachment":"scroll","background-type":"","background-media":"","overlay-type":"","overlay-color":"","overlay-opacity":"","overlay-gradient":""},"mobile":{"background-color":"var(--ast-global-color-5)","background-image":"","background-repeat":"repeat","background-position":"center center","background-size":"auto","background-attachment":"scroll","background-type":"","background-media":"","overlay-type":"","overlay-color":"","overlay-opacity":"","overlay-gradient":""}}},"product_brand":[],"product_cat":[387],"product_tag":[],"class_list":{"0":"post-27706","1":"product","2":"type-product","3":"status-publish","4":"has-post-thumbnail","6":"product_cat-chitarre-elettriche","7":"desktop-align-left","8":"tablet-align-left","9":"mobile-align-left","11":"first","12":"instock","13":"taxable","14":"shipping-taxable","15":"purchasable","16":"product-type-simple"},"_links":{"self":[{"href":"https:\/\/gigionestrumentimusicali.it\/index.php\/wp-json\/wp\/v2\/product\/27706","targetHints":{"allow":["GET"]}}],"collection":[{"href":"https:\/\/gigionestrumentimusicali.it\/index.php\/wp-json\/wp\/v2\/product"}],"about":[{"href":"https:\/\/gigionestrumentimusicali.it\/index.php\/wp-json\/wp\/v2\/types\/product"}],"wp:featuredmedia":[{"embeddable":true,"href":"https:\/\/gigionestrumentimusicali.it\/index.php\/wp-json\/wp\/v2\/media\/27707"}],"wp:attachment":[{"href":"https:\/\/gigionestrumentimusicali.it\/index.php\/wp-json\/wp\/v2\/media?parent=27706"}],"wp:term":[{"taxonomy":"product_brand","embeddable":true,"href":"https:\/\/gigionestrumentimusicali.it\/index.php\/wp-json\/wp\/v2\/product_brand?post=27706"},{"taxonomy":"product_cat","embeddable":true,"href":"https:\/\/gigionestrumentimusicali.it\/index.php\/wp-json\/wp\/v2\/product_cat?post=27706"},{"taxonomy":"product_tag","embeddable":true,"href":"https:\/\/gigionestrumentimusicali.it\/index.php\/wp-json\/wp\/v2\/product_tag?post=27706"}],"curies":[{"name":"wp","href":"https:\/\/api.w.org\/{rel}","templated":true}]}}