{"id":27710,"date":"2026-01-30T15:26:22","date_gmt":"2026-01-30T15:26:22","guid":{"rendered":"https:\/\/gigionestrumentimusicali.it\/index.php\/product\/fender-tone-master-deluxe-reverb-blonde\/"},"modified":"2026-04-04T20:56:05","modified_gmt":"2026-04-04T20:56:05","slug":"fender-tone-master-deluxe-reverb-blonde","status":"publish","type":"product","link":"https:\/\/gigionestrumentimusicali.it\/index.php\/product\/fender-tone-master-deluxe-reverb-blonde\/","title":{"rendered":"FENDER TONE MASTER DELUXE REVERB BLONDE"},"content":{"rendered":"<p>AMPLIFICATORE COMBO 12&#8243; PER CHITARRA 100W<\/p>\n<p>Frutto di un primo passo coraggioso di Fender, l\u2019amplificatore Tone Master Deluxe Reverb utilizza una grande potenza di elaborazione digitale per ottenere un&#8217;unica e notevole caratteristica sonora: la modellazione fedele del circuito e 22W di potenza di uscita di un amplificatore valvolare Deluxe originale. Utilizzando un amplificatore di potenza digitale da 100W ad alte prestazioni per ottenere l\u2019headroom e la gamma dinamica di un vero amplificatore valvolare Deluxe vintage, insieme alla brillantezza e chiarezza pronunciate di un singolo altoparlante Celestion NEO Creamback e un cabinet in pino risonante, si ottiene un timbro Deluxe Reverb senza valvole, con volume e dinamica praticamente indistinguibili dall&#8217;originale completamente valvolare. E con tutte queste funzionalit\u00e0, il Tone Master Deluxe Reverb pesa solo circa la met\u00e0 di un Deluxe completamente valvolare. Le funzionalit\u00e0 del pannello anteriore offrono ai chitarristi un\u2019esperienza identica alla versione valvolare, compresi gli effetti riverbero e tremolo migliorati che offrono impostazioni pi\u00f9 facili con regolazioni pi\u00f9 basse. Le funzionalit\u00e0 aggiuntive del pannello posteriore forniscono comodit\u00e0 e flessibilit\u00e0 moderne, compresi un selettore della potenza di uscita per ottenere la potenza piena e cinque impostazioni attenuate, l\u2019uscita di linea XLR bilanciata con nuove simulazioni di cabinet IR, acquisite con microfoni Shure SM57 e Sennheiser MD421, selettore muting per uso silenzioso sul palco o in sala di registrazione, porta USB per aggiornamenti del firmware e altro ancora.<\/p>\n<p>Caratteristiche<br \/>Potenza: 100W a \ud83d\ude2f (simula le prestazioni dell&#8217;amplificatore a valvole da 22W)<br \/>Canali: 2 (Normale e Vibrato)<br \/>Ingressi: 4x 1\/4&#8243; (due normali e due vibrati)<br \/>Effetti: Riverbero, Tremolo<br \/>Line Out: 1x XLR bilanciato con Ground Lift e Level Control<br \/>Materiale del cabinet: Pino massello leggero<br \/>Copertura dell&#8217;amplificatore: Vinile strutturato nero<br \/>Griglia: Argento<br \/>Manico: Cinturino in plastica stampata con calotte placcate in nichel<br \/>Altoparlanti: 1x 12&#8243; Celestion NEO Creamback<br \/>Impedenza: 8 Ohm<br \/>Pedale: Footswitch a 2 pulsanti incluso<br \/>Dimensioni: 432 x 612 x 236mm<br \/>Peso: 10,4kg<\/p>\n","protected":false},"excerpt":{"rendered":"<p>AMPLIFICATORE COMBO 12&#8243; PER CHITARRA 100W Frutto di un primo passo coraggioso di Fender, l\u2019amplificatore Tone Master Deluxe Reverb utilizza una grande potenza di elaborazione digitale per ottenere un&#8217;unica e notevole caratteristica sonora: la modellazione fedele del circuito e 22W di potenza di uscita di un amplificatore valvolare Deluxe originale. Utilizzando un amplificatore di potenza [&hellip;]<\/p>\n","protected":false},"featured_media":27711,"template":"","meta":{"site-sidebar-layout":"default","site-content-layout":"","ast-site-content-layout":"default","site-content-style":"default","site-sidebar-style":"default","ast-global-header-display":"","ast-banner-title-visibility":"","ast-main-header-display":"","ast-hfb-above-header-display":"","ast-hfb-below-header-display":"","ast-hfb-mobile-header-display":"","site-post-title":"","ast-breadcrumbs-content":"","ast-featured-img":"","footer-sml-layout":"","theme-transparent-header-meta":"","adv-header-id-meta":"","stick-header-meta":"","header-above-stick-meta":"","header-main-stick-meta":"","header-below-stick-meta":"","astra-migrate-meta-layouts":"default","ast-page-background-enabled":"default","ast-page-background-meta":{"desktop":{"background-color":"var(--ast-global-color-4)","background-image":"","background-repeat":"repeat","background-position":"center center","background-size":"auto","background-attachment":"scroll","background-type":"","background-media":"","overlay-type":"","overlay-color":"","overlay-opacity":"","overlay-gradient":""},"tablet":{"background-color":"","background-image":"","background-repeat":"repeat","background-position":"center center","background-size":"auto","background-attachment":"scroll","background-type":"","background-media":"","overlay-type":"","overlay-color":"","overlay-opacity":"","overlay-gradient":""},"mobile":{"background-color":"","background-image":"","background-repeat":"repeat","background-position":"center center","background-size":"auto","background-attachment":"scroll","background-type":"","background-media":"","overlay-type":"","overlay-color":"","overlay-opacity":"","overlay-gradient":""}},"ast-content-background-meta":{"desktop":{"background-color":"var(--ast-global-color-5)","background-image":"","background-repeat":"repeat","background-position":"center center","background-size":"auto","background-attachment":"scroll","background-type":"","background-media":"","overlay-type":"","overlay-color":"","overlay-opacity":"","overlay-gradient":""},"tablet":{"background-color":"var(--ast-global-color-5)","background-image":"","background-repeat":"repeat","background-position":"center center","background-size":"auto","background-attachment":"scroll","background-type":"","background-media":"","overlay-type":"","overlay-color":"","overlay-opacity":"","overlay-gradient":""},"mobile":{"background-color":"var(--ast-global-color-5)","background-image":"","background-repeat":"repeat","background-position":"center center","background-size":"auto","background-attachment":"scroll","background-type":"","background-media":"","overlay-type":"","overlay-color":"","overlay-opacity":"","overlay-gradient":""}}},"product_brand":[],"product_cat":[370],"product_tag":[],"class_list":{"0":"post-27710","1":"product","2":"type-product","3":"status-publish","4":"has-post-thumbnail","6":"product_cat-combo-per-chitarre-elettriche","7":"desktop-align-left","8":"tablet-align-left","9":"mobile-align-left","11":"first","12":"instock","13":"taxable","14":"shipping-taxable","15":"purchasable","16":"product-type-simple"},"_links":{"self":[{"href":"https:\/\/gigionestrumentimusicali.it\/index.php\/wp-json\/wp\/v2\/product\/27710","targetHints":{"allow":["GET"]}}],"collection":[{"href":"https:\/\/gigionestrumentimusicali.it\/index.php\/wp-json\/wp\/v2\/product"}],"about":[{"href":"https:\/\/gigionestrumentimusicali.it\/index.php\/wp-json\/wp\/v2\/types\/product"}],"wp:featuredmedia":[{"embeddable":true,"href":"https:\/\/gigionestrumentimusicali.it\/index.php\/wp-json\/wp\/v2\/media\/27711"}],"wp:attachment":[{"href":"https:\/\/gigionestrumentimusicali.it\/index.php\/wp-json\/wp\/v2\/media?parent=27710"}],"wp:term":[{"taxonomy":"product_brand","embeddable":true,"href":"https:\/\/gigionestrumentimusicali.it\/index.php\/wp-json\/wp\/v2\/product_brand?post=27710"},{"taxonomy":"product_cat","embeddable":true,"href":"https:\/\/gigionestrumentimusicali.it\/index.php\/wp-json\/wp\/v2\/product_cat?post=27710"},{"taxonomy":"product_tag","embeddable":true,"href":"https:\/\/gigionestrumentimusicali.it\/index.php\/wp-json\/wp\/v2\/product_tag?post=27710"}],"curies":[{"name":"wp","href":"https:\/\/api.w.org\/{rel}","templated":true}]}}