{"id":27922,"date":"2026-02-17T10:42:29","date_gmt":"2026-02-17T10:42:29","guid":{"rendered":"https:\/\/gigionestrumentimusicali.it\/index.php\/product\/carry-on-carry-on-fc25-midi-folding-controller\/"},"modified":"2026-04-23T14:53:28","modified_gmt":"2026-04-23T14:53:28","slug":"carry-on-carry-on-fc25-midi-folding-controller","status":"publish","type":"product","link":"https:\/\/gigionestrumentimusicali.it\/index.php\/product\/carry-on-carry-on-fc25-midi-folding-controller\/","title":{"rendered":"CARRY ON-CARRY ON FC25 MIDI FOLDING CONTROLLER"},"content":{"rendered":"<p>TASTIERA MAESTRO \/ CONTROLLER MIDI<\/p>\n<p>Il controller MIDI pieghevole a 25 tasti sensibili alla velocit\u00e0: il MIDI in mobilit\u00e0<br \/>Il controller MIDI pieghevole Carry-on 25 \u00e8 dotato di uscite MIDI su Bluetooth\u00ae, MIDI su USB-C, MIDI su TRS da 3,5 mm e persino di tensione di controllo analogica. Grazie all&#8217;arpeggiatore integrato, alle quattro manopole di controllo personalizzabili, ai tasti e ai drum pad sensibili alla velocit\u00e0 e ai controlli di trasporto preassegnati, \u00e8 il controller MIDI da portare ovunque.<br \/>Con una lunghezza di soli 39 cm quando \u00e8 ripiegato, il controller pieghevole Carry-on 25 \u00e8 un controller MIDI potente e portatile. Grazie al suo design unico e ai tasti sensibili alla velocit\u00e0 a tutta larghezza, il controller Carry-on \u00e8 la soluzione perfetta per studenti, principianti e professionisti.<br \/>Software Cubase LE e CUBASIS mobile inclusi, per una produzione musicale senza limiti, OVUNQUE.<br \/>Caratteristiche principali:<br \/>&#8211; Un design compatto e portatile che si ripiega in un controller MIDI a 25 tasti.<br \/>&#8211; MIDI tramite Bluetooth\u00ae, USB-C e TRS da 3,5 mm per una connessione MIDI flessibile<br \/>&#8211; I tasti sensibili alla velocit\u00e0 garantiscono prestazioni dinamiche ed espressive<br \/>&#8211; Drum pad retroilluminati sensibili alla velocity con aftertouch e sensibilit\u00e0 alla velocity<br \/>&#8211; Esplorate la sequenzialit\u00e0 MIDI con un arpeggiatore incorporato completo<br \/>&#8211; Cursori di intonazione e modulazione sensibili al tocco<br \/>&#8211; 4 manopole di controllo assegnabili dall&#8217;utente forniscono un accesso rapido ai parametri chiave di controllo<br \/>&#8211; Controlli di trasporto MMC per una facile integrazione nella DAW<br \/>&#8211; La batteria ricaricabile USB incorporata offre fino a 8 ore di autonomia<br \/>&#8211; Controlla i sintetizzatori analogici tramite le uscite di tensione di controllo<br \/>&#8211; Supporto integrato per una posizione di riproduzione adattabile<br \/>&#8211; Licenza gratuita di Cubase e Cubasis inclusa<br \/>Peso: 1,31 kg<br \/>Dimensioni piegato: 390 x 126 x 48 mm<br \/>Dimensioni aperte: 390 x 252 x 24 mm<\/p>\n","protected":false},"excerpt":{"rendered":"<p>TASTIERA MAESTRO \/ CONTROLLER MIDI Il controller MIDI pieghevole a 25 tasti sensibili alla velocit\u00e0: il MIDI in mobilit\u00e0Il controller MIDI pieghevole Carry-on 25 \u00e8 dotato di uscite MIDI su Bluetooth\u00ae, MIDI su USB-C, MIDI su TRS da 3,5 mm e persino di tensione di controllo analogica. Grazie all&#8217;arpeggiatore integrato, alle quattro manopole di controllo [&hellip;]<\/p>\n","protected":false},"featured_media":27923,"template":"","meta":{"site-sidebar-layout":"default","site-content-layout":"","ast-site-content-layout":"default","site-content-style":"default","site-sidebar-style":"default","ast-global-header-display":"","ast-banner-title-visibility":"","ast-main-header-display":"","ast-hfb-above-header-display":"","ast-hfb-below-header-display":"","ast-hfb-mobile-header-display":"","site-post-title":"","ast-breadcrumbs-content":"","ast-featured-img":"","footer-sml-layout":"","theme-transparent-header-meta":"","adv-header-id-meta":"","stick-header-meta":"","header-above-stick-meta":"","header-main-stick-meta":"","header-below-stick-meta":"","astra-migrate-meta-layouts":"default","ast-page-background-enabled":"default","ast-page-background-meta":{"desktop":{"background-color":"var(--ast-global-color-4)","background-image":"","background-repeat":"repeat","background-position":"center center","background-size":"auto","background-attachment":"scroll","background-type":"","background-media":"","overlay-type":"","overlay-color":"","overlay-opacity":"","overlay-gradient":""},"tablet":{"background-color":"","background-image":"","background-repeat":"repeat","background-position":"center center","background-size":"auto","background-attachment":"scroll","background-type":"","background-media":"","overlay-type":"","overlay-color":"","overlay-opacity":"","overlay-gradient":""},"mobile":{"background-color":"","background-image":"","background-repeat":"repeat","background-position":"center center","background-size":"auto","background-attachment":"scroll","background-type":"","background-media":"","overlay-type":"","overlay-color":"","overlay-opacity":"","overlay-gradient":""}},"ast-content-background-meta":{"desktop":{"background-color":"var(--ast-global-color-5)","background-image":"","background-repeat":"repeat","background-position":"center center","background-size":"auto","background-attachment":"scroll","background-type":"","background-media":"","overlay-type":"","overlay-color":"","overlay-opacity":"","overlay-gradient":""},"tablet":{"background-color":"var(--ast-global-color-5)","background-image":"","background-repeat":"repeat","background-position":"center center","background-size":"auto","background-attachment":"scroll","background-type":"","background-media":"","overlay-type":"","overlay-color":"","overlay-opacity":"","overlay-gradient":""},"mobile":{"background-color":"var(--ast-global-color-5)","background-image":"","background-repeat":"repeat","background-position":"center center","background-size":"auto","background-attachment":"scroll","background-type":"","background-media":"","overlay-type":"","overlay-color":"","overlay-opacity":"","overlay-gradient":""}}},"product_brand":[],"product_cat":[671],"product_tag":[],"class_list":{"0":"post-27922","1":"product","2":"type-product","3":"status-publish","4":"has-post-thumbnail","6":"product_cat-master-keyboards-midi","7":"desktop-align-left","8":"tablet-align-left","9":"mobile-align-left","11":"first","12":"instock","13":"taxable","14":"shipping-taxable","15":"purchasable","16":"product-type-simple"},"_links":{"self":[{"href":"https:\/\/gigionestrumentimusicali.it\/index.php\/wp-json\/wp\/v2\/product\/27922","targetHints":{"allow":["GET"]}}],"collection":[{"href":"https:\/\/gigionestrumentimusicali.it\/index.php\/wp-json\/wp\/v2\/product"}],"about":[{"href":"https:\/\/gigionestrumentimusicali.it\/index.php\/wp-json\/wp\/v2\/types\/product"}],"wp:featuredmedia":[{"embeddable":true,"href":"https:\/\/gigionestrumentimusicali.it\/index.php\/wp-json\/wp\/v2\/media\/27923"}],"wp:attachment":[{"href":"https:\/\/gigionestrumentimusicali.it\/index.php\/wp-json\/wp\/v2\/media?parent=27922"}],"wp:term":[{"taxonomy":"product_brand","embeddable":true,"href":"https:\/\/gigionestrumentimusicali.it\/index.php\/wp-json\/wp\/v2\/product_brand?post=27922"},{"taxonomy":"product_cat","embeddable":true,"href":"https:\/\/gigionestrumentimusicali.it\/index.php\/wp-json\/wp\/v2\/product_cat?post=27922"},{"taxonomy":"product_tag","embeddable":true,"href":"https:\/\/gigionestrumentimusicali.it\/index.php\/wp-json\/wp\/v2\/product_tag?post=27922"}],"curies":[{"name":"wp","href":"https:\/\/api.w.org\/{rel}","templated":true}]}}