{"id":27991,"date":"2026-02-24T15:12:23","date_gmt":"2026-02-24T15:12:23","guid":{"rendered":"https:\/\/gigionestrumentimusicali.it\/index.php\/product\/mark-bass-marcus-miller-cmd-101-micro-60\/"},"modified":"2026-04-04T20:34:55","modified_gmt":"2026-04-04T20:34:55","slug":"mark-bass-marcus-miller-cmd-101-micro-60","status":"publish","type":"product","link":"https:\/\/gigionestrumentimusicali.it\/index.php\/product\/mark-bass-marcus-miller-cmd-101-micro-60\/","title":{"rendered":"MARK BASS MARCUS MILLER CMD 101 MICRO 60"},"content":{"rendered":"<p>Questo \u00e8 uno dei combo pi\u00f9 compatti e leggeri (solo 11,5kg) sul mercato, ed \u00e8 sicuramente il pi\u00f9 potente, poich\u00e8 offre un incredibile bottom-end e la migliore qualit\u00e0 del suono rispetto alle sue dimensioni, dato che Markbass sa quanto questo sia importante sia per i principianti che per i professionisti. Ora puoi ottenere un suono eccezionale in un formato molto compatto, con la migliore portabilit\u00e0! La sezione dei controlli dell&#8217;EQ a 3 bande, semplice ed efficace, offre una grande libert\u00e0 timbrica che consente di adattare facilmente il suono. Il Marcus Miller CMD 101 Micro 60 pu\u00f2 essere collegato a un cabinet di estensione da 8 Ohm, offrendo un impianto pi\u00f9 potente. Non \u00e8 un giocattolo&#8230;e non \u00e8 solo un amplificatore per la pratica. Pu\u00f2 essere utilizzato anche per piccoli concerti e registrazioni, e grazie all&#8217;uscita bilanciata \u00e8 possibile collegarlo ad un mixer \/ PA e utilizzarlo come piccolo monitor personale. La sezione amp comprende un&#8217;uscita cuffie e un ingresso Aux per lettori iPod o MP3. Un interruttore sul pannello posteriore spegne l&#8217;altoparlante in modo da potersi esercitare ovunque e in qualsiasi momento.<\/p>\n<p>Caratteristiche<br \/>Preamp: Solid State<br \/>Potenza di uscita (MPT): 60W @ 4 Ohm \/ 45W @ 8 Ohm<br \/>Controlli: Gain, Master<br \/>EQ (\u00b116dB): Bass (40Hz), Middle (800Hz), High (6kHz)<br \/>Speaker: 1x 10&#8243; Markbass Custom<br \/>Tweeter: Piezo<br \/>Potenza gestibile dallo speaker (AES Standard): 200W RMS<br \/>Reflex: Posteriore<br \/>Impedenza: 8 Ohm<br \/>Crossover: 3,5kHz<br \/>Risposta in frequenza: 45Hz &#8211; 18kHz<br \/>Aux In, Uscita cuffie<br \/>XLR Line Out, Speaker On \/ Off<br \/>Uscita per cabinet esterno (carico minimo 8 Ohm)<br \/>Dimensioni: 370 x 334 x 366mm<br \/>Peso: 11,5kg<\/p>\n","protected":false},"excerpt":{"rendered":"<p>Questo \u00e8 uno dei combo pi\u00f9 compatti e leggeri (solo 11,5kg) sul mercato, ed \u00e8 sicuramente il pi\u00f9 potente, poich\u00e8 offre un incredibile bottom-end e la migliore qualit\u00e0 del suono rispetto alle sue dimensioni, dato che Markbass sa quanto questo sia importante sia per i principianti che per i professionisti. Ora puoi ottenere un suono [&hellip;]<\/p>\n","protected":false},"featured_media":27993,"template":"","meta":{"site-sidebar-layout":"default","site-content-layout":"","ast-site-content-layout":"default","site-content-style":"default","site-sidebar-style":"default","ast-global-header-display":"","ast-banner-title-visibility":"","ast-main-header-display":"","ast-hfb-above-header-display":"","ast-hfb-below-header-display":"","ast-hfb-mobile-header-display":"","site-post-title":"","ast-breadcrumbs-content":"","ast-featured-img":"","footer-sml-layout":"","theme-transparent-header-meta":"","adv-header-id-meta":"","stick-header-meta":"","header-above-stick-meta":"","header-main-stick-meta":"","header-below-stick-meta":"","astra-migrate-meta-layouts":"default","ast-page-background-enabled":"default","ast-page-background-meta":{"desktop":{"background-color":"var(--ast-global-color-4)","background-image":"","background-repeat":"repeat","background-position":"center center","background-size":"auto","background-attachment":"scroll","background-type":"","background-media":"","overlay-type":"","overlay-color":"","overlay-opacity":"","overlay-gradient":""},"tablet":{"background-color":"","background-image":"","background-repeat":"repeat","background-position":"center center","background-size":"auto","background-attachment":"scroll","background-type":"","background-media":"","overlay-type":"","overlay-color":"","overlay-opacity":"","overlay-gradient":""},"mobile":{"background-color":"","background-image":"","background-repeat":"repeat","background-position":"center center","background-size":"auto","background-attachment":"scroll","background-type":"","background-media":"","overlay-type":"","overlay-color":"","overlay-opacity":"","overlay-gradient":""}},"ast-content-background-meta":{"desktop":{"background-color":"var(--ast-global-color-5)","background-image":"","background-repeat":"repeat","background-position":"center center","background-size":"auto","background-attachment":"scroll","background-type":"","background-media":"","overlay-type":"","overlay-color":"","overlay-opacity":"","overlay-gradient":""},"tablet":{"background-color":"var(--ast-global-color-5)","background-image":"","background-repeat":"repeat","background-position":"center center","background-size":"auto","background-attachment":"scroll","background-type":"","background-media":"","overlay-type":"","overlay-color":"","overlay-opacity":"","overlay-gradient":""},"mobile":{"background-color":"var(--ast-global-color-5)","background-image":"","background-repeat":"repeat","background-position":"center center","background-size":"auto","background-attachment":"scroll","background-type":"","background-media":"","overlay-type":"","overlay-color":"","overlay-opacity":"","overlay-gradient":""}}},"product_brand":[],"product_cat":[157],"product_tag":[],"class_list":{"0":"post-27991","1":"product","2":"type-product","3":"status-publish","4":"has-post-thumbnail","6":"product_cat-combo-per-basso","7":"desktop-align-left","8":"tablet-align-left","9":"mobile-align-left","11":"first","12":"instock","13":"taxable","14":"shipping-taxable","15":"purchasable","16":"product-type-simple"},"_links":{"self":[{"href":"https:\/\/gigionestrumentimusicali.it\/index.php\/wp-json\/wp\/v2\/product\/27991","targetHints":{"allow":["GET"]}}],"collection":[{"href":"https:\/\/gigionestrumentimusicali.it\/index.php\/wp-json\/wp\/v2\/product"}],"about":[{"href":"https:\/\/gigionestrumentimusicali.it\/index.php\/wp-json\/wp\/v2\/types\/product"}],"wp:featuredmedia":[{"embeddable":true,"href":"https:\/\/gigionestrumentimusicali.it\/index.php\/wp-json\/wp\/v2\/media\/27993"}],"wp:attachment":[{"href":"https:\/\/gigionestrumentimusicali.it\/index.php\/wp-json\/wp\/v2\/media?parent=27991"}],"wp:term":[{"taxonomy":"product_brand","embeddable":true,"href":"https:\/\/gigionestrumentimusicali.it\/index.php\/wp-json\/wp\/v2\/product_brand?post=27991"},{"taxonomy":"product_cat","embeddable":true,"href":"https:\/\/gigionestrumentimusicali.it\/index.php\/wp-json\/wp\/v2\/product_cat?post=27991"},{"taxonomy":"product_tag","embeddable":true,"href":"https:\/\/gigionestrumentimusicali.it\/index.php\/wp-json\/wp\/v2\/product_tag?post=27991"}],"curies":[{"name":"wp","href":"https:\/\/api.w.org\/{rel}","templated":true}]}}