{"id":28010,"date":"2026-02-27T11:24:36","date_gmt":"2026-02-27T11:24:36","guid":{"rendered":"https:\/\/gigionestrumentimusicali.it\/index.php\/product\/markbass-mb-gv4-gloxy-3-tone-sunburst-passive\/"},"modified":"2026-04-15T13:47:03","modified_gmt":"2026-04-15T13:47:03","slug":"markbass-mb-gv4-gloxy-3-tone-sunburst-passive","status":"publish","type":"product","link":"https:\/\/gigionestrumentimusicali.it\/index.php\/product\/markbass-mb-gv4-gloxy-3-tone-sunburst-passive\/","title":{"rendered":"MARKBASS MB GV4 GLOXY 3 TONE SUNBURST PASSIVE"},"content":{"rendered":"<p>La GV Series \u00e8 la gamma di bassi che dimostrano la capacit\u00e0 di MarkBass di produrre uno strumento di alta qualit\u00e0 ad un prezzo incredibile. Questo risultato \u00e8 il risultato diretto dell&#8217;instancabile lavoro volto a confrontare la qualit\u00e0 e il prezzo di parti e materiali di un&#8217;ampia gamma di fornitori.<br \/>MarkBass ha scelto solo i migliori componenti per la serie Gloxy, mantenendo l&#8217;attenzione sull&#8217;eccellente rapporto qualit\u00e0-prezzo. Ogni strumento viene controllato per la qualit\u00e0 rispetto ai nostri rigorosi requisiti presso la nostra sede in Italia. I bassi della serie Gloxy ricevono lo stesso standard di cura e attenzione dei nostri strumenti di fascia alta.<br \/>I bassi Gloxy GV Passive utilizzano una circuiteria pi\u00f9 semplice rispetto alla versione attiva\/passiva, con un controllo del volume separato per ciascun pickup e un controllo del tono (filtro passa-basso) per attenuare gli alti. Il Gloxy GV Passive ti d\u00e0 un suono rotondo incisivo, grasso e puro dello strumento, con attacco naturale e dinamica sensibile al tocco.<br \/>Oltre al grande valore gi\u00e0 offerto dai bassi Gloxy, tutti gli strumenti di questa serie sono dotati della fantastica MB Bass Bag Universal per tenere al sicuro il tuo nuovo acquisto. Come tutti i prodotti Markbass, questa custodia \u00e8 realizzata secondo precisi standard qualitativi, senza compromessi e per offrire anche in questo caso molto di pi\u00f9.<\/p>\n<p>Caratteristiche<br \/>Formato: P Style<br \/>Body: Tiglio<br \/>Paletta: Mark double shape abbinata<br \/>Manico: Acero, bolt-on<br \/>Profilo: Comfort C<br \/>Tastiera: Acero<br \/>Tasti: 20<br \/>Intarsi: Rettangolari<br \/>Scala: 34&#8243;<br \/>Capotasto: 45mm<br \/>Spaziatura corde: 19mm<br \/>Pickup: Markbass JJ Style passivi<br \/>Colori: 3 Tone Sunburst<br \/>Accessori: Gig bag deluxe inclusa<\/p>\n","protected":false},"excerpt":{"rendered":"<p>La GV Series \u00e8 la gamma di bassi che dimostrano la capacit\u00e0 di MarkBass di produrre uno strumento di alta qualit\u00e0 ad un prezzo incredibile. Questo risultato \u00e8 il risultato diretto dell&#8217;instancabile lavoro volto a confrontare la qualit\u00e0 e il prezzo di parti e materiali di un&#8217;ampia gamma di fornitori.MarkBass ha scelto solo i migliori [&hellip;]<\/p>\n","protected":false},"featured_media":28015,"template":"","meta":{"site-sidebar-layout":"default","site-content-layout":"","ast-site-content-layout":"default","site-content-style":"default","site-sidebar-style":"default","ast-global-header-display":"","ast-banner-title-visibility":"","ast-main-header-display":"","ast-hfb-above-header-display":"","ast-hfb-below-header-display":"","ast-hfb-mobile-header-display":"","site-post-title":"","ast-breadcrumbs-content":"","ast-featured-img":"","footer-sml-layout":"","theme-transparent-header-meta":"","adv-header-id-meta":"","stick-header-meta":"","header-above-stick-meta":"","header-main-stick-meta":"","header-below-stick-meta":"","astra-migrate-meta-layouts":"default","ast-page-background-enabled":"default","ast-page-background-meta":{"desktop":{"background-color":"var(--ast-global-color-4)","background-image":"","background-repeat":"repeat","background-position":"center center","background-size":"auto","background-attachment":"scroll","background-type":"","background-media":"","overlay-type":"","overlay-color":"","overlay-opacity":"","overlay-gradient":""},"tablet":{"background-color":"","background-image":"","background-repeat":"repeat","background-position":"center center","background-size":"auto","background-attachment":"scroll","background-type":"","background-media":"","overlay-type":"","overlay-color":"","overlay-opacity":"","overlay-gradient":""},"mobile":{"background-color":"","background-image":"","background-repeat":"repeat","background-position":"center center","background-size":"auto","background-attachment":"scroll","background-type":"","background-media":"","overlay-type":"","overlay-color":"","overlay-opacity":"","overlay-gradient":""}},"ast-content-background-meta":{"desktop":{"background-color":"var(--ast-global-color-5)","background-image":"","background-repeat":"repeat","background-position":"center center","background-size":"auto","background-attachment":"scroll","background-type":"","background-media":"","overlay-type":"","overlay-color":"","overlay-opacity":"","overlay-gradient":""},"tablet":{"background-color":"var(--ast-global-color-5)","background-image":"","background-repeat":"repeat","background-position":"center center","background-size":"auto","background-attachment":"scroll","background-type":"","background-media":"","overlay-type":"","overlay-color":"","overlay-opacity":"","overlay-gradient":""},"mobile":{"background-color":"var(--ast-global-color-5)","background-image":"","background-repeat":"repeat","background-position":"center center","background-size":"auto","background-attachment":"scroll","background-type":"","background-media":"","overlay-type":"","overlay-color":"","overlay-opacity":"","overlay-gradient":""}}},"product_brand":[],"product_cat":[161],"product_tag":[],"class_list":{"0":"post-28010","1":"product","2":"type-product","3":"status-publish","4":"has-post-thumbnail","6":"product_cat-bassi-elettrici-a-4-corde","7":"desktop-align-left","8":"tablet-align-left","9":"mobile-align-left","11":"first","12":"instock","13":"taxable","14":"shipping-taxable","15":"purchasable","16":"product-type-simple"},"_links":{"self":[{"href":"https:\/\/gigionestrumentimusicali.it\/index.php\/wp-json\/wp\/v2\/product\/28010","targetHints":{"allow":["GET"]}}],"collection":[{"href":"https:\/\/gigionestrumentimusicali.it\/index.php\/wp-json\/wp\/v2\/product"}],"about":[{"href":"https:\/\/gigionestrumentimusicali.it\/index.php\/wp-json\/wp\/v2\/types\/product"}],"wp:featuredmedia":[{"embeddable":true,"href":"https:\/\/gigionestrumentimusicali.it\/index.php\/wp-json\/wp\/v2\/media\/28015"}],"wp:attachment":[{"href":"https:\/\/gigionestrumentimusicali.it\/index.php\/wp-json\/wp\/v2\/media?parent=28010"}],"wp:term":[{"taxonomy":"product_brand","embeddable":true,"href":"https:\/\/gigionestrumentimusicali.it\/index.php\/wp-json\/wp\/v2\/product_brand?post=28010"},{"taxonomy":"product_cat","embeddable":true,"href":"https:\/\/gigionestrumentimusicali.it\/index.php\/wp-json\/wp\/v2\/product_cat?post=28010"},{"taxonomy":"product_tag","embeddable":true,"href":"https:\/\/gigionestrumentimusicali.it\/index.php\/wp-json\/wp\/v2\/product_tag?post=28010"}],"curies":[{"name":"wp","href":"https:\/\/api.w.org\/{rel}","templated":true}]}}