{"id":28246,"date":"2026-03-14T16:24:32","date_gmt":"2026-03-14T16:24:32","guid":{"rendered":"https:\/\/gigionestrumentimusicali.it\/index.php\/product\/audio-technica-at-lp5x-giradischi-professionale-a-trazione-diretta-nero\/"},"modified":"2026-04-04T19:13:29","modified_gmt":"2026-04-04T19:13:29","slug":"audio-technica-at-lp5x-giradischi-professionale-a-trazione-diretta-nero","status":"publish","type":"product","link":"https:\/\/gigionestrumentimusicali.it\/index.php\/product\/audio-technica-at-lp5x-giradischi-professionale-a-trazione-diretta-nero\/","title":{"rendered":"AUDIO TECHNICA AT-LP5X GIRADISCHI PROFESSIONALE A TRAZIONE DIRETTA NERO"},"content":{"rendered":"<p>GIRADISCHI MANUALE A TRAZIONE DIRETTA<\/p>\n<p>Nato dall&#8217;esperienza di giradischi analogici di Audio-Technica, l&#8217;AT-LP5X ha il braccio a forma di J che si ispira ai classici modelli A-T degli anni &#8217;60 e &#8217;70. Questo giradischi LP5 di nuova concezione spinge le acclamate prestazioni del suo predecessore a nuovi livelli, con funzionalit\u00e0 aggiornate come la versatile cartuccia AT-VM95E e un interruttore del gain del preamplificatore che permette di utilizzare sia le cartucce a magnete mobile che a bobina mobile.<br \/>Il braccio a &#8220;J&#8221; ha un contrappeso regolabile e controllo anti-skate e monta la nota testina a doppio magnete (best seller di Audio-Technica) AT-VM95E. Il giradischi AT-LP5X \u00e8 progettato per limitare il feedback acustico a bassa frequenza ed \u00e8 costruito con materiali antivibranti e inserti di metallo. Il piatto \u00e8 in alluminio pressofuso, ha un tappetino di 5mm di spessore che isola e fornisce una superficie altamente stabile per i dischi di ogni formato ed \u00e8 collegato ad un motore silenzioso che garantisce una rotazione stabile sull&#8217;asse a 33-1\/3, 45 e 78 RPM. L&#8217;AT-LP5x \u00e8 dotato di un preamplificatore phono\/line, di un commutatore MM\/MC ed ha inoltre un&#8217;uscita USB per il collegamento diretto a un computer. Piedini regolabili e alimentatore esterno per ridurre le interferenze dell&#8217;elettronica interna.<br \/>Caratteristiche<br \/>Trazione diretta, motore a basso rumore<br \/>Funzionamento completamente manuale a tre velocit\u00e0: 33-1\/3, 45 e 78 RPM<br \/>Testina AT-VM95E a doppio magnete mobile e stilo sostituibile<br \/>Braccio progettato per ridurre al minimo gli errori di tracciamento<br \/>Preamplificatore integrato con selezione MM\/MC<br \/>Piatto in alluminio pressofuso, anti risonanza<br \/>Pesante tappetino in gomma<br \/>Alimentatore esterno<br \/>Accessori inclusi: Cavo stereo RCA, adattatore 45 RPM, cavo USB<br \/>Dimensioni: 450 x 352 x 157mm<br \/>Peso: 7,3kg<\/p>\n","protected":false},"excerpt":{"rendered":"<p>GIRADISCHI MANUALE A TRAZIONE DIRETTA Nato dall&#8217;esperienza di giradischi analogici di Audio-Technica, l&#8217;AT-LP5X ha il braccio a forma di J che si ispira ai classici modelli A-T degli anni &#8217;60 e &#8217;70. Questo giradischi LP5 di nuova concezione spinge le acclamate prestazioni del suo predecessore a nuovi livelli, con funzionalit\u00e0 aggiornate come la versatile cartuccia [&hellip;]<\/p>\n","protected":false},"featured_media":28247,"template":"","meta":{"site-sidebar-layout":"default","site-content-layout":"","ast-site-content-layout":"default","site-content-style":"default","site-sidebar-style":"default","ast-global-header-display":"","ast-banner-title-visibility":"","ast-main-header-display":"","ast-hfb-above-header-display":"","ast-hfb-below-header-display":"","ast-hfb-mobile-header-display":"","site-post-title":"","ast-breadcrumbs-content":"","ast-featured-img":"","footer-sml-layout":"","theme-transparent-header-meta":"","adv-header-id-meta":"","stick-header-meta":"","header-above-stick-meta":"","header-main-stick-meta":"","header-below-stick-meta":"","astra-migrate-meta-layouts":"default","ast-page-background-enabled":"default","ast-page-background-meta":{"desktop":{"background-color":"var(--ast-global-color-4)","background-image":"","background-repeat":"repeat","background-position":"center center","background-size":"auto","background-attachment":"scroll","background-type":"","background-media":"","overlay-type":"","overlay-color":"","overlay-opacity":"","overlay-gradient":""},"tablet":{"background-color":"","background-image":"","background-repeat":"repeat","background-position":"center center","background-size":"auto","background-attachment":"scroll","background-type":"","background-media":"","overlay-type":"","overlay-color":"","overlay-opacity":"","overlay-gradient":""},"mobile":{"background-color":"","background-image":"","background-repeat":"repeat","background-position":"center center","background-size":"auto","background-attachment":"scroll","background-type":"","background-media":"","overlay-type":"","overlay-color":"","overlay-opacity":"","overlay-gradient":""}},"ast-content-background-meta":{"desktop":{"background-color":"var(--ast-global-color-5)","background-image":"","background-repeat":"repeat","background-position":"center center","background-size":"auto","background-attachment":"scroll","background-type":"","background-media":"","overlay-type":"","overlay-color":"","overlay-opacity":"","overlay-gradient":""},"tablet":{"background-color":"var(--ast-global-color-5)","background-image":"","background-repeat":"repeat","background-position":"center center","background-size":"auto","background-attachment":"scroll","background-type":"","background-media":"","overlay-type":"","overlay-color":"","overlay-opacity":"","overlay-gradient":""},"mobile":{"background-color":"var(--ast-global-color-5)","background-image":"","background-repeat":"repeat","background-position":"center center","background-size":"auto","background-attachment":"scroll","background-type":"","background-media":"","overlay-type":"","overlay-color":"","overlay-opacity":"","overlay-gradient":""}}},"product_brand":[],"product_cat":[495],"product_tag":[],"class_list":{"0":"post-28246","1":"product","2":"type-product","3":"status-publish","4":"has-post-thumbnail","6":"product_cat-giradischi","7":"desktop-align-left","8":"tablet-align-left","9":"mobile-align-left","11":"first","12":"instock","13":"taxable","14":"shipping-taxable","15":"purchasable","16":"product-type-simple"},"_links":{"self":[{"href":"https:\/\/gigionestrumentimusicali.it\/index.php\/wp-json\/wp\/v2\/product\/28246","targetHints":{"allow":["GET"]}}],"collection":[{"href":"https:\/\/gigionestrumentimusicali.it\/index.php\/wp-json\/wp\/v2\/product"}],"about":[{"href":"https:\/\/gigionestrumentimusicali.it\/index.php\/wp-json\/wp\/v2\/types\/product"}],"wp:featuredmedia":[{"embeddable":true,"href":"https:\/\/gigionestrumentimusicali.it\/index.php\/wp-json\/wp\/v2\/media\/28247"}],"wp:attachment":[{"href":"https:\/\/gigionestrumentimusicali.it\/index.php\/wp-json\/wp\/v2\/media?parent=28246"}],"wp:term":[{"taxonomy":"product_brand","embeddable":true,"href":"https:\/\/gigionestrumentimusicali.it\/index.php\/wp-json\/wp\/v2\/product_brand?post=28246"},{"taxonomy":"product_cat","embeddable":true,"href":"https:\/\/gigionestrumentimusicali.it\/index.php\/wp-json\/wp\/v2\/product_cat?post=28246"},{"taxonomy":"product_tag","embeddable":true,"href":"https:\/\/gigionestrumentimusicali.it\/index.php\/wp-json\/wp\/v2\/product_tag?post=28246"}],"curies":[{"name":"wp","href":"https:\/\/api.w.org\/{rel}","templated":true}]}}