{"id":9606,"date":"2024-10-28T11:08:52","date_gmt":"2024-10-28T11:08:52","guid":{"rendered":"https:\/\/gigionestrumentimusicali.it\/index.php\/product\/yamaha-np-32-piaggero-black\/"},"modified":"2026-04-14T23:15:27","modified_gmt":"2026-04-14T23:15:27","slug":"yamaha-np-32-piaggero-black","status":"publish","type":"product","link":"https:\/\/gigionestrumentimusicali.it\/index.php\/product\/yamaha-np-32-piaggero-black\/","title":{"rendered":"YAMAHA NP-32 PIAGGERO BLACK"},"content":{"rendered":"<p>  Pianoforte compatto portatile con design affusolato e funzioni semplici Proprio  come un pianoforte acustico tradizionale, i tasti delle note gravi hanno un tocco  pi\u00f9 pesanti mentre i tasti delle note acute hanno un tocco pi\u00f9 leggero. La sensibilit\u00e0  della tastiera pu\u00f2 essere regolata per adattarla al proprio stile. La tecnologia  Graded Hammer permette a questo strumento leggero di offrire un tocco autentico.<\/p>\n","protected":false},"excerpt":{"rendered":"<p>TASTIERA DINAMICA 76 TASTI<\/p>\n<p>Un suono raffinato in uno strumento compatto e leggero &#8211; le tastiere portatili Piaggero NP sono una combinazione ideale di eleganza e semplicit&agrave;. Sviluppate in base agli elementi essenziali che consentono di concentrarsi sull&#8217;esecuzione, le tastiere della serie NP si concentrano sull&#8217;ispirazione e sul piacere di suonare un pianoforte, e presentano il suobo puro di uno dei migliori pianoforti a coda che la Yamaha abbia mai fatto.<br \/>Caratteristiche principali<br \/>Tastiera: 76 tasti piano-style<br \/>Polifonia: 64 voci<br \/>Amplificatore: 6W + 6W<br \/>Speaker: (12cm x 6cm) x2<br \/>Alimentazione: Alimentatore PA-150 o 6x Batterie AA<br \/>Silhouette compatta ed elegante<br \/>Suoni di alta qualit&agrave;, dotato di ricchi suoni campionati da uno dei migliori pianoforti da concerto Yamaha<br \/>Vasta gamma di app come Digital Piano Controller, Metronome, e NoteStar<br \/>Si pu&ograve; collegare facilmente un dispositivo iOS alla porta USB TO HOST, o in modalit&agrave; wireless con il modulo UD-BT01 (opzionale)<br \/>Il pulsante Record consente di registrare facilmente le tue esecuzioni<br \/>NOTA*: Adattatore Camera Lightning non incluso<br \/>Colore: Nero<br \/>Dimensioni: 1244 x H105 x 259mm<br \/>Peso: 5,7kg<\/p>\n","protected":false},"featured_media":9605,"template":"","meta":{"site-sidebar-layout":"default","site-content-layout":"","ast-site-content-layout":"default","site-content-style":"default","site-sidebar-style":"default","ast-global-header-display":"","ast-banner-title-visibility":"","ast-main-header-display":"","ast-hfb-above-header-display":"","ast-hfb-below-header-display":"","ast-hfb-mobile-header-display":"","site-post-title":"","ast-breadcrumbs-content":"","ast-featured-img":"","footer-sml-layout":"","theme-transparent-header-meta":"","adv-header-id-meta":"","stick-header-meta":"","header-above-stick-meta":"","header-main-stick-meta":"","header-below-stick-meta":"","astra-migrate-meta-layouts":"default","ast-page-background-enabled":"default","ast-page-background-meta":{"desktop":{"background-color":"var(--ast-global-color-4)","background-image":"","background-repeat":"repeat","background-position":"center center","background-size":"auto","background-attachment":"scroll","background-type":"","background-media":"","overlay-type":"","overlay-color":"","overlay-opacity":"","overlay-gradient":""},"tablet":{"background-color":"","background-image":"","background-repeat":"repeat","background-position":"center center","background-size":"auto","background-attachment":"scroll","background-type":"","background-media":"","overlay-type":"","overlay-color":"","overlay-opacity":"","overlay-gradient":""},"mobile":{"background-color":"","background-image":"","background-repeat":"repeat","background-position":"center center","background-size":"auto","background-attachment":"scroll","background-type":"","background-media":"","overlay-type":"","overlay-color":"","overlay-opacity":"","overlay-gradient":""}},"ast-content-background-meta":{"desktop":{"background-color":"var(--ast-global-color-5)","background-image":"","background-repeat":"repeat","background-position":"center center","background-size":"auto","background-attachment":"scroll","background-type":"","background-media":"","overlay-type":"","overlay-color":"","overlay-opacity":"","overlay-gradient":""},"tablet":{"background-color":"var(--ast-global-color-5)","background-image":"","background-repeat":"repeat","background-position":"center center","background-size":"auto","background-attachment":"scroll","background-type":"","background-media":"","overlay-type":"","overlay-color":"","overlay-opacity":"","overlay-gradient":""},"mobile":{"background-color":"var(--ast-global-color-5)","background-image":"","background-repeat":"repeat","background-position":"center center","background-size":"auto","background-attachment":"scroll","background-type":"","background-media":"","overlay-type":"","overlay-color":"","overlay-opacity":"","overlay-gradient":""}}},"product_brand":[],"product_cat":[675],"product_tag":[776],"class_list":{"0":"post-9606","1":"product","2":"type-product","3":"status-publish","4":"has-post-thumbnail","6":"product_cat-pianoforti-digitali","7":"product_tag-yamaha","8":"desktop-align-left","9":"tablet-align-left","10":"mobile-align-left","12":"first","13":"instock","14":"taxable","15":"shipping-taxable","16":"purchasable","17":"product-type-simple"},"_links":{"self":[{"href":"https:\/\/gigionestrumentimusicali.it\/index.php\/wp-json\/wp\/v2\/product\/9606","targetHints":{"allow":["GET"]}}],"collection":[{"href":"https:\/\/gigionestrumentimusicali.it\/index.php\/wp-json\/wp\/v2\/product"}],"about":[{"href":"https:\/\/gigionestrumentimusicali.it\/index.php\/wp-json\/wp\/v2\/types\/product"}],"wp:featuredmedia":[{"embeddable":true,"href":"https:\/\/gigionestrumentimusicali.it\/index.php\/wp-json\/wp\/v2\/media\/9605"}],"wp:attachment":[{"href":"https:\/\/gigionestrumentimusicali.it\/index.php\/wp-json\/wp\/v2\/media?parent=9606"}],"wp:term":[{"taxonomy":"product_brand","embeddable":true,"href":"https:\/\/gigionestrumentimusicali.it\/index.php\/wp-json\/wp\/v2\/product_brand?post=9606"},{"taxonomy":"product_cat","embeddable":true,"href":"https:\/\/gigionestrumentimusicali.it\/index.php\/wp-json\/wp\/v2\/product_cat?post=9606"},{"taxonomy":"product_tag","embeddable":true,"href":"https:\/\/gigionestrumentimusicali.it\/index.php\/wp-json\/wp\/v2\/product_tag?post=9606"}],"curies":[{"name":"wp","href":"https:\/\/api.w.org\/{rel}","templated":true}]}}